12-22 13:47:52.336 3296 3346 W WindowManager: at android.content.res.TypedArray.getLayoutDimension(TypedArray.java:771)
12-22 13:47:52.336 3296 3346 W WindowManager: at android.view.ViewGroup$LayoutParams.setBaseAttributes(ViewGroup.java:7555)
12-22 13:47:52.336 3296 3346 W WindowManager: at android.view.ViewGroup$MarginLayoutParams.(ViewGroup.java:7746)
12-22 13:47:52.336 3296 3346 W WindowManager: at android.widget.LinearLayout$LayoutParams.(LinearLayout.java:1976)
12-22 13:47:52.336 3296 3346 W WindowManager: at android.widget.LinearLayout.generateLayoutParams(LinearLayout.java:1874)
12-22 13:47:52.336 3296 3346 W WindowManager: at android.widget.LinearLayout.generateLayoutParams(LinearLayout.java:1872)
12-22 13:47:52.336 3296 3346 W WindowManager: at android.view.LayoutInflater.rInflate(LayoutInflater.java:865)
12-22 13:47:52.336 3296 3346 W WindowManager: at android.view.LayoutInflater.rInflateChildren(LayoutInflater.java:824)
12-22 13:47:52.336 3296 3346 W WindowManager: at android.view.LayoutInflater.inflate(LayoutInflater.java:515)
12-22 13:47:52.336 3296 3346 W WindowManager: at android.view.LayoutInflater.inflate(LayoutInflater.java:423)
12-22 13:47:52.336 3296 3346 W WindowManager: at android.view.LayoutInflater.inflate(LayoutInflater.java:374)
12-22 13:47:52.336 3296 3346 W WindowManager: at com.android.internal.policy.DecorView.onResourcesLoaded(DecorView.java:1933)
12-22 13:47:52.336 3296 3346 W WindowManager: at com.android.internal.policy.PhoneWindow.generateLayout(PhoneWindow.java:2586)
12-22 13:47:52.336 3296 3346 W WindowManager: at com.android.internal.policy.PhoneWindow.installDecor(PhoneWindow.java:2659)
12-22 13:47:52.336 3296 3346 W WindowManager: at com.android.internal.policy.PhoneWindow.getDecorView(PhoneWindow.java:2067)
12-22 13:47:52.336 3296 3346 W WindowManager: at com.android.server.policy.PhoneWindowManager.addSplashScreen(PhoneWindowManager.java:3393)
12-22 13:47:52.336 3296 3346 W WindowManager: at com.android.server.wm.SplashScreenStartingData.createStartingSurface(SplashScreenStartingData.java:55)
12-22 13:47:52.336 3296 3346 W WindowManager: at com.android.server.wm.AppWindowContainerController.lambda$-com_android_server_wm_AppWindowContainerController_4735(AppWindowContainerController.java:145)
12-22 13:47:52.336 3296 3346 W WindowManager: at com.android.server.wm.-$Lambda$aEpJ2RCAIjecjyIIYTv6ricEwh4.$m$4(Unknown Source:4)
12-22 13:47:52.336 3296 3346 W WindowManager: at com.android.server.wm.-$Lambda$aEpJ2RCAIjecjyIIYTv6ricEwh4.run(Unknown Source:27)
12-22 13:47:52.336 3296 3346 W WindowManager: at android.os.Handler.handleCallback(Handler.java:790)
12-22 13:47:52.336 3296 3346 W WindowManager: at android.os.Handler.dispatchMessage(Handler.java:99)
12-22 13:47:52.336 3296 3346 W WindowManager: at android.os.Looper.loop(Looper.java:164)
12-22 13:47:52.336 3296 3346 W WindowManager: at android.os.HandlerThread.run(HandlerThread.java:65)
12-22 13:47:52.336 3296 3346 W WindowManager: at com.android.server.ServiceThread.run(ServiceThread.java:46)
12-22 13:47:52.356 3183 3249 D AudioFlinger: mixer(0xad083580) throttle end: throttle time(22)
12-22 13:47:52.378 3296 3307 I ActivityManager: Start proc 5595:com.dailyroads.v.pro/u0a86 for activity com.dailyroads.v.pro/.Launch
12-22 13:47:52.467 3296 3592 W ActivityManager: Slow operation: 71ms so far, now at attachApplicationLocked: after mServices.attachApplicationLocked
12-22 13:47:52.511 5595 5595 I MultiDex: VM with version 2.1.0 has multidex support
12-22 13:47:52.511 5595 5595 I MultiDex: Installing application
12-22 13:47:52.511 5595 5595 I MultiDex: VM has multidex support, MultiDex support library is disabled.
12-22 13:47:52.586 5595 5595 D NetworkSecurityConfig: No Network Security Config specified, using platform default
12-22 13:47:52.596 3296 5614 D OpenGLRenderer: HWUI GL Pipeline
12-22 13:47:52.597 3296 5614 D vndksupport: Loading /vendor/lib/egl/libGLES_mali.so from current namespace instead of sphal namespace.
12-22 13:47:52.638 3296 5614 D libEGL : loaded /vendor/lib/egl/libGLES_mali.so
12-22 13:47:52.646 5595 5595 I FIAM.Headless: Starting InAppMessaging runtime with Instance ID dyc0VKHD1lY
12-22 13:47:52.661 5595 5595 W Settings: Setting airplane_mode_on has moved from android.provider.Settings.System to android.provider.Settings.Global, returning read-only value.
12-22 13:47:52.689 5595 5595 D FirebaseApp: com.google.firebase.auth.FirebaseAuth is not linked. Skipping initialization.
12-22 13:47:52.689 5595 5595 D FirebaseApp: com.google.firebase.crash.FirebaseCrash is not linked. Skipping initialization.
12-22 13:47:52.690 5595 5595 I FirebaseInitProvider: FirebaseApp initialization successful
12-22 13:47:52.736 5595 5634 D vndksupport: Loading /vendor/lib/egl/libGLES_mali.so from current namespace instead of sphal namespace.
12-22 13:47:52.741 3761 3773 I zygote : Background concurrent copying GC freed 129641(7MB) AllocSpace objects, 22(556KB) LOS objects, 49% free, 7MB/15MB, paused 116us total 141.950ms
12-22 13:47:52.758 3296 5614 I : PLATFORM VERSION : JB-MR-2
12-22 13:47:52.758 3296 5614 D vndksupport: Loading /vendor/lib/hw/gralloc.exynos5.so from current namespace instead of sphal namespace.
12-22 13:47:52.763 5595 5595 D y : Get boolean:license_accepted true
12-22 13:47:52.765 3296 5614 I system_server: android::hardware::configstore::V1_0::ISurfaceFlingerConfigs::hasWideColorDisplay retrieved: 0
12-22 13:47:52.765 3296 5614 I OpenGLRenderer: Initialized EGL, version 1.4
12-22 13:47:52.765 3296 5614 D OpenGLRenderer: Swap behavior 1
12-22 13:47:52.766 5595 5634 D libEGL : loaded /vendor/lib/egl/libGLES_mali.so
12-22 13:47:52.767 3296 4191 I ActivityManager: START u0 {cmp=com.dailyroads.v.pro/com.dailyroads.activities.IntroActivity} from uid 10086
12-22 13:47:52.779 5595 5611 I FA : App measurement is starting up, version: 14710
12-22 13:47:52.779 5595 5611 I FA : To enable debug logging run: adb shell setprop log.tag.FA VERBOSE
12-22 13:47:52.780 5595 5611 I FA : To enable faster debug mode event logging run:
12-22 13:47:52.780 5595 5611 I FA : adb shell setprop debug.firebase.analytics.app com.dailyroads.v.pro
12-22 13:47:52.783 3296 5614 D vndksupport: Loading /vendor/lib/hw/android.hardware.graphics.mapper@2.0-impl.so from current namespace instead of sphal namespace.
12-22 13:47:52.784 3296 5614 D vndksupport: Loading /vendor/lib/hw/gralloc.exynos5.so from current namespace instead of sphal namespace.
12-22 13:47:52.788 3296 5614 D vndksupport: Loading /vendor/lib/hw/android.hardware.graphics.allocator@2.0-impl.so from current namespace instead of sphal namespace.
12-22 13:47:52.789 3296 5614 D vndksupport: Loading /vendor/lib/hw/gralloc.exynos5.so from current namespace instead of sphal namespace.
12-22 13:47:52.814 3296 3346 W WindowManager: Token{aa9ade0 ActivityRecord{ae5dfe3 u0 com.dailyroads.v.pro/com.dailyroads.activities.IntroActivity t206}} failed creating starting window
12-22 13:47:52.814 3296 3346 W WindowManager: android.view.InflateException: Binary XML file line #32: Failed to resolve attribute at index 1: TypedValue{t=0x2/d=0x101005a a=-1}
12-22 13:47:52.814 3296 3346 W WindowManager: Caused by: java.lang.UnsupportedOperationException: Failed to resolve attribute at index 1: TypedValue{t=0x2/d=0x101005a a=-1}
12-22 13:47:52.814 3296 3346 W WindowManager: at android.content.res.TypedArray.getLayoutDimension(TypedArray.java:771)
12-22 13:47:52.814 3296 3346 W WindowManager: at android.view.ViewGroup$LayoutParams.setBaseAttributes(ViewGroup.java:7555)
12-22 13:47:52.814 3296 3346 W WindowManager: at android.view.ViewGroup$MarginLayoutParams.(ViewGroup.java:7746)
12-22 13:47:52.814 3296 3346 W WindowManager: at android.widget.LinearLayout$LayoutParams.(LinearLayout.java:1976)
12-22 13:47:52.814 3296 3346 W WindowManager: at android.widget.LinearLayout.generateLayoutParams(LinearLayout.java:1874)
12-22 13:47:52.814 3296 3346 W WindowManager: at android.widget.LinearLayout.generateLayoutParams(LinearLayout.java:1872)
12-22 13:47:52.814 3296 3346 W WindowManager: at android.view.LayoutInflater.rInflate(LayoutInflater.java:865)
12-22 13:47:52.814 3296 3346 W WindowManager: at android.view.LayoutInflater.rInflateChildren(LayoutInflater.java:824)
12-22 13:47:52.814 3296 3346 W WindowManager: at android.view.LayoutInflater.inflate(LayoutInflater.java:515)
12-22 13:47:52.814 3296 3346 W WindowManager: at android.view.LayoutInflater.inflate(LayoutInflater.java:423)
12-22 13:47:52.814 3296 3346 W WindowManager: at android.view.LayoutInflater.inflate(LayoutInflater.java:374)
12-22 13:47:52.814 3296 3346 W WindowManager: at com.android.internal.policy.DecorView.onResourcesLoaded(DecorView.java:1933)
12-22 13:47:52.814 3296 3346 W WindowManager: at com.android.internal.policy.PhoneWindow.generateLayout(PhoneWindow.java:2586)
12-22 13:47:52.814 3296 3346 W WindowManager: at com.android.internal.policy.PhoneWindow.installDecor(PhoneWindow.java:2659)
12-22 13:47:52.814 3296 3346 W WindowManager: at com.android.internal.policy.PhoneWindow.getDecorView(PhoneWindow.java:2067)
12-22 13:47:52.814 3296 3346 W WindowManager: at com.android.server.policy.PhoneWindowManager.addSplashScreen(PhoneWindowManager.java:3393)
12-22 13:47:52.814 3296 3346 W WindowManager: at com.android.server.wm.SplashScreenStartingData.createStartingSurface(SplashScreenStartingData.java:55)
12-22 13:47:52.814 3296 3346 W WindowManager: at com.android.server.wm.AppWindowContainerController.lambda$-com_android_server_wm_AppWindowContainerController_4735(AppWindowContainerController.java:145)
12-22 13:47:52.814 3296 3346 W WindowManager: at com.android.server.wm.-$Lambda$aEpJ2RCAIjecjyIIYTv6ricEwh4.$m$4(Unknown Source:4)
12-22 13:47:52.814 3296 3346 W WindowManager: at com.android.server.wm.-$Lambda$aEpJ2RCAIjecjyIIYTv6ricEwh4.run(Unknown Source:27)
12-22 13:47:52.814 3296 3346 W WindowManager: at android.os.Handler.handleCallback(Handler.java:790)
12-22 13:47:52.814 3296 3346 W WindowManager: at android.os.Handler.dispatchMessage(Handler.java:99)
12-22 13:47:52.814 3296 3346 W WindowManager: at android.os.Looper.loop(Looper.java:164)
12-22 13:47:52.814 3296 3346 W WindowManager: at android.os.HandlerThread.run(HandlerThread.java:65)
12-22 13:47:52.814 3296 3346 W WindowManager: at com.android.server.ServiceThread.run(ServiceThread.java:46)
12-22 13:47:52.972 5595 5595 I FIAM.Headless: Setting display event listener
12-22 13:47:52.987 5595 5595 I FIAM.Headless: went foreground
12-22 13:47:52.990 5595 5619 I FIAM.Headless: Forcing fetch from service rather than cache. Test Device: false | App Fresh Install: true
12-22 13:47:52.993 5595 5619 W FIAM.Headless: Recoverable exception while reading cache: /data/user/0/com.dailyroads.v.pro/files/fiam_impressions_store_file (No such file or directory)
12-22 13:47:52.994 3296 4845 I ActivityManager: START u0 {cmp=com.dailyroads.v.pro/com.dailyroads.activities.Voyager} from uid 10086
12-22 13:47:52.997 5595 5619 I FIAM.Headless: Fetching campaigns from service.
12-22 13:47:52.999 5595 5611 I FA : Tag Manager is not found and thus will not be used
12-22 13:47:53.026 3296 3346 W WindowManager: Token{be02f37 ActivityRecord{800c436 u0 com.dailyroads.v.pro/com.dailyroads.activities.Voyager t206}} failed creating starting window
12-22 13:47:53.026 3296 3346 W WindowManager: android.view.InflateException: Binary XML file line #32: Failed to resolve attribute at index 1: TypedValue{t=0x2/d=0x101005a a=-1}
12-22 13:47:53.026 3296 3346 W WindowManager: Caused by: java.lang.UnsupportedOperationException: Failed to resolve attribute at index 1: TypedValue{t=0x2/d=0x101005a a=-1}
12-22 13:47:53.026 3296 3346 W WindowManager: at android.content.res.TypedArray.getLayoutDimension(TypedArray.java:771)
12-22 13:47:53.026 3296 3346 W WindowManager: at android.view.ViewGroup$LayoutParams.setBaseAttributes(ViewGroup.java:7555)
12-22 13:47:53.026 3296 3346 W WindowManager: at android.view.ViewGroup$MarginLayoutParams.(ViewGroup.java:7746)
12-22 13:47:53.026 3296 3346 W WindowManager: at android.widget.LinearLayout$LayoutParams.(LinearLayout.java:1976)
12-22 13:47:53.026 3296 3346 W WindowManager: at android.widget.LinearLayout.generateLayoutParams(LinearLayout.java:1874)
12-22 13:47:53.026 3296 3346 W WindowManager: at android.widget.LinearLayout.generateLayoutParams(LinearLayout.java:1872)
12-22 13:47:53.026 3296 3346 W WindowManager: at android.view.LayoutInflater.rInflate(LayoutInflater.java:865)
12-22 13:47:53.026 3296 3346 W WindowManager: at android.view.LayoutInflater.rInflateChildren(LayoutInflater.java:824)
12-22 13:47:53.026 3296 3346 W WindowManager: at android.view.LayoutInflater.inflate(LayoutInflater.java:515)
12-22 13:47:53.026 3296 3346 W WindowManager: at android.view.LayoutInflater.inflate(LayoutInflater.java:423)
12-22 13:47:53.026 3296 3346 W WindowManager: at android.view.LayoutInflater.inflate(LayoutInflater.java:374)
12-22 13:47:53.026 3296 3346 W WindowManager: at com.android.internal.policy.DecorView.onResourcesLoaded(DecorView.java:1933)
12-22 13:47:53.026 3296 3346 W WindowManager: at com.android.internal.policy.PhoneWindow.generateLayout(PhoneWindow.java:2586)
12-22 13:47:53.026 3296 3346 W WindowManager: at com.android.internal.policy.PhoneWindow.installDecor(PhoneWindow.java:2659)
12-22 13:47:53.026 3296 3346 W WindowManager: at com.android.internal.policy.PhoneWindow.getDecorView(PhoneWindow.java:2067)
12-22 13:47:53.026 3296 3346 W WindowManager: at com.android.server.policy.PhoneWindowManager.addSplashScreen(PhoneWindowManager.java:3393)
12-22 13:47:53.026 3296 3346 W WindowManager: at com.android.server.wm.SplashScreenStartingData.createStartingSurface(SplashScreenStartingData.java:55)
12-22 13:47:53.026 3296 3346 W WindowManager: at com.android.server.wm.AppWindowContainerController.lambda$-com_android_server_wm_AppWindowContainerController_4735(AppWindowContainerController.java:145)
12-22 13:47:53.026 3296 3346 W WindowManager: at com.android.server.wm.-$Lambda$aEpJ2RCAIjecjyIIYTv6ricEwh4.$m$4(Unknown Source:4)
12-22 13:47:53.026 3296 3346 W WindowManager: at com.android.server.wm.-$Lambda$aEpJ2RCAIjecjyIIYTv6ricEwh4.run(Unknown Source:27)
12-22 13:47:53.026 3296 3346 W WindowManager: at android.os.Handler.handleCallback(Handler.java:790)
12-22 13:47:53.026 3296 3346 W WindowManager: at android.os.Handler.dispatchMessage(Handler.java:99)
12-22 13:47:53.026 3296 3346 W WindowManager: at android.os.Looper.loop(Looper.java:164)
12-22 13:47:53.026 3296 3346 W WindowManager: at android.os.HandlerThread.run(HandlerThread.java:65)
12-22 13:47:53.026 3296 3346 W WindowManager: at com.android.server.ServiceThread.run(ServiceThread.java:46)
12-22 13:47:53.093 5595 5595 I FIAM.Headless: Removing display event listener
12-22 13:47:53.190 3190 3646 D Camera_Factory: CameraFactory::get_camera_info
12-22 13:47:53.190 3190 3646 D Camera_Factory: CameraFactory::getCameraInfo: id = 0, info = 0xb0402520
12-22 13:47:53.190 3190 3646 D Camera_Factory: CameraFactory::getCameraNum: 1
12-22 13:47:53.190 3190 3646 D CameraHardware: CameraHardware::getCameraInfo
12-22 13:47:53.253 5595 5595 I AppCompatViewInflater: app:theme is now deprecated. Please move to using android:theme instead.
12-22 13:47:53.346 5595 5595 D IabHelper: IAB helper created.
12-22 13:47:53.346 5595 5595 D IabHelper: Starting in-app billing setup.
12-22 13:47:53.392 5595 5595 I FIAM.Headless: Setting display event listener
12-22 13:47:53.402 3911 3911 D BoundBrokerSvc: onUnbind: Intent { act=com.google.android.gms.feedback.internal.IFeedbackService cmp=com.google.android.gms/.chimera.GmsBoundBrokerService }
12-22 13:47:53.433 5595 5619 W FIAM.Headless: Service fetch error: PERMISSION_DENIED: Firebase In-App Messaging API has not been used in project 812702045943 before or it is disabled. Enable it by visiting https://console.developers.google.com/apis/api/firebaseinappmessaging.googleapis.com/overview?project=812702045943 then retry. If you enabled this API recently, wait a few minutes for the action to propagate to our systems and retry.
12-22 13:47:53.498 5595 5660 D OpenGLRenderer: HWUI GL Pipeline
12-22 13:47:53.525 5595 5595 D IabHelper: Billing service connected.
12-22 13:47:53.525 5595 5595 D IabHelper: Checking for in-app billing 3 support.
12-22 13:47:53.551 4660 4673 I Finsky : [128] irv.a(13): com.dailyroads.v.pro: Account determined from installer data - [ajWkppanizvR6bTSz4OYc5PdexDyVqJkeekeYs-JLLg]
12-22 13:47:53.557 4660 4673 I Finsky : [128] irv.a(55): Billing preferred account via installer for com.dailyroads.v.pro: [ajWkppanizvR6bTSz4OYc5PdexDyVqJkeekeYs-JLLg]
12-22 13:47:53.566 5595 5595 D IabHelper: In-app billing version 3 supported for com.dailyroads.v.pro
12-22 13:47:53.568 4660 5217 I Finsky : [191] irv.a(13): com.dailyroads.v.pro: Account determined from installer data - [ajWkppanizvR6bTSz4OYc5PdexDyVqJkeekeYs-JLLg]
12-22 13:47:53.573 4660 5217 I Finsky : [191] irv.a(55): Billing preferred account via installer for com.dailyroads.v.pro: [ajWkppanizvR6bTSz4OYc5PdexDyVqJkeekeYs-JLLg]
12-22 13:47:53.584 5595 5595 D IabHelper: Subscriptions AVAILABLE.
12-22 13:47:53.584 5595 5595 D IabHelper: Starting async operation: refresh inventory
12-22 13:47:53.586 5595 5661 D IabHelper: Querying owned items, item type: inapp
12-22 13:47:53.586 5595 5661 D IabHelper: Package name: com.dailyroads.v.pro
12-22 13:47:53.586 5595 5661 D IabHelper: Calling getPurchases with continuation token: null
12-22 13:47:53.593 4660 5217 I Finsky : [191] irv.a(13): com.dailyroads.v.pro: Account determined from installer data - [ajWkppanizvR6bTSz4OYc5PdexDyVqJkeekeYs-JLLg]
12-22 13:47:53.597 4660 5217 I Finsky : [191] irv.a(55): Billing preferred account via installer for com.dailyroads.v.pro: [ajWkppanizvR6bTSz4OYc5PdexDyVqJkeekeYs-JLLg]
12-22 13:47:53.606 5595 5661 D IabHelper: Owned items response: 0
12-22 13:47:53.606 5595 5661 D IabHelper: Continuation token: null
12-22 13:47:53.606 5595 5661 D IabHelper: Querying SKU details.
12-22 13:47:53.614 4660 5217 I Finsky : [191] irv.a(13): com.dailyroads.v.pro: Account determined from installer data - [ajWkppanizvR6bTSz4OYc5PdexDyVqJkeekeYs-JLLg]
12-22 13:47:53.618 4660 5217 I Finsky : [191] irv.a(55): Billing preferred account via installer for com.dailyroads.v.pro: [ajWkppanizvR6bTSz4OYc5PdexDyVqJkeekeYs-JLLg]
12-22 13:47:53.668 5595 5660 I : PLATFORM VERSION : JB-MR-2
12-22 13:47:53.669 5595 5660 D vndksupport: Loading /vendor/lib/hw/gralloc.exynos5.so from current namespace instead of sphal namespace.
12-22 13:47:53.677 5595 5660 I com.dailyroads.v.pro: android::hardware::configstore::V1_0::ISurfaceFlingerConfigs::hasWideColorDisplay retrieved: 0
12-22 13:47:53.678 5595 5660 I OpenGLRenderer: Initialized EGL, version 1.4
12-22 13:47:53.678 5595 5660 D OpenGLRenderer: Swap behavior 1
12-22 13:47:53.713 5595 5661 D IabHelper: Got sku details: SkuDetails:{"productId":"ovrl_100","type":"inapp","price":"£1.99","price_amount_micros":1990000,"price_currency_code":"GBP","title":"100 video conversion credits (DailyRoads Voyager Pro)","description":"100 video conversion credits","skuDetailsToken":"AEuhp4JU5SiKvk0dHHqzxudmXzOIBYmG0bbNOFCSObvjpPEIZZcWFk53iOnCO3gHk4A="}
12-22 13:47:53.713 5595 5661 D IabHelper: Got sku details: SkuDetails:{"productId":"ovrl_50","type":"inapp","price":"£1.49","price_amount_micros":1490000,"price_currency_code":"GBP","title":"50 video conversion credits (DailyRoads Voyager Pro)","description":"50 video conversion credits","skuDetailsToken":"AEuhp4IQZr-4Vrm-2BDhxFoRySFn71b0EVpK2YeL-B8UaoH5thhtcjkAFPsPwddRDV8="}
12-22 13:47:53.713 5595 5661 D IabHelper: Got sku details: SkuDetails:{"productId":"ovrl_month","type":"inapp","price":"£1.49","price_amount_micros":1490000,"price_currency_code":"GBP","title":"unlimited video credits for 30 days (DailyRoads Voyager Pro)","description":"unlimited number of video conversions for 30 days","skuDetailsToken":"AEuhp4L9p994EAH9tHcJCGXFQBnEASa4am8NmSI5ACbAK0DFc2HXNwINuJpHuq8ZoJE="}
12-22 13:47:53.713 5595 5661 D IabHelper: Querying owned items, item type: subs
12-22 13:47:53.713 5595 5661 D IabHelper: Package name: com.dailyroads.v.pro
12-22 13:47:53.713 5595 5661 D IabHelper: Calling getPurchases with continuation token: null
12-22 13:47:53.718 4660 5217 I Finsky : [191] irv.a(13): com.dailyroads.v.pro: Account determined from installer data - [ajWkppanizvR6bTSz4OYc5PdexDyVqJkeekeYs-JLLg]
12-22 13:47:53.721 4660 5217 I Finsky : [191] irv.a(55): Billing preferred account via installer for com.dailyroads.v.pro: [ajWkppanizvR6bTSz4OYc5PdexDyVqJkeekeYs-JLLg]
12-22 13:47:53.725 5595 5661 D IabHelper: Owned items response: 0
12-22 13:47:53.725 5595 5661 D IabHelper: Continuation token: null
12-22 13:47:53.725 5595 5661 D IabHelper: Querying SKU details.
12-22 13:47:53.728 4660 4673 I Finsky : [128] irv.a(13): com.dailyroads.v.pro: Account determined from installer data - [ajWkppanizvR6bTSz4OYc5PdexDyVqJkeekeYs-JLLg]
12-22 13:47:53.732 4660 4673 I Finsky : [128] irv.a(55): Billing preferred account via installer for com.dailyroads.v.pro: [ajWkppanizvR6bTSz4OYc5PdexDyVqJkeekeYs-JLLg]
12-22 13:47:53.737 5595 5660 D vndksupport: Loading /vendor/lib/hw/android.hardware.graphics.mapper@2.0-impl.so from current namespace instead of sphal namespace.
12-22 13:47:53.738 5595 5660 D vndksupport: Loading /vendor/lib/hw/gralloc.exynos5.so from current namespace instead of sphal namespace.
12-22 13:47:53.748 3190 3646 I CameraService: CameraService::connect call (PID -1 "com.dailyroads.v.pro", camera ID 0) for HAL version default and Camera API version 1
12-22 13:47:53.749 3190 3646 D Camera_Factory: CameraFactory::get_camera_info
12-22 13:47:53.749 3190 3646 D Camera_Factory: CameraFactory::getCameraInfo: id = 0, info = 0xb04023d8
12-22 13:47:53.750 3190 3646 D Camera_Factory: CameraFactory::getCameraNum: 1
12-22 13:47:53.750 3190 3646 D CameraHardware: CameraHardware::getCameraInfo
12-22 13:47:53.750 3190 3646 D NuPlayerDriver: NuPlayerDriver(0xb0b590e0) created, clientPid(5595)
12-22 13:47:53.759 5595 5661 D IabHelper: Ending async operation: refresh inventory
12-22 13:47:53.771 3190 5676 D NuPlayerDriver: notifyListener_l(0xb0b590e0), (1, 0, 0, -1), loop setting(0, 0)
12-22 13:47:53.772 3190 3646 D NuPlayerDriver: NuPlayerDriver(0xb0b59540) created, clientPid(5595)
12-22 13:47:53.786 3190 5678 D NuPlayerDriver: notifyListener_l(0xb0b59540), (1, 0, 0, -1), loop setting(0, 0)
12-22 13:47:53.787 3190 3646 D NuPlayerDriver: NuPlayerDriver(0xb0b59620) created, clientPid(5595)
12-22 13:47:53.805 3190 5680 D NuPlayerDriver: notifyListener_l(0xb0b59620), (1, 0, 0, -1), loop setting(0, 0)
12-22 13:47:53.808 3190 3646 I CameraHardwareInterface: Opening camera 0
12-22 13:47:53.808 3190 3646 I CamDev@1.0-impl: Opening camera 0
12-22 13:47:53.808 3190 3646 D Camera_Factory: CameraFactory::get_camera_info
12-22 13:47:53.808 3190 3646 D Camera_Factory: CameraFactory::getCameraInfo: id = 0, info = 0xb04023bc
12-22 13:47:53.808 3190 3646 D Camera_Factory: CameraFactory::getCameraNum: 1
12-22 13:47:53.808 3190 3646 D CameraHardware: CameraHardware::getCameraInfo
12-22 13:47:53.809 3190 3646 D Camera_Factory: CameraFactory::device_open: name = 0
12-22 13:47:53.809 3190 3646 D Camera_Factory: CameraFactory::cameraDeviceOpen: id = 0
12-22 13:47:53.809 3190 3646 D Camera_Factory: CameraFactory::getCameraNum: 1
12-22 13:47:53.809 3190 3646 D CameraHardware: CameraHardware::connectCamera
12-22 13:47:53.809 3190 3646 I CameraHardwareInterface: Destroying camera 0
12-22 13:47:53.809 3190 3646 D CameraHardware: CameraHardware::setCallbacks
12-22 13:47:53.809 3190 3646 D CameraHardware: CameraHardware::enableMsgType: 3085
12-22 13:47:53.809 3190 3646 D CameraHardware: CameraHardware::getParameters
12-22 13:47:53.809 3190 3646 D CameraHardware: CameraHardware::putParameters
12-22 13:47:53.815 3190 3646 D Camera_Factory: CameraFactory::get_camera_info
12-22 13:47:53.815 3190 3646 D Camera_Factory: CameraFactory::getCameraInfo: id = 0, info = 0xb0402520
12-22 13:47:53.815 3190 3646 D Camera_Factory: CameraFactory::getCameraNum: 1
12-22 13:47:53.815 3190 3646 D CameraHardware: CameraHardware::getCameraInfo
12-22 13:47:53.818 3190 3646 D CameraHardware: CameraHardware::getParameters
12-22 13:47:53.819 3190 3646 D CameraHardware: CameraHardware::putParameters
12-22 13:47:53.824 3190 3646 D CameraHardware: CameraHardware::setParameters
12-22 13:47:53.825 3190 3646 D CameraHardware: Trivially accept it. No changes detected
12-22 13:47:53.838 3190 3646 D Camera_Factory: CameraFactory::get_camera_info
12-22 13:47:53.838 3190 3646 D Camera_Factory: CameraFactory::getCameraInfo: id = 0, info = 0xb0402520
12-22 13:47:53.838 3190 3646 D Camera_Factory: CameraFactory::getCameraNum: 1
12-22 13:47:53.838 3190 3646 D CameraHardware: CameraHardware::getCameraInfo
12-22 13:47:53.842 3190 3646 D CameraHardware: CameraHardware::setParameters
12-22 13:47:53.843 3190 3646 D CameraHardware: CameraHardware::setParameters: PREVIEW: Size 800x600, 60 fps, format: yuv422sp
12-22 13:47:53.843 3190 3646 D CameraHardware: CameraHardware::setParameters: PICTURE: Size 1280x720, format: jpeg
12-22 13:47:53.843 3190 3646 D CameraHardware: CameraHardware::setParameters: VIDEO: Size 640x360, format: yuv420p
12-22 13:47:53.843 3190 3646 D CameraHardware: CameraHardware::initHeapLocked
12-22 13:47:53.843 3190 3646 D CameraHardware: CameraHardware::initHeapLocked: preview size=800x600
12-22 13:47:53.843 3190 3646 D CameraHardware: CameraHardware::initHeapLocked: picture size=1280x720
12-22 13:47:53.843 3190 3646 D CameraHardware: CameraHardware::initHeapLocked: video size=640x360
12-22 13:47:53.845 3083 3083 W /system/bin/hw/android.hidl.allocator@1.0-service: ashmem_create_region(962560) returning hidl_memory(0xabf988a0, 962560)
12-22 13:47:53.856 3190 3646 D CameraHardware: CameraHardware::initHeapLocked: Raw preview heap allocated
12-22 13:47:53.857 3083 3083 W /system/bin/hw/android.hidl.allocator@1.0-service: ashmem_create_region(2883584) returning hidl_memory(0xabf988a0, 2883584)
12-22 13:47:53.857 3190 3646 D CameraHardware: CameraHardware::initHeapLocked: preview heap allocated
12-22 13:47:53.858 3083 3083 W /system/bin/hw/android.hidl.allocator@1.0-service: ashmem_create_region(1384448) returning hidl_memory(0xabf988a0, 1384448)
12-22 13:47:53.861 3190 3646 D CameraHardware: CameraHardware::initHeapLocked: recording heap allocated
12-22 13:47:53.861 3083 3083 W /system/bin/hw/android.hidl.allocator@1.0-service: ashmem_create_region(1843200) returning hidl_memory(0xabf988a0, 1843200)
12-22 13:47:53.862 3190 3646 D CameraHardware: CameraHardware::initHeapLocked: Raw picture heap allocated
12-22 13:47:53.862 3083 3083 W /system/bin/hw/android.hidl.allocator@1.0-service: ashmem_create_region(1843200) returning hidl_memory(0xabf988a0, 1843200)
12-22 13:47:53.863 3190 3646 D CameraHardware: CameraHardware::initHeapLocked: Jpeg picture heap allocated
12-22 13:47:53.863 3190 3646 D CameraHardware: CameraHardware::initHeapLocked: OK
12-22 13:47:53.863 3190 3646 D CameraHardware: CameraHardware::setParameters: OK
12-22 13:47:53.864 3190 3646 D CameraHardware: CameraHardware::isPreviewEnabled: 0
12-22 13:47:53.865 3190 3646 D CameraHardware: CameraHardware::isPreviewEnabled: 0
12-22 13:47:53.865 3190 3646 D CameraHardware: CameraHardware::setPreviewWindow: preview_stream_ops: 0xb2639104
12-22 13:47:53.865 3190 3646 D CameraHardware: CameraHardware::startPreview
12-22 13:47:53.865 3190 3646 D CameraHardware: CameraHardware::startPreviewLocked
12-22 13:47:53.865 3190 3646 D CameraHardware: CameraHardware::startPreviewLocked: Open, 800x600
12-22 13:47:53.866 3190 3646 D V4L2Camera: V4L2Camera::EnumFrameFormats
12-22 13:47:53.866 3190 3646 D V4L2Camera: { pixelformat = 'YUYV', description = 'YUV 4:2:2 (YUYV)' }
12-22 13:47:53.866 3190 3646 D V4L2Camera: V4L2Camera::EnumFrameSizes: pixfmt: 0x56595559
12-22 13:47:53.866 3190 3646 D V4L2Camera: { discrete: width = 1280, height = 720 }
12-22 13:47:53.866 3190 3646 D V4L2Camera: V4L2Camera::EnumFrameIntervals: pixfmt: 0x56595559, w:1280, h:720
12-22 13:47:53.866 3190 3646 D V4L2Camera: Time interval between frame:
12-22 13:47:53.866 3190 3646 D V4L2Camera: 1/10
12-22 13:47:53.866 3190 3646 D V4L2Camera: 1/5
12-22 13:47:53.866 3190 3646 D V4L2Camera: { discrete: width = 960, height = 720 }
12-22 13:47:53.866 3190 3646 D V4L2Camera: V4L2Camera::EnumFrameIntervals: pixfmt: 0x56595559, w:960, h:720
12-22 13:47:53.866 3190 3646 D V4L2Camera: Time interval between frame:
12-22 13:47:53.866 3190 3646 D V4L2Camera: 1/10
12-22 13:47:53.866 3190 3646 D V4L2Camera: 1/5
12-22 13:47:53.866 3190 3646 D V4L2Camera: { discrete: width = 800, height = 600 }
12-22 13:47:53.866 3190 3646 D V4L2Camera: V4L2Camera::EnumFrameIntervals: pixfmt: 0x56595559, w:800, h:600
12-22 13:47:53.866 3190 3646 D V4L2Camera: Time interval between frame:
12-22 13:47:53.866 3190 3646 D V4L2Camera: 1/15
12-22 13:47:53.866 3190 3646 D V4L2Camera: { discrete: width = 640, height = 360 }
12-22 13:47:53.866 3190 3646 D V4L2Camera: V4L2Camera::EnumFrameIntervals: pixfmt: 0x56595559, w:640, h:360
12-22 13:47:53.866 3190 3646 D V4L2Camera: Time interval between frame:
12-22 13:47:53.866 3190 3646 D V4L2Camera: 1/31
12-22 13:47:53.866 3190 3646 D V4L2Camera: { discrete: width = 640, height = 480 }
12-22 13:47:53.866 3190 3646 D V4L2Camera: V4L2Camera::EnumFrameIntervals: pixfmt: 0x56595559, w:640, h:480
12-22 13:47:53.866 3190 3646 D V4L2Camera: Time interval between frame:
12-22 13:47:53.866 3190 3646 D V4L2Camera: 1/30
12-22 13:47:53.866 3190 3646 D V4L2Camera: 1/15
12-22 13:47:53.866 3190 3646 D V4L2Camera: { discrete: width = 352, height = 288 }
12-22 13:47:53.866 3190 3646 D V4L2Camera: V4L2Camera::EnumFrameIntervals: pixfmt: 0x56595559, w:352, h:288
12-22 13:47:53.866 3190 3646 D V4L2Camera: Time interval between frame:
12-22 13:47:53.866 3190 3646 D V4L2Camera: 1/30
12-22 13:47:53.866 3190 3646 D V4L2Camera: 1/15
12-22 13:47:53.866 3190 3646 D V4L2Camera: { discrete: width = 320, height = 240 }
12-22 13:47:53.866 3190 3646 D V4L2Camera: V4L2Camera::EnumFrameIntervals: pixfmt: 0x56595559, w:320, h:240
12-22 13:47:53.866 3190 3646 D V4L2Camera: Time interval between frame:
12-22 13:47:53.867 3190 3646 D V4L2Camera: 1/30
12-22 13:47:53.867 3190 3646 D V4L2Camera: 1/15
12-22 13:47:53.867 3190 3646 D V4L2Camera: { pixelformat = 'MJPG', description = 'MJPEG' }
12-22 13:47:53.867 3190 3646 D V4L2Camera: V4L2Camera::EnumFrameSizes: pixfmt: 0x47504a4d
12-22 13:47:53.867 3190 3646 D V4L2Camera: { discrete: width = 1280, height = 720 }
12-22 13:47:53.867 3190 3646 D V4L2Camera: V4L2Camera::EnumFrameIntervals: pixfmt: 0x47504a4d, w:1280, h:720
12-22 13:47:53.867 3190 3646 D V4L2Camera: Time interval between frame:
12-22 13:47:53.867 3190 3646 D V4L2Camera: 1/30
12-22 13:47:53.867 3190 3646 D V4L2Camera: 1/25
12-22 13:47:53.867 3190 3646 D V4L2Camera: 1/15
12-22 13:47:53.868 3190 3646 D V4L2Camera: { discrete: width = 960, height = 720 }
12-22 13:47:53.868 3190 3646 D V4L2Camera: V4L2Camera::EnumFrameIntervals: pixfmt: 0x47504a4d, w:960, h:720
12-22 13:47:53.868 3190 3646 D V4L2Camera: Time interval between frame:
12-22 13:47:53.868 3190 3646 D V4L2Camera: 1/30
12-22 13:47:53.868 3190 3646 D V4L2Camera: 1/25
12-22 13:47:53.868 3190 3646 D V4L2Camera: 1/15
12-22 13:47:53.868 3190 3646 D V4L2Camera: { discrete: width = 800, height = 600 }
12-22 13:47:53.868 3190 3646 D V4L2Camera: V4L2Camera::EnumFrameIntervals: pixfmt: 0x47504a4d, w:800, h:600
12-22 13:47:53.868 3190 3646 D V4L2Camera: Time interval between frame:
12-22 13:47:53.868 3190 3646 D V4L2Camera: 1/30
12-22 13:47:53.868 3190 3646 D V4L2Camera: { discrete: width = 640, height = 360 }
12-22 13:47:53.868 3190 3646 D V4L2Camera: V4L2Camera::EnumFrameIntervals: pixfmt: 0x47504a4d, w:640, h:360
12-22 13:47:53.868 3190 3646 D V4L2Camera: Time interval between frame:
12-22 13:47:53.868 3190 3646 D V4L2Camera: 1/60
12-22 13:47:53.868 3190 3646 D V4L2Camera: { discrete: width = 640, height = 480 }
12-22 13:47:53.868 3190 3646 D V4L2Camera: V4L2Camera::EnumFrameIntervals: pixfmt: 0x47504a4d, w:640, h:480
12-22 13:47:53.868 3190 3646 D V4L2Camera: Time interval between frame:
12-22 13:47:53.868 3190 3646 D V4L2Camera: 1/30
12-22 13:47:53.868 3190 3646 D V4L2Camera: 1/15
12-22 13:47:53.868 3190 3646 D V4L2Camera: { discrete: width = 352, height = 288 }
12-22 13:47:53.868 3190 3646 D V4L2Camera: V4L2Camera::EnumFrameIntervals: pixfmt: 0x47504a4d, w:352, h:288
12-22 13:47:53.868 3190 3646 D V4L2Camera: Time interval between frame:
12-22 13:47:53.868 3190 3646 D V4L2Camera: 1/30
12-22 13:47:53.868 3190 3646 D V4L2Camera: 1/15
12-22 13:47:53.868 3190 3646 D V4L2Camera: { discrete: width = 320, height = 240 }
12-22 13:47:53.868 3190 3646 D V4L2Camera: V4L2Camera::EnumFrameIntervals: pixfmt: 0x47504a4d, w:320, h:240
12-22 13:47:53.868 3190 3646 D V4L2Camera: Time interval between frame:
12-22 13:47:53.868 3190 3646 D V4L2Camera: 1/30
12-22 13:47:53.868 3190 3646 D V4L2Camera: 1/15
12-22 13:47:53.868 3190 3646 D CameraHardware: CameraHardware::startPreviewLocked: Init
12-22 13:47:53.868 3190 3646 D V4L2Camera: V4L2Camera::Init
12-22 13:47:53.868 3190 3646 D V4L2Camera: Trying format: (800 x 600), Fps: 15 [difArea:0, difFps:45, cDifArea:-1, cDifFps:-1]
12-22 13:47:53.868 3190 3646 D V4L2Camera: Trying format: (800 x 600), Fps: 30 [difArea:0, difFps:30, cDifArea:0, cDifFps:45]
12-22 13:47:53.868 3190 3646 D V4L2Camera: Trying format: (960 x 720), Fps: 5 [difArea:211200, difFps:55, cDifArea:0, cDifFps:30]
12-22 13:47:53.868 3190 3646 D V4L2Camera: Trying format: (960 x 720), Fps: 10 [difArea:211200, difFps:50, cDifArea:0, cDifFps:30]
12-22 13:47:53.868 3190 3646 D V4L2Camera: Trying format: (960 x 720), Fps: 15 [difArea:211200, difFps:45, cDifArea:0, cDifFps:30]
12-22 13:47:53.868 3190 3646 D V4L2Camera: Trying format: (960 x 720), Fps: 25 [difArea:211200, difFps:35, cDifArea:0, cDifFps:30]
12-22 13:47:53.868 3190 3646 D V4L2Camera: Trying format: (960 x 720), Fps: 30 [difArea:211200, difFps:30, cDifArea:0, cDifFps:30]
12-22 13:47:53.868 3190 3646 D V4L2Camera: Trying format: (1280 x 720), Fps: 5 [difArea:441600, difFps:55, cDifArea:0, cDifFps:30]
12-22 13:47:53.868 3190 3646 D V4L2Camera: Trying format: (1280 x 720), Fps: 10 [difArea:441600, difFps:50, cDifArea:0, cDifFps:30]
12-22 13:47:53.869 3190 3646 D V4L2Camera: Trying format: (1280 x 720), Fps: 15 [difArea:441600, difFps:45, cDifArea:0, cDifFps:30]
12-22 13:47:53.869 3190 3646 D V4L2Camera: Trying format: (1280 x 720), Fps: 25 [difArea:441600, difFps:35, cDifArea:0, cDifFps:30]
12-22 13:47:53.869 3190 3646 D V4L2Camera: Trying format: (1280 x 720), Fps: 30 [difArea:441600, difFps:30, cDifArea:0, cDifFps:30]
12-22 13:47:53.869 3190 3646 D V4L2Camera: Selected format: (800 x 600), Fps: 30
12-22 13:47:53.934 3761 3761 D BoundBrokerSvc: onUnbind: Intent { act=com.google.android.gms.icing.LIGHTWEIGHT_INDEX_SERVICE cmp=com.google.android.gms/.chimera.PersistentApiService }
12-22 13:47:53.982 3190 3646 I V4L2Camera: Cropping from origin: 0x0 - size: 800x600 (offset:0)
12-22 13:47:54.039 3190 3646 I V4L2Camera: Actual format: (800 x 600), Fps: 15, pixfmt: 'YUYV', bytesperline: 1600
12-22 13:47:54.054 3190 3646 D CameraHardware: CameraHardware::startPreviewLocked: effective size: 800x600
12-22 13:47:54.054 3190 3646 D CameraHardware: CameraHardware::initHeapLocked
12-22 13:47:54.054 3190 3646 D CameraHardware: CameraHardware::initHeapLocked: preview size=800x600
12-22 13:47:54.054 3190 3646 D CameraHardware: CameraHardware::initHeapLocked: picture size=1280x720
12-22 13:47:54.054 3190 3646 D CameraHardware: CameraHardware::initHeapLocked: video size=640x360
12-22 13:47:54.054 3190 3646 D CameraHardware: CameraHardware::initHeapLocked: OK
12-22 13:47:54.054 3190 3646 D CameraHardware: CameraHardware::startPreviewLocked: StartStreaming
12-22 13:47:54.102 3190 3646 D CameraHardware: CameraHardware::setPreviewWindow - Negotiating preview format
12-22 13:47:54.102 3190 3646 D CameraHardware: CameraHardware::NegotiatePreviewFormat
12-22 13:47:54.102 3190 3646 D CameraHardware: Trying to set preview window geometry to 800x600
12-22 13:47:54.102 3190 3646 D CameraHardware: CameraHardware::startPreviewLocked: starting PreviewThread
12-22 13:47:54.103 3190 3646 D CameraHardware: CameraHardware::startPreviewLocked: O - this:0x0xb2672000
12-22 13:47:54.104 5595 5595 I Choreographer: Skipped 30 frames! The application may be doing too much work on its main thread.
12-22 13:47:54.234 3296 3307 W ActivityManager: Unable to start service Intent { act=android.support.customtabs.action.CustomTabsService pkg=com.android.chrome } U=0: not found
12-22 13:47:54.236 3296 3321 I ActivityManager: Displayed com.dailyroads.v.pro/com.dailyroads.activities.Voyager: +1s104ms (total +1s849ms)
12-22 13:47:54.327 3761 4215 W GCoreFlp: No location to return for getLastLocation()
12-22 13:47:54.406 3761 4215 W GCoreFlp: No location to return for getLastLocation()
12-22 13:47:54.551 3911 3911 D BoundBrokerSvc: onBind: Intent { act=com.google.android.gms.payse.service.BIND pkg=com.google.android.gms cmp=com.google.android.gms/.chimera.GmsApiService }
12-22 13:47:54.552 3911 3911 D BoundBrokerSvc: Loading bound service for intent: Intent { act=com.google.android.gms.payse.service.BIND pkg=com.google.android.gms cmp=com.google.android.gms/.chimera.GmsApiService }
12-22 13:47:54.640 3296 3306 I zygote : Background concurrent copying GC freed 34920(2015KB) AllocSpace objects, 4(144KB) LOS objects, 49% free, 10MB/20MB, paused 304us total 170.190ms
12-22 13:47:54.665 3296 3828 I GnssLocationProvider: WakeLock acquired by sendMessage(SET_REQUEST, 0, com.android.server.location.GnssLocationProvider$GpsRequest@2325f34)
12-22 13:47:54.671 3296 3312 I GnssLocationProvider: WakeLock released by handleMessage(SET_REQUEST, 0, com.android.server.location.GnssLocationProvider$GpsRequest@2325f34)
12-22 13:47:54.680 4660 4694 D PaySecureElementClient: Felica app not found; returning isSecureElementAvailable = false!
12-22 13:47:54.685 4660 4694 W SystemServiceRegistry: No service published for: fingerprint
12-22 13:47:54.784 4660 4660 I Finsky : [2] admn.onStartJob(3): SCH: onJobSchedulerWakeup with jobId 9010
12-22 13:47:54.802 4660 5674 I Finsky : [203] igo.run(29): Skipping a request to /bulkAcquire since cache has all the records.
12-22 13:47:54.808 4660 4660 I Finsky : [2] adig.a(9): SCH: Scheduling fallback job with id: 9034, and delay: 43200000 ms
12-22 13:47:54.825 4660 4660 I Finsky : [2] adig.b(9): SCH: Scheduling fallback in 64799988 (absolute: 64892205)
12-22 13:47:54.875 4660 4660 I Finsky : [2] adip.handleMessage(4): SCH: DeviceState: DeviceState{currentTime=1608641274871, isCharging=true, isIdle=false, netAny=true, netNotRoaming=true, netUnmetered=false, batteryPercent=100.0}
12-22 13:47:54.885 4660 5696 I Finsky : [206] adkl.b(5): SCH: Jobs in database: 1-1337 3-133 3-134 24-77777777 26-1414141414 29-29 34-14 34-16
12-22 13:47:54.901 4660 4660 I Finsky : [2] adiq.m(9): SCH: Running job: 29-29
12-22 13:47:54.904 4660 4660 I Finsky : [2] adip.handleMessage(29): SCH: RunningQueue size: 1, PendingQueue size: 0
12-22 13:47:54.905 4660 4660 I Finsky : [2] adip.handleMessage(32): SCH: Running queue: 29-29
12-22 13:47:54.905 4660 5697 I zygote : Deoptimizing java.lang.String aoyb.k(java.lang.String, java.lang.Object[]) due to JIT inline cache
12-22 13:47:54.906 4660 5697 I Finsky : [207] alwt.a(0): ProcessRecoveryLogsUtil: No files in recovery directory
12-22 13:47:54.906 4660 5697 I Finsky : [207] adjk.n(4): SCH: jobFinished: 29-29. TimeElapsed: 5ms.
12-22 13:47:54.907 4660 4660 I Finsky : [2] adiq.b(3): SCH: Job 29-29 finished. Not rescheduling.
12-22 13:47:54.909 4660 4660 I Finsky : [2] adip.handleMessage(29): SCH: RunningQueue size: 0, PendingQueue size: 0
12-22 13:47:54.910 4660 4660 I Finsky : [2] adip.handleMessage(10): SCH: Executor finished
12-22 13:47:54.957 4660 4660 I Finsky : [2] adkl.b(5): SCH: Jobs in database: 1-1337 3-133 3-134 24-77777777 26-1414141414 34-14 34-16
12-22 13:47:54.988 4660 4660 I Finsky : [2] adix.d(37): SCH: ConstraintMapping: 24-77777777, -> L: 0ms, D: 82214666ms, C: false, I: true, N: 0
12-22 13:47:54.989 4660 4660 I Finsky : [2] adix.d(37): SCH: ConstraintMapping: 1-1337, 34-16, -> L: 27630294ms, D: 78404592ms, C: false, I: false, N: 1
12-22 13:47:54.990 4660 4660 I Finsky : [2] adix.d(37): SCH: ConstraintMapping: 3-133, -> L: 0ms, D: 86356415ms, C: true, I: false, N: 2
12-22 13:47:54.991 4660 4660 I Finsky : [2] adix.d(37): SCH: ConstraintMapping: 3-134, 34-14, -> L: 0ms, D: 86356782ms, C: false, I: true, N: 2
12-22 13:47:54.993 4660 4660 I Finsky : [2] adix.d(37): SCH: ConstraintMapping: 34-14, -> L: 0ms, D: 1295408462ms, C: true, I: true, N: 2
12-22 13:47:54.995 4660 4660 I Finsky : [2] adix.d(37): SCH: ConstraintMapping: 26-1414141414, -> L: 42608447ms, D: 43508447ms, C: false, I: false, N: 0
12-22 13:47:55.093 4660 4660 I Finsky : [2] adix.f(7): SCH: Cancelling existing jobscheduler jobs: 9007 9006 9009 9008 9005
12-22 13:47:55.093 4660 4660 I Finsky : [2] adix.e(8): SCH: Throttling wakeup for job 9000 (expected to run in 0 ms) due to recent wakeup
12-22 13:47:55.094 4660 4660 I Finsky : [2] adix.e(23): SCH: Scheduling job Id: 9000, L: 30000, D: 82214666, C: false, I: true, N: 0
12-22 13:47:55.099 4660 4660 I Finsky : [2] adix.e(23): SCH: Scheduling job Id: 9001, L: 27630294, D: 78404592, C: false, I: false, N: 1
12-22 13:47:55.101 4660 4660 I Finsky : [2] adix.e(8): SCH: Throttling wakeup for job 9002 (expected to run in 0 ms) due to recent wakeup
12-22 13:47:55.102 4660 4660 I Finsky : [2] adix.e(23): SCH: Scheduling job Id: 9002, L: 30000, D: 86356415, C: true, I: false, N: 2
12-22 13:47:55.104 4660 4660 I Finsky : [2] adix.e(8): SCH: Throttling wakeup for job 9003 (expected to run in 0 ms) due to recent wakeup
12-22 13:47:55.105 4660 4660 I Finsky : [2] adix.e(23): SCH: Scheduling job Id: 9003, L: 30000, D: 86356782, C: false, I: true, N: 2
12-22 13:47:55.107 4660 4660 I Finsky : [2] adix.e(8): SCH: Throttling wakeup for job 9004 (expected to run in 0 ms) due to recent wakeup
12-22 13:47:55.107 4660 4660 I Finsky : [2] adix.e(23): SCH: Scheduling job Id: 9004, L: 30000, D: 1295408462, C: true, I: true, N: 2
12-22 13:47:55.111 4660 4660 I Finsky : [2] adix.e(23): SCH: Scheduling job Id: 9011, L: 42608447, D: 43508447, C: false, I: false, N: 0
12-22 13:47:55.697 3190 5684 D vndksupport: Loading /vendor/lib/hw/android.hardware.graphics.mapper@2.0-impl.so from current namespace instead of sphal namespace.
12-22 13:47:55.699 3190 5684 D vndksupport: Loading /vendor/lib/hw/gralloc.exynos5.so from current namespace instead of sphal namespace.
12-22 13:47:55.704 3190 5684 D vndksupport: Loading /vendor/lib/hw/android.hardware.graphics.mapper@2.0-impl.so from current namespace instead of sphal namespace.
12-22 13:47:55.705 3190 5684 D vndksupport: Loading /vendor/lib/hw/gralloc.exynos5.so from current namespace instead of sphal namespace.
12-22 13:48:01.601 3761 4301 I GCoreUlr: Not uploading first location since start (in case we're in restart loop)
12-22 13:48:06.284 3072 3869 D audio_hw_primary: found out /dev/snd/pcmC0D1p
12-22 13:48:06.286 3296 3307 I ActivityManager: START u0 {cmp=com.dailyroads.v.pro/com.dailyroads.activities.Preferences} from uid 10086
12-22 13:48:06.334 5595 5595 I FIAM.Headless: Removing display event listener
12-22 13:48:06.340 3183 3249 D AudioFlinger: mixer(0xad083580) throttle end: throttle time(22)
12-22 13:48:06.539 5595 5606 I zygote : Background concurrent copying GC freed 36707(4MB) AllocSpace objects, 15(428KB) LOS objects, 71% free, 2MB/8MB, paused 164us total 100.709ms
12-22 13:48:06.605 5595 5600 I zygote : Do partial code cache collection, code=23KB, data=30KB
12-22 13:48:06.606 5595 5600 I zygote : After code cache collection, code=23KB, data=30KB
12-22 13:48:06.606 5595 5600 I zygote : Increasing code cache capacity to 128KB
12-22 13:48:06.614 5595 5595 E BluetoothAdapter: Bluetooth binder is null
12-22 13:48:06.632 5595 5595 I FIAM.Headless: Setting display event listener
12-22 13:48:06.632 5595 5595 D IabHelper: IAB helper created.
12-22 13:48:06.633 5595 5595 D IabHelper: Starting in-app billing setup.
12-22 13:48:06.669 5595 5595 D IabHelper: Billing service connected.
12-22 13:48:06.670 5595 5595 D IabHelper: Checking for in-app billing 3 support.
12-22 13:48:06.672 4660 5217 I Finsky : [191] irv.a(13): com.dailyroads.v.pro: Account determined from installer data - [ajWkppanizvR6bTSz4OYc5PdexDyVqJkeekeYs-JLLg]
12-22 13:48:06.674 4660 5217 I Finsky : [191] irv.a(55): Billing preferred account via installer for com.dailyroads.v.pro: [ajWkppanizvR6bTSz4OYc5PdexDyVqJkeekeYs-JLLg]
12-22 13:48:06.677 5595 5595 D IabHelper: In-app billing version 3 supported for com.dailyroads.v.pro
12-22 13:48:06.679 4660 5217 I Finsky : [191] irv.a(13): com.dailyroads.v.pro: Account determined from installer data - [ajWkppanizvR6bTSz4OYc5PdexDyVqJkeekeYs-JLLg]
12-22 13:48:06.681 4660 5217 I Finsky : [191] irv.a(55): Billing preferred account via installer for com.dailyroads.v.pro: [ajWkppanizvR6bTSz4OYc5PdexDyVqJkeekeYs-JLLg]
12-22 13:48:06.683 5595 5595 D IabHelper: Subscriptions AVAILABLE.
12-22 13:48:06.696 5595 5600 I zygote : Compiler allocated 4MB to compile void com.dailyroads.activities.Preferences.onCreate(android.os.Bundle)
12-22 13:48:06.955 3296 3321 I ActivityManager: Displayed com.dailyroads.v.pro/com.dailyroads.activities.Preferences: +558ms
12-22 13:48:07.046 5595 5595 I DRV : 20201222134807: sending broadcast: com.dailyroads.status.VIDEO_OFF
12-22 13:48:07.098 3296 4803 W TelecomManager: Telecom Service not found.
12-22 13:48:07.158 3190 3646 D NuPlayerDriver: NuPlayerDriver(0xb0b59770) created, clientPid(3458)
12-22 13:48:07.167 3190 5706 D GenericSource: FileSource remote
12-22 13:48:07.180 3190 5705 D NuPlayerDriver: notifyListener_l(0xb0b59770), (1, 0, 0, -1), loop setting(0, 0)
12-22 13:48:07.186 3296 4803 I MediaFocusControl: requestAudioFocus() from uid/pid 10028/3458 clientId=android.media.AudioManager@30df71b callingPack=com.android.systemui req=3 flags=0x0 sdk=27
12-22 13:48:07.190 3296 3313 W TelecomManager: Telecom Service not found.
12-22 13:48:07.222 3296 3313 W TelecomManager: Telecom Service not found.
12-22 13:48:07.268 3911 3916 I zygote : Compiler allocated 6MB to compile void aiep.A(com.google.android.gms.measurement.internal.EventParcel, com.google.android.gms.measurement.internal.AppMetadata)
12-22 13:48:07.343 3458 3469 I zygote : Background concurrent copying GC freed 70168(4MB) AllocSpace objects, 81(1652KB) LOS objects, 51% free, 5MB/11MB, paused 143us total 135.892ms
12-22 13:48:07.359 3190 3646 D CameraHardware: CameraHardware::disableMsgType: 16
12-22 13:48:07.359 3190 3646 D CameraHardware: CameraHardware::disableMsgType: 16
12-22 13:48:07.359 3190 3646 D CameraHardware: CameraHardware::stopPreview
12-22 13:48:07.359 3190 3646 D CameraHardware: CameraHardware::stopPreviewLocked
12-22 13:48:07.359 3190 3646 D CameraHardware: CameraHardware::stopPreviewLocked: stopping PreviewThread
12-22 13:48:07.369 3190 3646 D CameraHardware: CameraHardware::stopPreviewLocked: Uninit
12-22 13:48:07.402 3458 3458 I zygote : Deoptimizing void com.android.systemui.statusbar.ViewTransformationHelper.setVisible(boolean) due to JIT inline cache
12-22 13:48:07.402 3458 3458 I zygote : Deoptimizing void com.android.systemui.statusbar.notification.TransformState.recycle() due to JIT inline cache
12-22 13:48:07.430 3458 3458 I zygote : Deoptimizing void com.android.systemui.statusbar.NotificationContentView.onMeasure(int, int) due to JIT inline cache
12-22 13:48:07.458 3458 3458 I zygote : Deoptimizing void com.android.systemui.statusbar.NotificationContentView.setContentHeight(int) due to JIT inline cache
12-22 13:48:07.535 3190 3646 D CameraHardware: CameraHardware::stopPreviewLocked: StopStreaming
12-22 13:48:07.614 3190 3646 D CameraHardware: CameraHardware::stopPreviewLocked: Close
12-22 13:48:07.620 3190 3646 D CameraHardware: CameraHardware::stopPreviewLocked: OK
12-22 13:48:07.621 3190 3646 D CameraHardware: CameraHardware::disableMsgType: 16
12-22 13:48:07.621 3190 3646 D CameraHardware: CameraHardware::disableMsgType: 65535
12-22 13:48:07.621 3190 3646 D CameraHardware: CameraHardware::stopPreview
12-22 13:48:07.621 3190 3646 D CameraHardware: CameraHardware::stopPreviewLocked
12-22 13:48:07.621 3190 3646 D CameraHardware: CameraHardware::stopPreviewLocked: OK
12-22 13:48:07.621 3190 3646 D CameraHardware: CameraHardware::cancelPicture
12-22 13:48:07.621 3190 3646 I CamDev@1.0-impl: Closing camera 0
12-22 13:48:07.621 3190 3646 D CameraHardware: CameraHardware::closeCamera
12-22 13:48:07.622 3190 3646 D CameraHardware: CameraHardware::releaseCamera
12-22 13:48:07.624 3190 3646 I CameraService: disconnect: Disconnected client for camera 0 for PID 5595
12-22 13:48:07.625 3190 3646 D NuPlayerDriver: reset(0xb0b590e0) at state 4
12-22 13:48:07.625 3190 3646 D NuPlayerDriver: updateMetrics(0xb0b590e0) from reset at state 4
12-22 13:48:07.625 3190 3646 D NuPlayerDriver: notifyListener_l(0xb0b590e0), (8, 0, 0, -1), loop setting(0, 0)
12-22 13:48:07.625 3190 3647 I CameraService: CameraService::connect call (PID -1 "com.dailyroads.v.pro", camera ID 0) for HAL version default and Camera API version 1
12-22 13:48:07.626 3190 5676 D NuPlayerDriver: notifyResetComplete(0xb0b590e0)
12-22 13:48:07.626 3190 3647 D Camera_Factory: CameraFactory::get_camera_info
12-22 13:48:07.627 3190 3646 D NuPlayerDriver: updateMetrics(0xb0b590e0) from destructor at state 0
12-22 13:48:07.627 3190 3647 D Camera_Factory: CameraFactory::getCameraInfo: id = 0, info = 0xb03053d8
12-22 13:48:07.627 3190 3647 D Camera_Factory: CameraFactory::getCameraNum: 1
12-22 13:48:07.627 3190 3647 D CameraHardware: CameraHardware::getCameraInfo
12-22 13:48:07.627 3190 3646 D NuPlayerDriver: reset(0xb0b59540) at state 4
12-22 13:48:07.627 3190 3646 D NuPlayerDriver: updateMetrics(0xb0b59540) from reset at state 4
