12-22 13:47:29.084 3761 5352 I anfk : Creating notification channcel group: com.google.android.gms.auth.base.Notifications.AuthGroup [CONTEXT service_id=110 ]
12-22 13:47:29.100 3761 5352 D OpenGLRenderer: HWUI GL Pipeline
12-22 13:47:29.107 3296 3308 W TelecomManager: Telecom Service not found.
12-22 13:47:29.169 3458 3458 W ResourceType: ResTable_typeSpec entry count inconsistent: given 67, previously 69
12-22 13:47:29.169 3458 3458 W ResourceType: ResTable_typeSpec entry count inconsistent: given 5399, previously 5400
12-22 13:47:29.172 3458 3458 W System : ClassLoader referenced unknown path:
12-22 13:47:29.185 3296 3410 D NotificationSQLiteLog: Pruned event entries: 2
12-22 13:47:29.209 3458 3458 W ResourceType: ResTable_typeSpec entry count inconsistent: given 67, previously 69
12-22 13:47:29.209 3458 3458 W ResourceType: ResTable_typeSpec entry count inconsistent: given 5399, previously 5400
12-22 13:47:29.234 3190 3646 D NuPlayerDriver: NuPlayerDriver(0xb0b59000) created, clientPid(3458)
12-22 13:47:29.239 3190 5427 D GenericSource: FileSource remote
12-22 13:47:29.251 3190 5425 D NuPlayerDriver: notifyListener_l(0xb0b59000), (1, 0, 0, -1), loop setting(0, 0)
12-22 13:47:29.257 3296 3592 I MediaFocusControl: requestAudioFocus() from uid/pid 10028/3458 clientId=android.media.AudioManager@c4184dd callingPack=com.android.systemui req=3 flags=0x0 sdk=27
12-22 13:47:29.361 3761 4425 W Conscrypt: Could not set socket write timeout: java.net.SocketException: Socket closed
12-22 13:47:29.361 3761 4425 W Conscrypt: at com.google.android.gms.org.conscrypt.Platform.setSocketWriteTimeout(:com.google.android.gms@204516015@20.45.16 (040300-344294571):2)
12-22 13:47:29.361 3761 4425 W Conscrypt: at com.google.android.gms.org.conscrypt.ConscryptFileDescriptorSocket.setSoWriteTimeout(:com.google.android.gms@204516015@20.45.16 (040300-344294571):0)
12-22 13:47:29.366 3458 3458 W StaticLayout: maxLineHeight should not be -1. maxLines:1 lineCount:1
12-22 13:47:29.367 3458 3458 I chatty : uid=10028(com.android.systemui) identical 1 line
12-22 13:47:29.367 3458 3458 W StaticLayout: maxLineHeight should not be -1. maxLines:1 lineCount:1
12-22 13:47:29.390 3458 3458 I zygote : Deoptimizing void com.android.systemui.statusbar.ActivatableNotificationView.setFakeShadowIntensity(float, float, int, int) due to JIT inline cache
12-22 13:47:29.455 3761 4425 W Conscrypt: Could not set socket write timeout: java.net.SocketException: Socket closed
12-22 13:47:29.455 3761 4425 W Conscrypt: at com.google.android.gms.org.conscrypt.Platform.setSocketWriteTimeout(:com.google.android.gms@204516015@20.45.16 (040300-344294571):2)
12-22 13:47:29.455 3761 4425 W Conscrypt: at com.google.android.gms.org.conscrypt.ConscryptFileDescriptorSocket.setSoWriteTimeout(:com.google.android.gms@204516015@20.45.16 (040300-344294571):0)
12-22 13:47:29.509 3761 4298 W zygote : Long monitor contention with owner netscheduler-queue-handler (4307) at android.content.IContentProvider android.app.ActivityThread.acquireExistingProvider(android.content.Context, java.lang.String, int, boolean)(ActivityThread.java:5923) waiters=0 in int askw.v(ashy) for 1.014s
12-22 13:47:29.649 3761 5352 W WakefulBroadcastReceiv.: No active wake lock id #1
12-22 13:47:29.689 3761 4307 I NetworkScheduler: ignoring stale queue check message
12-22 13:47:29.762 3190 3646 D NuPlayerDriver: start(0xb0b59000), state is 4, eos is 0
12-22 13:47:29.762 3190 5425 I GenericSource: start
12-22 13:47:29.764 3458 3458 V MediaRouter: onRestoreRoute() : route=RouteInfo{ name=Tablet, description=null, status=null, category=RouteCategory{ name=System types=ROUTE_TYPE_LIVE_AUDIO ROUTE_TYPE_LIVE_VIDEO groupable=false }, supportedTypes=ROUTE_TYPE_LIVE_AUDIO ROUTE_TYPE_LIVE_VIDEO , presentationDisplay=Display id 1: DisplayInfo{"HDMI Screen", uniqueId "local:1", app 1280 x 720, real 1280 x 720, largest app 1280 x 1280, smallest app 720 x 720, mode 2, defaultMode 2, modes [{id=2, width=1280, height=720, fps=60.000004}], colorMode -22, supportedColorModes [-22], hdrCapabilities android.view.Display$HdrCapabilities@a69d6308, rotation 0, density 213 (213.0 x 213.0) dpi, layerStack 1, appVsyncOff 1000000, presDeadline 16666666, type HDMI, state ON, FLAG_SECURE, FLAG_SUPPORTS_PROTECTED_BUFFERS, FLAG_PRESENTATION, removeMode 0}, DisplayMetrics{density=1.3312501, width=1280, height=720, scaledDensity=1.3312501, xdpi=213.0, ydpi=213.0}, isValid=true }
12-22 13:47:29.769 3458 3458 V MediaRouter: Selecting route: RouteInfo{ name=Tablet, description=null, status=null, category=RouteCategory{ name=System types=ROUTE_TYPE_LIVE_AUDIO ROUTE_TYPE_LIVE_VIDEO groupable=false }, supportedTypes=ROUTE_TYPE_LIVE_AUDIO ROUTE_TYPE_LIVE_VIDEO , presentationDisplay=Display id 1: DisplayInfo{"HDMI Screen", uniqueId "local:1", app 1280 x 720, real 1280 x 720, largest app 1280 x 1280, smallest app 720 x 720, mode 2, defaultMode 2, modes [{id=2, width=1280, height=720, fps=60.000004}], colorMode -22, supportedColorModes [-22], hdrCapabilities android.view.Display$HdrCapabilities@a69d6308, rotation 0, density 213 (213.0 x 213.0) dpi, layerStack 1, appVsyncOff 1000000, presDeadline 16666666, type HDMI, state ON, FLAG_SECURE, FLAG_SUPPORTS_PROTECTED_BUFFERS, FLAG_PRESENTATION, removeMode 0}, DisplayMetrics{density=1.3312501, width=1280, height=720, scaledDensity=1.3312501, xdpi=213.0, ydpi=213.0}, isValid=true }
12-22 13:47:29.777 3182 3182 I OMXMaster: makeComponentInstance(OMX.google.vorbis.decoder) in android.hardwar process
12-22 13:47:29.781 3182 3182 E OMXNodeInstance: setConfig(0xa63a2900:google.vorbis.decoder, ConfigPriority(0x6f800002)) ERROR: Undefined(0x80001001)
12-22 13:47:29.781 3761 3761 D BoundBrokerSvc: onUnbind: Intent { act=com.google.android.contextmanager.service.ContextManagerService.START cmp=com.google.android.gms/.chimera.PersistentApiService }
12-22 13:47:29.781 3190 5439 I ACodec : codec does not support config priority (err -2147483648)
12-22 13:47:29.783 3190 5439 I MediaCodec: MediaCodec will operate in async mode
12-22 13:47:29.815 3190 5437 D AudioTrack: Client defaulted notificationFrames to 11264 for frameCount 22528
12-22 13:47:29.820 3190 5425 D NuPlayerDriver: notifyListener_l(0xb0b59000), (6, 0, 0, -1), loop setting(0, 0)
12-22 13:47:29.822 3072 3869 D audio_hw_primary: found out /dev/snd/pcmC0D1p
12-22 13:47:30.074 3761 4270 W Nearby : Failed attempt #3 out of 3 for RestoreDeviceName [CONTEXT service_id=49 ]
12-22 13:47:30.074 3761 4270 W Nearby : java.lang.IllegalStateException: BluetoothAdapter not ready yet!
12-22 13:47:30.074 3761 4270 W Nearby : at aldh.g(:com.google.android.gms@204516015@20.45.16 (040300-344294571):2)
12-22 13:47:30.074 3761 4270 W Nearby : at aldg.run(Unknown Source:0)
12-22 13:47:30.074 3761 4270 W Nearby : at bzcn.call(Unknown Source:0)
12-22 13:47:30.074 3761 4270 W Nearby : at bzcs.b(:com.google.android.gms@204516015@20.45.16 (040300-344294571):2)
12-22 13:47:30.074 3761 4270 W Nearby : at bzcs.a(:com.google.android.gms@204516015@20.45.16 (040300-344294571):0)
12-22 13:47:30.074 3761 4270 W Nearby : at aldf.run(Unknown Source:0)
12-22 13:47:30.074 3761 4270 W Nearby : at java.lang.Thread.run(Thread.java:764)
12-22 13:47:30.074 3761 4270 W Nearby : at tib.run(Unknown Source:0)
12-22 13:47:30.074 3761 4270 W Nearby : at java.util.concurrent.ThreadPoolExecutor.runWorker(ThreadPoolExecutor.java:1162)
12-22 13:47:30.074 3761 4270 W Nearby : at java.util.concurrent.ThreadPoolExecutor$Worker.run(ThreadPoolExecutor.java:636)
12-22 13:47:30.074 3761 4270 W Nearby : at tnz.run(:com.google.android.gms@204516015@20.45.16 (040300-344294571):0)
12-22 13:47:30.074 3761 4270 W Nearby : at java.lang.Thread.run(Thread.java:764)
12-22 13:47:30.092 3761 4298 I NetworkScheduler.Stats: Task com.google.android.gms/com.google.android.gms.pay.gcmtask.PayGcmTaskService started execution. cause:7 exec_start_elapsed_seconds: 66 [CONTEXT service_id=218 ]
12-22 13:47:30.093 3761 4298 I NetworkScheduler.Stats: Task com.google.android.gms/com.google.android.gms.pay.gcmtask.PayGcmTaskService started execution. cause:7 exec_start_elapsed_seconds: 66 [CONTEXT service_id=218 ]
12-22 13:47:30.184 3761 4298 I NetworkScheduler.Stats: Task com.google.android.gms/com.google.android.gms.pay.gcmtask.PayGcmTaskService finished executing. cause:7 result: 1 elapsed_millis: 309 uptime_millis: 309 exec_start_elapsed_seconds: 66 [CONTEXT service_id=218 ]
12-22 13:47:30.220 3761 4298 I NetworkScheduler.Stats: Task com.google.android.gms/com.google.android.gms.pay.gcmtask.PayGcmTaskService finished executing. cause:7 result: 1 elapsed_millis: 545 uptime_millis: 545 exec_start_elapsed_seconds: 66 [CONTEXT service_id=218 ]
12-22 13:47:30.583 3296 3478 W ActivityManager: Slow operation: 52ms so far, now at getContentProviderImpl: after updateOomAdj
12-22 13:47:30.583 3296 3478 W ActivityManager: Slow operation: 52ms so far, now at getContentProviderImpl: done!
12-22 13:47:30.612 3761 4298 W zygote : Long monitor contention with owner netscheduler-queue-handler (4307) at int askw.m(askn, abuu)(:com.google.android.gms@204516015@20.45.16 (040300-344294571):1) waiters=0 in void askw.r(ashy, int) for 220ms
12-22 13:47:30.627 3190 5438 I NuPlayerDecoder: [audio] saw output EOS
12-22 13:47:30.627 3190 5437 D AudioTrack: stop() called with 52920 frames delivered
12-22 13:47:30.839 3911 4370 W Conscrypt: Could not set socket write timeout: java.net.SocketException: Socket closed
12-22 13:47:30.839 3911 4370 W Conscrypt: at com.google.android.gms.org.conscrypt.Platform.setSocketWriteTimeout(:com.google.android.gms@204516015@20.45.16 (040300-344294571):2)
12-22 13:47:30.839 3911 4370 W Conscrypt: at com.google.android.gms.org.conscrypt.ConscryptFileDescriptorSocket.setSoWriteTimeout(:com.google.android.gms@204516015@20.45.16 (040300-344294571):0)
12-22 13:47:30.850 3761 4298 I NetworkScheduler.Stats: Task com.google.android.gms/com.google.android.gms.auth.account.be.legacy.AuthCronService started execution. cause:5 exec_start_elapsed_seconds: 67 [CONTEXT service_id=218 ]
12-22 13:47:30.851 3761 4298 I NetworkScheduler.Stats: Task com.google.android.gms/com.google.android.gms.ads.social.GcmSchedulerWakeupService started execution. cause:5 exec_start_elapsed_seconds: 67 [CONTEXT service_id=218 ]
12-22 13:47:30.917 3911 4370 W Conscrypt: Could not set socket write timeout: java.net.SocketException: Socket closed
12-22 13:47:30.917 3911 4370 W Conscrypt: at com.google.android.gms.org.conscrypt.Platform.setSocketWriteTimeout(:com.google.android.gms@204516015@20.45.16 (040300-344294571):2)
12-22 13:47:30.917 3911 4370 W Conscrypt: at com.google.android.gms.org.conscrypt.ConscryptFileDescriptorSocket.setSoWriteTimeout(:com.google.android.gms@204516015@20.45.16 (040300-344294571):0)
12-22 13:47:31.058 3761 5316 I NetworkScheduler.Stats: Task com.google.android.gms/com.google.android.gms.ads.social.GcmSchedulerWakeupService finished executing. cause:5 result: 1 elapsed_millis: 529 uptime_millis: 529 exec_start_elapsed_seconds: 67 [CONTEXT service_id=218 ]
12-22 13:47:31.059 3761 4298 W Conscrypt: Could not set socket write timeout: java.net.SocketException: Socket closed
12-22 13:47:31.059 3761 4298 W Conscrypt: at com.google.android.gms.org.conscrypt.Platform.setSocketWriteTimeout(:com.google.android.gms@204516015@20.45.16 (040300-344294571):2)
12-22 13:47:31.059 3761 4298 W Conscrypt: at com.google.android.gms.org.conscrypt.ConscryptFileDescriptorSocket.setSoWriteTimeout(:com.google.android.gms@204516015@20.45.16 (040300-344294571):0)
12-22 13:47:31.076 3190 5425 D NuPlayerDriver: notifyListener_l(0xb0b59000), (2, 0, 0, -1), loop setting(0, 0)
12-22 13:47:31.077 3296 3976 I MediaFocusControl: abandonAudioFocus() from uid/pid 10028/3458 clientId=android.media.AudioManager@c4184dd
12-22 13:47:31.077 3296 4803 V MediaRouterService: restoreBluetoothA2dp(false)
12-22 13:47:31.135 3761 4298 W Conscrypt: Could not set socket write timeout: java.net.SocketException: Socket closed
12-22 13:47:31.135 3761 4298 W Conscrypt: at com.google.android.gms.org.conscrypt.Platform.setSocketWriteTimeout(:com.google.android.gms@204516015@20.45.16 (040300-344294571):2)
12-22 13:47:31.135 3761 4298 W Conscrypt: at com.google.android.gms.org.conscrypt.ConscryptFileDescriptorSocket.setSoWriteTimeout(:com.google.android.gms@204516015@20.45.16 (040300-344294571):0)
12-22 13:47:31.253 3761 4270 W GLSUser : [AppCertManager] Failed to get security token.
12-22 13:47:31.253 3761 4270 W GLSUser : java.io.IOException: INVALID_SENDER
12-22 13:47:31.253 3761 4270 W GLSUser : at aeit.f(:com.google.android.gms@204516015@20.45.16 (040300-344294571):21)
12-22 13:47:31.253 3761 4270 W GLSUser : at aeit.e(:com.google.android.gms@204516015@20.45.16 (040300-344294571):7)
12-22 13:47:31.253 3761 4270 W GLSUser : at aeit.d(:com.google.android.gms@204516015@20.45.16 (040300-344294571):0)
12-22 13:47:31.253 3761 4270 W GLSUser : at ias.b(:com.google.android.gms@204516015@20.45.16 (040300-344294571):13)
12-22 13:47:31.253 3761 4270 W GLSUser : at iaq.a(:com.google.android.gms@204516015@20.45.16 (040300-344294571):2)
12-22 13:47:31.253 3761 4270 W GLSUser : at ial.a(:com.google.android.gms@204516015@20.45.16 (040300-344294571):0)
12-22 13:47:31.253 3761 4270 W GLSUser : at iao.b(:com.google.android.gms@204516015@20.45.16 (040300-344294571):6)
12-22 13:47:31.253 3761 4270 W GLSUser : at gev.call(:com.google.android.gms@204516015@20.45.16 (040300-344294571):0)
12-22 13:47:31.253 3761 4270 W GLSUser : at java.util.concurrent.FutureTask.run(FutureTask.java:266)
12-22 13:47:31.253 3761 4270 W GLSUser : at tid.c(:com.google.android.gms@204516015@20.45.16 (040300-344294571):6)
12-22 13:47:31.253 3761 4270 W GLSUser : at tid.run(:com.google.android.gms@204516015@20.45.16 (040300-344294571):7)
12-22 13:47:31.253 3761 4270 W GLSUser : at java.util.concurrent.ThreadPoolExecutor.runWorker(ThreadPoolExecutor.java:1162)
12-22 13:47:31.253 3761 4270 W GLSUser : at java.util.concurrent.ThreadPoolExecutor$Worker.run(ThreadPoolExecutor.java:636)
12-22 13:47:31.253 3761 4270 W GLSUser : at tnz.run(:com.google.android.gms@204516015@20.45.16 (040300-344294571):0)
12-22 13:47:31.253 3761 4270 W GLSUser : at java.lang.Thread.run(Thread.java:764)
12-22 13:47:31.264 3761 4270 I Auth : [ReflectiveChannelBinder] Successfully bound channel!
12-22 13:47:31.302 3761 4301 I NetworkScheduler.Stats: Task com.google.android.gms/com.google.android.gms.clearcut.uploader.QosUploaderService started execution. cause:5 exec_start_elapsed_seconds: 68 [CONTEXT service_id=218 ]
12-22 13:47:31.317 3761 4270 W Conscrypt: Could not set socket write timeout: java.net.SocketException: Socket closed
12-22 13:47:31.317 3761 4270 W Conscrypt: at com.google.android.gms.org.conscrypt.Platform.setSocketWriteTimeout(:com.google.android.gms@204516015@20.45.16 (040300-344294571):2)
12-22 13:47:31.317 3761 4270 W Conscrypt: at com.google.android.gms.org.conscrypt.ConscryptFileDescriptorSocket.setSoWriteTimeout(:com.google.android.gms@204516015@20.45.16 (040300-344294571):0)
12-22 13:47:31.363 3761 5316 I NetworkScheduler.Stats: Task com.google.android.gms/com.google.android.gms.clearcut.uploader.QosUploaderService finished executing. cause:5 result: 1 elapsed_millis: 160 uptime_millis: 160 exec_start_elapsed_seconds: 68 [CONTEXT service_id=218 ]
12-22 13:47:31.400 3761 4270 W Conscrypt: Could not set socket write timeout: java.net.SocketException: Socket closed
12-22 13:47:31.401 3761 4270 W Conscrypt: at com.google.android.gms.org.conscrypt.Platform.setSocketWriteTimeout(:com.google.android.gms@204516015@20.45.16 (040300-344294571):2)
12-22 13:47:31.401 3761 4270 W Conscrypt: at com.google.android.gms.org.conscrypt.ConscryptFileDescriptorSocket.setSoWriteTimeout(:com.google.android.gms@204516015@20.45.16 (040300-344294571):0)
12-22 13:47:31.453 3761 3761 D BoundBrokerSvc: onUnbind: Intent { act=com.google.android.gms.phenotype.service.START pkg=com.google.android.gms }
12-22 13:47:31.596 3761 5316 I NetworkScheduler.Stats: Task com.google.android.gms/com.google.android.gms.gass.chimera.SchedulePeriodicTasksService started execution. cause:5 exec_start_elapsed_seconds: 68 [CONTEXT service_id=218 ]
12-22 13:47:31.608 3761 5316 I NetworkScheduler.Stats: Task com.google.android.gms/com.google.android.gms.auth.account.be.legacy.AuthCronService finished executing. cause:5 result: 1 elapsed_millis: 1292 uptime_millis: 1292 exec_start_elapsed_seconds: 67 [CONTEXT service_id=218 ]
12-22 13:47:31.647 3761 5316 I NetworkScheduler.Stats: Task com.google.android.gms/com.google.android.gms.gass.chimera.SchedulePeriodicTasksService finished executing. cause:5 result: 1 elapsed_millis: 148 uptime_millis: 148 exec_start_elapsed_seconds: 68 [CONTEXT service_id=218 ]
12-22 13:47:31.873 3761 5316 I NetworkScheduler.Stats: Task com.google.android.gms/com.google.android.gms.gass.chimera.SchedulePeriodicTasksService started execution. cause:5 exec_start_elapsed_seconds: 69 [CONTEXT service_id=218 ]
12-22 13:47:31.992 3296 3306 I zygote : Background concurrent copying GC freed 25508(1655KB) AllocSpace objects, 8(416KB) LOS objects, 49% free, 9MB/19MB, paused 322us total 126.373ms
12-22 13:47:32.108 3761 5316 I NetworkScheduler.Stats: Task com.google.android.gms/com.google.android.gms.gass.chimera.SchedulePeriodicTasksService finished executing. cause:5 result: 1 elapsed_millis: 325 uptime_millis: 325 exec_start_elapsed_seconds: 69 [CONTEXT service_id=218 ]
12-22 13:47:32.122 3761 5316 I NetworkScheduler.Stats: Task com.google.android.gms/com.google.android.gms.pay.gcmtask.PayGcmTaskService started execution. cause:5 exec_start_elapsed_seconds: 69 [CONTEXT service_id=218 ]
12-22 13:47:32.123 3761 3773 I zygote : Background concurrent copying GC freed 151241(7MB) AllocSpace objects, 22(600KB) LOS objects, 50% free, 7MB/15MB, paused 185us total 126.246ms
12-22 13:47:32.132 3911 4267 I Pay : Migration flag not enabled. [CONTEXT service_id=198 ]
12-22 13:47:32.147 3911 3911 D BoundBrokerSvc: onBind: Intent { act=com.google.android.gms.pay.service.BIND cmp=com.google.android.gms/.chimera.GmsApiService }
12-22 13:47:32.147 3911 3911 D BoundBrokerSvc: Loading bound service for intent: Intent { act=com.google.android.gms.pay.service.BIND cmp=com.google.android.gms/.chimera.GmsApiService }
12-22 13:47:32.165 3911 3911 I jfu : Primes not initialized, returning default (no-op) Primes instance which will ignore all calls. Please call Primes.initialize(...) before using any Primes API.
12-22 13:47:32.220 3296 3307 W ActivityManager: Slow operation: 52ms so far, now at getContentProviderImpl: after updateOomAdj
12-22 13:47:32.220 3296 3307 W ActivityManager: Slow operation: 53ms so far, now at getContentProviderImpl: done!
12-22 13:47:32.301 4774 4774 I Finsky:download_service: [2] tsb.onDestroy(8): IPC-SERVER: Stopping gRPC host service...
12-22 13:47:32.307 3761 4308 I NetworkScheduler.Stats: Task com.google.android.gms/com.google.android.gms.pay.gcmtask.PayGcmTaskService started execution. cause:5 exec_start_elapsed_seconds: 69 [CONTEXT service_id=218 ]
12-22 13:47:32.405 3761 3761 D BoundBrokerSvc: onBind: Intent { act=com.google.android.gms.tapandpay.service.BIND cmp=com.google.android.gms/.chimera.PersistentApiService }
12-22 13:47:32.405 3761 3761 D BoundBrokerSvc: Loading bound service for intent: Intent { act=com.google.android.gms.tapandpay.service.BIND cmp=com.google.android.gms/.chimera.PersistentApiService }
12-22 13:47:32.441 3911 4267 I Pay : Migration already completed. [CONTEXT service_id=198 ]
12-22 13:47:32.466 3761 3761 D BoundBrokerSvc: onUnbind: Intent { act=com.google.android.gms.auth.proximity.START cmp=com.google.android.gms/.chimera.PersistentBoundBrokerService }
12-22 13:47:32.470 5166 5178 W SystemServiceRegistry: No service published for: persistent_data_block
12-22 13:47:32.473 3911 4267 I Pay : Migration already completed. [CONTEXT service_id=198 ]
12-22 13:47:32.475 5166 5178 D vndksupport: Loading /vendor/lib/hw/gralloc.exynos5.so from current namespace instead of sphal namespace.
12-22 13:47:32.476 5166 5178 I com.google.android.gms.unstable: android::hardware::configstore::V1_0::ISurfaceFlingerConfigs::hasWideColorDisplay retrieved: 0
12-22 13:47:32.492 3911 4267 I Pay : Migration already completed. [CONTEXT service_id=198 ]
12-22 13:47:32.492 3911 4267 I Pay : Migration flag not enabled. [CONTEXT service_id=198 ]
12-22 13:47:32.495 5166 5178 D vndksupport: Loading /vendor/lib/hw/gralloc.exynos5.so from current namespace instead of sphal namespace.
12-22 13:47:32.496 5166 5178 I com.google.android.gms.unstable: android::hardware::configstore::V1_0::ISurfaceFlingerConfigs::hasWideColorDisplay retrieved: 0
12-22 13:47:32.507 3761 4308 I NetworkScheduler.Stats: Task com.google.android.gms/com.google.android.gms.pay.gcmtask.PayGcmTaskService finished executing. cause:5 result: 1 elapsed_millis: 263 uptime_millis: 263 exec_start_elapsed_seconds: 69 [CONTEXT service_id=218 ]
12-22 13:47:32.516 3911 4267 I Pay : Migration already completed. [CONTEXT service_id=198 ]
12-22 13:47:32.517 3911 4267 I Pay : Migration flag not enabled. [CONTEXT service_id=198 ]
12-22 13:47:32.674 3761 4301 I NetworkScheduler.Stats: Task com.google.android.gms/com.google.android.gms.pay.gcmtask.PayGcmTaskService started execution. cause:5 exec_start_elapsed_seconds: 70 [CONTEXT service_id=218 ]
12-22 13:47:32.690 3761 4301 I NetworkScheduler.Stats: Task com.google.android.gms/com.google.android.gms.pay.gcmtask.PayGcmTaskService finished executing. cause:5 result: 1 elapsed_millis: 666 uptime_millis: 666 exec_start_elapsed_seconds: 69 [CONTEXT service_id=218 ]
12-22 13:47:32.716 3911 3911 D BoundBrokerSvc: onUnbind: Intent { act=com.google.android.mdd.service.START cmp=com.google.android.gms/.chimera.GmsBoundBrokerService }
12-22 13:47:32.763 3911 5147 W Conscrypt: Could not set socket write timeout: java.net.SocketException: Socket closed
12-22 13:47:32.763 3911 5147 W Conscrypt: at com.google.android.gms.org.conscrypt.Platform.setSocketWriteTimeout(:com.google.android.gms@204516015@20.45.16 (040300-344294571):2)
12-22 13:47:32.763 3911 5147 W Conscrypt: at com.google.android.gms.org.conscrypt.ConscryptFileDescriptorSocket.setSoWriteTimeout(:com.google.android.gms@204516015@20.45.16 (040300-344294571):0)
12-22 13:47:32.837 3911 5147 W Conscrypt: Could not set socket write timeout: java.net.SocketException: Socket closed
12-22 13:47:32.837 3911 5147 W Conscrypt: at com.google.android.gms.org.conscrypt.Platform.setSocketWriteTimeout(:com.google.android.gms@204516015@20.45.16 (040300-344294571):2)
12-22 13:47:32.837 3911 5147 W Conscrypt: at com.google.android.gms.org.conscrypt.ConscryptFileDescriptorSocket.setSoWriteTimeout(:com.google.android.gms@204516015@20.45.16 (040300-344294571):0)
12-22 13:47:32.865 3761 4308 I NetworkScheduler.Stats: Task com.google.android.gms/com.google.android.gms.pay.gcmtask.PayGcmTaskService started execution. cause:5 exec_start_elapsed_seconds: 70 [CONTEXT service_id=218 ]
12-22 13:47:32.867 3911 4370 I Pay : Device does not support HCE. [CONTEXT service_id=198 ]
12-22 13:47:32.876 3761 4308 I NetworkScheduler.Stats: Task com.google.android.gms/com.google.android.gms.pay.gcmtask.PayGcmTaskService finished executing. cause:5 result: 1 elapsed_millis: 261 uptime_millis: 261 exec_start_elapsed_seconds: 70 [CONTEXT service_id=218 ]
12-22 13:47:32.898 3761 4308 I NetworkScheduler.Stats: Task com.google.android.gms/com.google.android.gms.pay.gcmtask.PayGcmTaskService finished executing. cause:5 result: 2 elapsed_millis: 79 uptime_millis: 79 exec_start_elapsed_seconds: 70 [CONTEXT service_id=218 ]
12-22 13:47:33.003 3296 4845 W ActivityManager: Slow operation: 53ms so far, now at getContentProviderImpl: incProviderCountLocked
12-22 13:47:33.003 3296 4845 W ActivityManager: Slow operation: 53ms so far, now at getContentProviderImpl: before updateLruProcess
12-22 13:47:33.004 3296 4845 W ActivityManager: Slow operation: 53ms so far, now at getContentProviderImpl: after updateLruProcess
12-22 13:47:33.004 3296 4845 W ActivityManager: Slow operation: 53ms so far, now at getContentProviderImpl: before updateOomAdj
12-22 13:47:33.008 3296 4845 W ActivityManager: Slow operation: 58ms so far, now at getContentProviderImpl: after updateOomAdj
12-22 13:47:33.008 3296 4845 W ActivityManager: Slow operation: 58ms so far, now at getContentProviderImpl: done!
12-22 13:47:33.128 3761 4308 I NetworkScheduler.Stats: Task com.google.android.gms/com.google.android.gms.pay.gcmtask.PayGcmTaskService started execution. cause:5 exec_start_elapsed_seconds: 70 [CONTEXT service_id=218 ]
12-22 13:47:33.135 3911 4267 E Pay : No account found on the task or the device. Notification task will not be rescheduled. [CONTEXT service_id=198 ]
12-22 13:47:33.307 3761 5316 I NetworkScheduler.Stats: Task com.google.android.gms/com.google.android.gms.udc.service.UdcContextInitService started execution. cause:5 exec_start_elapsed_seconds: 70 [CONTEXT service_id=218 ]
12-22 13:47:33.312 3761 5316 I NetworkScheduler.Stats: Task com.google.android.gms/com.google.android.gms.pay.gcmtask.PayGcmTaskService finished executing. cause:5 result: 2 elapsed_millis: 275 uptime_millis: 275 exec_start_elapsed_seconds: 70 [CONTEXT service_id=218 ]
12-22 13:47:33.375 3911 3916 I zygote : Do partial code cache collection, code=248KB, data=171KB
12-22 13:47:33.376 3911 3916 I zygote : After code cache collection, code=235KB, data=165KB
12-22 13:47:33.376 3911 3916 I zygote : Increasing code cache capacity to 1024KB
12-22 13:47:33.465 3911 4263 I zygote : Deoptimizing ccpt ccpm.B() due to JIT inline cache
12-22 13:47:33.554 3761 5316 I NetworkScheduler.Stats: Task com.google.android.gms/com.google.android.gms.tapandpay.gcmtask.TapAndPayGcmTaskService started execution. cause:5 exec_start_elapsed_seconds: 70 [CONTEXT service_id=218 ]
12-22 13:47:33.565 3761 4308 I NetworkScheduler.Stats: Task com.google.android.gms/com.google.android.gms.tapandpay.gcmtask.TapAndPayGcmTaskService finished executing. cause:5 result: 1 elapsed_millis: 103 uptime_millis: 103 exec_start_elapsed_seconds: 70 [CONTEXT service_id=218 ]
12-22 13:47:33.766 3761 4276 I FacsCacheGmsModule: Receiving API connection to FACS API from package 'com.google.android.gms'...
12-22 13:47:33.769 3761 4276 I FacsCacheGmsModule: API connection successful!
12-22 13:47:33.773 3761 4276 I FacsCacheGmsModule: Received 'readDeviceLevelSettings' request from package 'com.google.android.gms'...
12-22 13:47:33.774 3761 4276 I FacsCacheGmsModule: Operation 'readDeviceLevelSettings' dispatched!
12-22 13:47:33.774 3761 4308 I FacsCacheGmsModule: Executing operation 'ReadDeviceLevelSettingsOperation'...
12-22 13:47:33.776 3761 4308 I FacsCacheGmsModule: Operation 'ReadDeviceLevelSettingsOperation' successful!
12-22 13:47:33.798 3761 4301 I NetworkScheduler.Stats: Task com.google.android.gms/com.google.android.gms.tapandpay.gcmtask.TapAndPayGcmTaskService started execution. cause:5 exec_start_elapsed_seconds: 71 [CONTEXT service_id=218 ]
12-22 13:47:33.799 3911 4267 I GmsCoreXrpcWrapper: Returning a channel provider with trafficStatsTag=4097
12-22 13:47:33.806 3761 4301 I NetworkScheduler.Stats: Task com.google.android.gms/com.google.android.gms.tapandpay.gcmtask.TapAndPayGcmTaskService finished executing. cause:5 result: 1 elapsed_millis: 113 uptime_millis: 113 exec_start_elapsed_seconds: 71 [CONTEXT service_id=218 ]
12-22 13:47:33.993 3911 4234 I DynamiteModule: Considering local module com.google.android.gms.cronet_dynamite:0 and remote module com.google.android.gms.cronet_dynamite:1311
12-22 13:47:33.993 3911 4234 I DynamiteModule: Selected remote version of com.google.android.gms.cronet_dynamite, version >= 1311
12-22 13:47:33.997 3911 4234 W zygote : Unsupported class loader
12-22 13:47:34.001 3911 4234 W zygote : Skipping duplicate class check due to unsupported classloader
12-22 13:47:34.039 3761 4301 I NetworkScheduler.Stats: Task com.google.android.gms/com.google.android.gms.tapandpay.gcmtask.TapAndPayGcmTaskService started execution. cause:5 exec_start_elapsed_seconds: 71 [CONTEXT service_id=218 ]
12-22 13:47:34.050 3761 4301 I NetworkScheduler.Stats: Task com.google.android.gms/com.google.android.gms.tapandpay.gcmtask.TapAndPayGcmTaskService finished executing. cause:5 result: 1 elapsed_millis: 103 uptime_millis: 103 exec_start_elapsed_seconds: 71 [CONTEXT service_id=218 ]
12-22 13:47:34.138 3911 4234 I cr_CronetLibraryLoader: Cronet version: 85.0.4183.127, arch: armv7l
12-22 13:47:34.188 3911 5463 W ResourceType: ResTable_typeSpec entry count inconsistent: given 67, previously 69
12-22 13:47:34.188 3911 5463 W ResourceType: ResTable_typeSpec entry count inconsistent: given 5399, previously 5400
12-22 13:47:34.301 3761 4301 I NetworkScheduler.Stats: Task com.google.android.gms/com.google.android.gms.tapandpay.gcmtask.TapAndPayGcmTaskService started execution. cause:5 exec_start_elapsed_seconds: 71 [CONTEXT service_id=218 ]
12-22 13:47:34.338 3761 4308 I NetworkScheduler.Stats: Task com.google.android.gms/com.google.android.gms.tapandpay.gcmtask.TapAndPayGcmTaskService finished executing. cause:5 result: 1 elapsed_millis: 145 uptime_millis: 145 exec_start_elapsed_seconds: 71 [CONTEXT service_id=218 ]
12-22 13:47:34.531 3911 5466 I cr_CronetUrlRequestContext: destroyNativeStreamLocked org.chromium.net.impl.CronetBidirectionalStream@a926c8c
12-22 13:47:34.538 3761 4308 I NetworkScheduler.Stats: Task com.google.android.gms/com.google.android.gms.tapandpay.gcmtask.TapAndPayGcmTaskService started execution. cause:5 exec_start_elapsed_seconds: 71 [CONTEXT service_id=218 ]
12-22 13:47:34.554 3761 4301 I NetworkScheduler.Stats: Task com.google.android.gms/com.google.android.gms.tapandpay.gcmtask.TapAndPayGcmTaskService finished executing. cause:5 result: 1 elapsed_millis: 89 uptime_millis: 89 exec_start_elapsed_seconds: 71 [CONTEXT service_id=218 ]
12-22 13:47:34.561 3761 4276 I FacsCacheGmsModule: Received 'writeDeviceLevelSettings' request from package 'com.google.android.gms'...
12-22 13:47:34.562 3761 4276 I FacsCacheGmsModule: Operation 'writeDeviceLevelSettings' dispatched!
12-22 13:47:34.564 3761 4301 I FacsCacheGmsModule: Executing operation 'WriteDeviceLevelSettingsOperation'...
12-22 13:47:34.581 3761 4301 W GmsIntents: Google now certificate not valid. UDC settings broadcast will not be sent.
12-22 13:47:34.582 3761 4301 I FacsCacheGmsModule: Operation 'WriteDeviceLevelSettingsOperation' successful!
12-22 13:47:34.662 3911 5141 I ContactsLoggerIntent: handleUdcSettingChanged: Udc flag is enabled [CONTEXT service_id=135 ]
12-22 13:47:34.739 3761 4276 I FacsCacheGmsModule: Received 'getActivityControlsSettings' request from package 'com.google.android.gms', instance id 'gmscoreinmemoryfacscache_contact_uploads', version '1'...
12-22 13:47:34.740 3761 4276 I FacsCacheGmsModule: Operation 'getActivityControlsSettings' dispatched!
12-22 13:47:34.741 3761 4270 I FacsCacheGmsModule: Executing operation 'GetActivityControlsSettingsOperation'...
12-22 13:47:34.750 3761 4270 I FacsCacheGmsModule: Operation 'GetActivityControlsSettingsOperation' successful!
12-22 13:47:34.766 3761 4301 I NetworkScheduler.Stats: Task com.google.android.gms/com.google.android.gms.udc.service.UdcContextInitService finished executing. cause:5 result: 1 elapsed_millis: 1531 uptime_millis: 1531 exec_start_elapsed_seconds: 70 [CONTEXT service_id=218 ]
12-22 13:47:34.924 3911 3911 D BoundBrokerSvc: onUnbind: Intent { act=com.google.android.gms.safetynet.service.START cmp=com.google.android.gms/.chimera.GmsBoundBrokerService }
12-22 13:47:34.988 3911 3922 I zygote : Background concurrent copying GC freed 55270(3MB) AllocSpace objects, 23(592KB) LOS objects, 49% free, 7MB/15MB, paused 139us total 114.965ms
12-22 13:47:35.049 3761 3761 W SystemServiceRegistry: No service published for: persistent_data_block
12-22 13:47:35.179 3911 3911 D BoundBrokerSvc: onBind: Intent { act=com.google.android.gms.people.contactssync.service.START cmp=com.google.android.gms/.chimera.GmsBoundBrokerService }
12-22 13:47:35.179 3911 3911 D BoundBrokerSvc: Loading bound service for intent: Intent { act=com.google.android.gms.people.contactssync.service.START cmp=com.google.android.gms/.chimera.GmsBoundBrokerService }
12-22 13:47:35.219 3911 4194 I PeopleChimeraService: onService. callbacks = aaxy@4db9d25, request = com.google.android.gms.common.internal.GetServiceRequest@b015efa
12-22 13:47:35.759 3458 3499 W zygote : Checksum mismatch for dex SystemUI.apk
12-22 13:47:35.759 3458 3499 W zygote : Checksum mismatch for dex SystemUI.apk
12-22 13:47:36.917 4496 4543 D InitAlarmsService: Clearing and rescheduling alarms.
12-22 13:47:36.949 3296 3976 I ActivityManager: Killing 4496:com.android.calendar/u0a41 (adj 906): empty #17
12-22 13:47:36.949 3296 3315 W system_server: kill(-4496, 9) failed: No such process
12-22 13:47:36.995 3296 3315 I chatty : uid=1000(system) ActivityManager identical 1 line
12-22 13:47:37.037 3296 3315 W system_server: kill(-4496, 9) failed: No such process
12-22 13:47:37.037 3296 3315 I system_server: Successfully killed process cgroup uid 10041 pid 4496 in 87ms
12-22 13:47:37.238 3761 3761 D BoundBrokerSvc: onUnbind: Intent { act=com.google.android.gms.auth.proximity.devicesyncservice.START cmp=com.google.android.gms/.chimera.PersistentBoundBrokerService }
12-22 13:47:37.689 3296 4845 I ActivityManager: Killing 3711:com.android.deskclock/u0a42 (adj 906): empty #17
12-22 13:47:37.690 3296 3315 W system_server: kill(-3711, 9) failed: No such process
12-22 13:47:37.730 3296 3315 I chatty : uid=1000(system) ActivityManager identical 1 line
12-22 13:47:37.775 3296 3315 W system_server: kill(-3711, 9) failed: No such process
12-22 13:47:37.775 3296 3315 I system_server: Successfully killed process cgroup uid 10042 pid 3711 in 84ms
12-22 13:47:37.923 3761 3761 I zygote : Deoptimizing brsd brhq.C() due to JIT inline cache
12-22 13:47:37.930 3761 3761 I zygote : Deoptimizing brsd brhq.D(int) due to JIT inline cache
12-22 13:47:37.953 3296 3387 I InputReader: Reconfiguring input devices. changes=0x00000010
12-22 13:47:37.954 3296 3296 W ResourceType: ResTable_typeSpec entry count inconsistent: given 67, previously 69
12-22 13:47:37.954 3296 3296 W ResourceType: ResTable_typeSpec entry count inconsistent: given 5399, previously 5400
12-22 13:47:38.077 3296 3312 W ResourceType: ResTable_typeSpec entry count inconsistent: given 67, previously 69
12-22 13:47:38.077 3296 3312 W ResourceType: ResTable_typeSpec entry count inconsistent: given 5399, previously 5400
12-22 13:47:38.093 3296 3312 W ResourceType: ResTable_typeSpec entry count inconsistent: given 2648, previously 2651
12-22 13:47:38.094 3296 3312 W ResourceType: ResTable_typeSpec entry count inconsistent: given 2731, previously 2736
12-22 13:47:38.154 3296 3312 W Searchables: No global search activity found
12-22 13:47:38.189 3911 4190 I Icing : IndexChimeraService.getServiceInterface callingPackage=com.google.android.gms componentName=AppsCorpus serviceId=36
12-22 13:47:38.229 3911 5461 I GmsCoreXrpcWrapper: Returning a channel provider with trafficStatsTag=12803
12-22 13:47:38.244 3296 3296 I ActivityManager: Start proc 5482:com.happyconz.blackbox/u0a83 for service com.happyconz.blackbox/.receiver.job.NetworkJobService
12-22 13:47:38.308 3911 4217 W PeopleGalProvider: Not enabled to outside of GmsCore.
12-22 13:47:38.309 3911 4217 I PeopleGalProvider: Method 0 completed.
12-22 13:47:38.315 4561 5475 I ContactDirectoryManager: Directory provider com.google.android.gms(com.google.android.gms.people.gal.provider) returned a NULL cursor.
12-22 13:47:38.332 3911 5461 I Icing : Usage reports ok 0, Failed Usage reports 0, indexed 0, rejected 0
12-22 13:47:38.342 3911 4235 I Icing : IndexChimeraService.getServiceInterface callingPackage=com.google.android.gms componentName=null serviceId=30
12-22 13:47:38.393 3761 5478 I Fitness : OnPackageChangedOperation got intent: Intent { act=android.intent.action.PACKAGE_CHANGED dat=package:com.google.android.gms flg=0x45000010 pkg=com.google.android.gms cmp=com.google.android.gms/.chimera.PersistentIntentOperationService (has extras) } [CONTEXT service_id=17 ]
12-22 13:47:38.415 5482 5482 I MultiDex: VM with version 2.1.0 has multidex support
12-22 13:47:38.416 5482 5482 I MultiDex: Installing application
12-22 13:47:38.416 5482 5482 I MultiDex: VM has multidex support, MultiDex support library is disabled.
12-22 13:47:38.423 3911 3911 W zygote : Long monitor contention with owner lowpool[2] (4267) at void bhjo.e()(:com.google.android.gms@204516015@20.45.16 (040300-344294571):1) waiters=0 in bhjo bhjo.a(android.content.ContentResolver, android.net.Uri) for 248ms
12-22 13:47:38.450 5482 5500 W ResourceType: ResTable_typeSpec entry count inconsistent: given 67, previously 69
12-22 13:47:38.450 5482 5500 W ResourceType: ResTable_typeSpec entry count inconsistent: given 5399, previously 5400
12-22 13:47:38.471 5482 5482 D FirebaseApp: com.google.firebase.auth.FirebaseAuth is not linked. Skipping initialization.
12-22 13:47:38.471 5482 5500 V FA : Deferring to Google Analytics for Firebase for event data collection. https://goo.gl/J1sWQy
12-22 13:47:38.471 5482 5482 D FirebaseApp: com.google.firebase.crash.FirebaseCrash is not linked. Skipping initialization.
12-22 13:47:38.472 5482 5482 I FirebaseInitProvider: FirebaseApp initialization successful
12-22 13:47:38.474 3296 3306 I zygote : Background concurrent copying GC freed 38436(2021KB) AllocSpace objects, 10(520KB) LOS objects, 49% free, 10MB/20MB, paused 557us total 159.653ms
12-22 13:47:38.488 3911 5141 W zygote : Long monitor contention with owner lowpool[2] (4267) at void bhjo.e()(:com.google.android.gms@204516015@20.45.16 (040300-344294571):1) waiters=1 in bhjo bhjo.a(android.content.ContentResolver, android.net.Uri) for 292ms
12-22 13:47:38.578 5482 5500 W zygote : Unsupported class loader
12-22 13:47:38.583 5482 5500 W zygote : Skipping duplicate class check due to unsupported classloader
12-22 13:47:38.586 5482 5500 I DynamiteModule: Considering local module com.google.android.gms.ads.dynamite:0 and remote module com.google.android.gms.ads.dynamite:204204100
12-22 13:47:38.586 5482 5500 I DynamiteModule: Selected remote version of com.google.android.gms.ads.dynamite, version >= 204204100
12-22 13:47:38.586 5482 5500 V DynamiteModule: Dynamite loader version >= 2, using loadModule2NoCrashUtils
12-22 13:47:38.634 3911 4267 I GmscoreIpa: Using regular flags by method 2 [CONTEXT service_id=255 ]
12-22 13:47:38.741 5482 5500 W zygote : Unsupported class loader
12-22 13:47:38.745 5482 5500 W zygote : Skipping duplicate class check due to unsupported classloader
12-22 13:47:38.750 3296 3312 W Binder : Outgoing transactions from this process must be FLAG_ONEWAY
12-22 13:47:38.750 3296 3312 W Binder : java.lang.Throwable
12-22 13:47:38.750 3296 3312 W Binder : at android.os.BinderProxy.transact(Binder.java:754)
12-22 13:47:38.750 3296 3312 W Binder : at com.android.internal.location.ILocationProvider$Stub$Proxy.getProperties(ILocationProvider.java:232)
12-22 13:47:38.750 3296 3312 W Binder : at com.android.server.location.LocationProviderProxy$1.run(LocationProviderProxy.java:119)
12-22 13:47:38.750 3296 3312 W Binder : at android.os.Handler.handleCallback(Handler.java:790)
12-22 13:47:38.750 3296 3312 W Binder : at android.os.Handler.dispatchMessage(Handler.java:99)
12-22 13:47:38.750 3296 3312 W Binder : at android.os.Looper.loop(Looper.java:164)
12-22 13:47:38.750 3296 3312 W Binder : at android.os.HandlerThread.run(HandlerThread.java:65)
12-22 13:47:38.753 3296 3312 W Binder : Outgoing transactions from this process must be FLAG_ONEWAY
12-22 13:47:38.753 3296 3312 W Binder : java.lang.Throwable
12-22 13:47:38.753 3296 3312 W Binder : at android.os.BinderProxy.transact(Binder.java:754)
12-22 13:47:38.753 3296 3312 W Binder : at com.android.internal.location.ILocationProvider$Stub$Proxy.getProperties(ILocationProvider.java:232)
12-22 13:47:38.753 3296 3312 W Binder : at com.android.server.location.LocationProviderProxy$1.run(LocationProviderProxy.java:119)
12-22 13:47:38.753 3296 3312 W Binder : at android.os.Handler.handleCallback(Handler.java:790)
12-22 13:47:38.753 3296 3312 W Binder : at android.os.Handler.dispatchMessage(Handler.java:99)
12-22 13:47:38.753 3296 3312 W Binder : at android.os.Looper.loop(Looper.java:164)
12-22 13:47:38.753 3296 3312 W Binder : at android.os.HandlerThread.run(HandlerThread.java:65)
12-22 13:47:38.772 3761 5478 I Fitness : FitCleanupIntentOperation received Intent android.intent.action.PACKAGE_CHANGED [CONTEXT service_id=17 ]
12-22 13:47:38.777 5482 5482 I DynamiteModule: Considering local module com.google.android.gms.ads.dynamite:0 and remote module com.google.android.gms.ads.dynamite:204204100
12-22 13:47:38.777 5482 5482 I DynamiteModule: Selected remote version of com.google.android.gms.ads.dynamite, version >= 204204100
12-22 13:47:38.805 5482 5482 D DynamitePackage: Instantiated singleton DynamitePackage.
12-22 13:47:38.806 5482 5482 D DynamitePackage: Instantiating com.google.android.gms.ads.ChimeraMobileAdsSettingManagerCreatorImpl
12-22 13:47:38.843 5482 5511 D NetworkSecurityConfig: No Network Security Config specified, using platform default
12-22 13:47:38.860 5482 5482 I Ads : Updating ad debug logging enablement.
12-22 13:47:38.897 3911 5461 I GmsCoreXrpcWrapper: Returning a channel provider with trafficStatsTag=12803
12-22 13:47:38.910 5482 5482 I WebViewFactory: Loading com.android.webview version 86.0.4240.198 (code 424019800)
12-22 13:47:38.931 3911 5461 I Icing : Usage reports ok 0, Failed Usage reports 0, indexed 0, rejected 0
12-22 13:47:38.953 3911 5461 I Icing : updateResources: need to parse adeu{com.google.android.gms}
12-22 13:47:38.979 5482 5520 I cr_VariationsUtils: Failed reading seed file "/data/user/0/com.happyconz.blackbox/app_webview/variations_seed_new"
12-22 13:47:38.988 5482 5508 I FA : App measurement is starting up, version: 15300
12-22 13:47:38.988 5482 5508 I FA : To enable debug logging run: adb shell setprop log.tag.FA VERBOSE
12-22 13:47:38.988 5482 5508 I FA : To enable faster debug mode event logging run:
12-22 13:47:38.988 5482 5508 I FA : adb shell setprop debug.firebase.analytics.app com.happyconz.blackbox
12-22 13:47:38.997 5482 5482 I cr_LibraryLoader: Loaded native library version number "86.0.4240.198"
12-22 13:47:38.999 5482 5482 I cr_CachingUmaRecorder: Flushed 5 samples from 5 histograms.
12-22 13:47:39.020 5482 5482 I cr_VariationsUtils: Loaded seed with age 11506s
12-22 13:47:39.066 5522 5522 E /system/bin/webview_zygote32: Failed to make and chown /acct/uid_99002: Permission denied
12-22 13:47:39.066 5522 5522 E Zygote : createProcessGroup(99002, 0) failed: Permission denied
12-22 13:47:39.069 3296 3592 I ActivityManager: Start proc 5522:com.android.webview:sandboxed_process0/u0i2 for webview_service com.happyconz.blackbox/org.chromium.content.app.SandboxedProcessService0
12-22 13:47:39.130 3911 5461 I Icing : Indexing com.google.android.gms-apps from com.google.android.gms
12-22 13:47:39.148 5546 5546 E asset : setgid: Operation not permitted
12-22 13:47:39.184 3911 5461 I Icing : Indexing done com.google.android.gms-apps
12-22 13:47:39.226 5522 5522 I cr_ChildProcessService: Creating new ChildProcessService pid=5522
12-22 13:47:39.268 5482 5555 D vndksupport: Loading /vendor/lib/egl/libGLES_mali.so from current namespace instead of sphal namespace.
12-22 13:47:39.276 5482 5543 E BluetoothAdapter: Bluetooth binder is null
12-22 13:47:39.282 5522 5554 I cr_LibraryLoader: Loaded native library version number "86.0.4240.198"
12-22 13:47:39.283 5522 5554 I cr_CachingUmaRecorder: Flushed 1 samples from 1 histograms.
12-22 13:47:39.311 5482 5555 D libEGL : loaded /vendor/lib/egl/libGLES_mali.so
12-22 13:47:39.329 5482 5482 I Crashlytics: Initializing Crashlytics 1.1.13.29
12-22 13:47:39.401 5482 5555 I : PLATFORM VERSION : JB-MR-2
12-22 13:47:39.402 5482 5555 D vndksupport: Loading /vendor/lib/hw/gralloc.exynos5.so from current namespace instead of sphal namespace.
12-22 13:47:39.407 5482 5555 I com.happyconz.blackbox: android::hardware::configstore::V1_0::ISurfaceFlingerConfigs::hasWideColorDisplay retrieved: 0
12-22 13:47:39.454 3761 3761 D BoundBrokerSvc: onUnbind: Intent { act=com.google.android.gms.pseudonymous.service.START cmp=com.google.android.gms/.chimera.PersistentApiService }
12-22 13:47:39.576 3296 3592 I ActivityManager: Killing 4643:com.android.packageinstaller/u0a19 (adj 906): empty #17
12-22 13:47:39.577 3296 3592 I ActivityManager: Killing 4624:com.android.managedprovisioning/u0a18 (adj 906): empty #18
12-22 13:47:39.577 3296 3315 W system_server: kill(-4643, 9) failed: No such process
12-22 13:47:39.610 5482 5516 W Ads : Update ad debug logging enablement as false
12-22 13:47:39.622 3296 3315 W system_server: kill(-4643, 9) failed: No such process
12-22 13:47:39.667 3296 3315 W system_server: kill(-4643, 9) failed: No such process
12-22 13:47:39.667 3296 3315 I system_server: Successfully killed process cgroup uid 10019 pid 4643 in 89ms
12-22 13:47:39.667 3296 3315 W system_server: kill(-4624, 9) failed: No such process
12-22 13:47:39.668 3296 3315 I system_server: Successfully killed process cgroup uid 10018 pid 4624 in 0ms
12-22 13:47:39.873 3911 3911 D BoundBrokerSvc: onUnbind: Intent { act=com.google.android.gms.auth.cryptauth.cryptauthservice.START cmp=com.google.android.gms/.chimera.GmsBoundBrokerService }
12-22 13:47:39.950 3761 3761 D BoundBrokerSvc: onUnbind: Intent { act=com.google.android.gms.auth.account.workaccount.START cmp=com.google.android.gms/.chimera.PersistentApiService }
12-22 13:47:40.500 3296 3592 I ActivityManager: Killing 4599:com.android.exchange/u0a82 (adj 906): empty #17
12-22 13:47:40.501 3296 3315 W system_server: kill(-4599, 9) failed: No such process
12-22 13:47:40.529 3296 3315 I chatty : uid=1000(system) ActivityManager identical 1 line
12-22 13:47:40.572 3296 3315 W system_server: kill(-4599, 9) failed: No such process
12-22 13:47:40.572 3296 3315 I system_server: Successfully killed process cgroup uid 10082 pid 4599 in 71ms
12-22 13:47:41.428 3911 3911 D BoundBrokerSvc: onUnbind: Intent { act=com.google.android.mdh.service.START cmp=com.google.android.gms/.chimera.GmsBoundBrokerService }
12-22 13:47:41.447 3911 3911 D BoundBrokerSvc: onUnbind: Intent { act=com.google.android.mdh.service.listener.START cmp=com.google.android.gms/.chimera.GmsBoundBrokerService }
12-22 13:47:41.971 4545 5588 D CalendarAlarmManager: schedule reminder alarm fired at 1608645000000
12-22 13:47:41.972 4545 5588 W ContentResolver: Failed to get type for: content://com.android.calendar/1608645000000 (Unknown URL content://com.android.calendar/1608645000000)
12-22 13:47:43.569 3761 3761 D BoundBrokerSvc: onUnbind: Intent { act=com.google.android.gms.phenotype.service.START cmp=com.google.android.gms/.chimera.PersistentApiService }
12-22 13:47:43.576 3911 3911 D BoundBrokerSvc: onUnbind: Intent { act=com.google.android.gms.facs.internal.service.START cmp=com.google.android.gms/.chimera.GmsInternalApiService }
12-22 13:47:44.384 3761 3761 D BoundBrokerSvc: onUnbind: Intent { act=com.google.android.gms.udc.service.START cmp=com.google.android.gms/.chimera.PersistentApiService }
12-22 13:47:45.332 3981 4010 W zygote : Checksum mismatch for dex Trebuchet.apk
12-22 13:47:45.332 3981 4010 W zygote : Checksum mismatch for dex Trebuchet.apk
12-22 13:47:47.562 3911 3911 D BoundBrokerSvc: onUnbind: Intent { act=com.google.android.gms.pay.service.BIND cmp=com.google.android.gms/.chimera.GmsApiService }
12-22 13:47:48.138 3761 3761 D BoundBrokerSvc: onUnbind: Intent { act=com.google.android.gms.tapandpay.service.BIND cmp=com.google.android.gms/.chimera.PersistentApiService }
12-22 13:47:49.748 3296 3307 I ActivityManager: Killing 4731:com.google.android.onetimeinitializer/u0a15 (adj 906): empty #17
12-22 13:47:49.749 3296 3315 W system_server: kill(-4731, 9) failed: No such process
12-22 13:47:49.784 3761 3761 D BoundBrokerSvc: onUnbind: Intent { act=com.google.android.gms.facs.cache.service.START cmp=com.google.android.gms/.chimera.PersistentApiService }
12-22 13:47:49.792 3296 3315 W system_server: kill(-4731, 9) failed: No such process
12-22 13:47:49.837 3296 3315 W system_server: kill(-4731, 9) failed: No such process
12-22 13:47:49.837 3296 3315 I system_server: Successfully killed process cgroup uid 10015 pid 4731 in 87ms
12-22 13:47:49.842 3981 3986 I zygote : Do partial code cache collection, code=27KB, data=31KB
12-22 13:47:49.844 3981 3986 I zygote : After code cache collection, code=25KB, data=30KB
12-22 13:47:49.844 3981 3986 I zygote : Increasing code cache capacity to 128KB
12-22 13:47:50.279 3911 3911 D BoundBrokerSvc: onUnbind: Intent { act=com.google.android.gms.people.contactssync.service.START cmp=com.google.android.gms/.chimera.GmsBoundBrokerService }
12-22 13:47:50.387 3296 5590 I BackgroundDexOptService: Pinning optimized code {}
12-22 13:47:52.293 3296 3414 W AudioTrack: AUDIO_OUTPUT_FLAG_FAST denied, rates do not match 48000 Hz, require 44100 Hz
12-22 13:47:52.296 3296 3307 I ActivityManager: START u0 {act=android.intent.action.MAIN cat=[android.intent.category.LAUNCHER] flg=0x10200000 cmp=com.dailyroads.v.pro/.Launch bnds=[86,152][266,276]} from uid 10026
12-22 13:47:52.301 3072 3869 D audio_hw_primary: found out /dev/snd/pcmC0D1p
12-22 13:47:52.330 3296 3346 W System : ClassLoader referenced unknown path:
12-22 13:47:52.336 3296 3346 W WindowManager: Token{ba7329 ActivityRecord{45eb8b0 u0 com.dailyroads.v.pro/.Launch t206}} failed creating starting window
12-22 13:47:52.336 3296 3346 W WindowManager: android.view.InflateException: Binary XML file line #32: Failed to resolve attribute at index 1: TypedValue{t=0x2/d=0x101005a a=-1}
12-22 13:47:52.336 3296 3346 W WindowManager: Caused by: java.lang.UnsupportedOperationException: Failed to resolve attribute at index 1: TypedValue{t=0x2/d=0x101005a a=-1}
