12-22 13:50:10.933 5787 5787 I DRV : 20201222135010: initializeVideo microphone: no, false, false
12-22 13:50:10.938 5787 5787 I DRV : 20201222135010: getRealRes 0, true|true
12-22 13:50:10.940 5787 5787 I DRV : 20201222135010: ED 480p video file (480x640, H.264 (AVC), 30, 3000000, 120): /storage/95C8-A70E/Android/data/com.dailyroads.v.pro/files/dailyroadspro/Tempvideos/20201222135010_0_0_1000002.mp4
12-22 13:50:10.941 3190 3649 D Camera_Factory: CameraFactory::get_camera_info
12-22 13:50:10.941 3190 3649 D Camera_Factory: CameraFactory::getCameraInfo: id = 0, info = 0xb010b520
12-22 13:50:10.941 3190 3649 D Camera_Factory: CameraFactory::getCameraNum: 1
12-22 13:50:10.941 3190 3649 D CameraHardware: CameraHardware::getCameraInfo
12-22 13:50:10.943 5787 5787 I DRV : 20201222135010: camera 0 back getOrientationDegrees: 0, 0, 0
12-22 13:50:10.955 5787 5787 I MediaRecorderJNI: prepare: surface=0x98dff800
12-22 13:50:10.956 3190 3649 D CameraHardware: CameraHardware::getParameters
12-22 13:50:10.957 3190 3649 D CameraHardware: CameraHardware::putParameters
12-22 13:50:10.958 3190 3649 D CameraHardware: CameraHardware::setParameters
12-22 13:50:10.959 3190 3649 D CameraHardware: CameraHardware::setParameters: PREVIEW: Size 640x480, 30 fps, format: yuv422sp
12-22 13:50:10.959 3190 3649 D CameraHardware: CameraHardware::setParameters: PICTURE: Size 1280x720, format: jpeg
12-22 13:50:10.959 3190 3649 D CameraHardware: CameraHardware::setParameters: VIDEO: Size 640x480, format: yuv420p
12-22 13:50:10.959 3190 3649 D CameraHardware: CameraHardware::initHeapLocked
12-22 13:50:10.959 3190 3649 D CameraHardware: CameraHardware::initHeapLocked: preview size=640x480
12-22 13:50:10.959 3190 3649 D CameraHardware: CameraHardware::initHeapLocked: picture size=1280x720
12-22 13:50:10.959 3190 3649 D CameraHardware: CameraHardware::initHeapLocked: video size=640x480
12-22 13:50:10.959 3190 3649 E CameraHardwareInterface: unregisterMemory: memory pool ID 26 not found
12-22 13:50:10.959 3083 3083 W /system/bin/hw/android.hidl.allocator@1.0-service: ashmem_create_region(1843200) returning hidl_memory(0xabf988a0, 1843200)
12-22 13:50:10.960 3190 3649 D CameraHardware: CameraHardware::initHeapLocked: recording heap allocated
12-22 13:50:10.960 3190 3649 D CameraHardware: CameraHardware::initHeapLocked: OK
12-22 13:50:10.960 3190 3649 D CameraHardware: CameraHardware::setParameters: OK
12-22 13:50:10.960 3190 3649 D CameraHardware: CameraHardware::getParameters
12-22 13:50:10.960 3190 3649 D CameraHardware: CameraHardware::putParameters
12-22 13:50:10.961 3190 3649 E CameraClient: setVideoBufferMode: 592: videoBufferMode 2 is not supported.
12-22 13:50:10.961 3190 3649 D CameraHardware: CameraHardware::storeMetaDataInBuffers: 1
12-22 13:50:10.961 3190 3649 D CameraHardware: CameraHardware::storeMetaDataInBuffers: 0
12-22 13:50:10.963 3182 3216 I OMXMaster: makeComponentInstance(OMX.Exynos.AVC.Encoder) in android.hardwar process
12-22 13:50:10.971 3182 3216 D libexynosv4l2: try node: /dev/video0
12-22 13:50:10.972 3182 3216 D libexynosv4l2: try node: /dev/video6
12-22 13:50:10.972 3182 3216 D libexynosv4l2: try node: /dev/video7
12-22 13:50:10.972 3182 3216 I libexynosv4l2: node found for device s5p-mfc-enc: /dev/video7
12-22 13:50:11.004 3182 3216 I libexynosv4l2: open video device /dev/video7
12-22 13:50:11.004 3182 3216 I ExynosVideoEncoder: MFC_Exynos_Video_GetInstInfo_Encoder: MFC HwVersion=0x80
12-22 13:50:11.006 3190 5879 I MediaCodec: MediaCodec will operate in async mode
12-22 13:50:11.009 3190 5880 I ACodec : setupAVCEncoderParameters with [profile: Baseline] [level: Level31]
12-22 13:50:11.011 3190 5880 I ACodec : [OMX.Exynos.AVC.Encoder] cannot encode color aspects. Ignoring.
12-22 13:50:11.011 3190 5880 I ACodec : [OMX.Exynos.AVC.Encoder] cannot encode HDR static metadata. Ignoring.
12-22 13:50:11.011 3190 5880 I ACodec : setupVideoEncoder succeeded
12-22 13:50:11.011 3182 3732 E OMXNodeInstance: setConfig(0xa63a2cc0:Exynos.AVC.Encoder, ConfigPriority(0x6f800002)) ERROR: UnsupportedIndex(0x8000101a)
12-22 13:50:11.011 3190 5880 I ACodec : codec does not support config priority (err -1010)
12-22 13:50:11.012 3182 3216 E OMXNodeInstance: getConfig(0xa63a2cc0:Exynos.AVC.Encoder, ConfigLatency(0x6f800005)) ERROR: UnsupportedIndex(0x8000101a)
12-22 13:50:11.013 3182 3216 E OMXNodeInstance: getConfig(0xa63a2cc0:Exynos.AVC.Encoder, ConfigAndroidIntraRefresh(0x6f60000a)) ERROR: UnsupportedIndex(0x8000101a)
12-22 13:50:11.028 3182 5881 D libexynosv4l2: try node: /dev/video0
12-22 13:50:11.028 3182 5881 D libexynosv4l2: try node: /dev/video6
12-22 13:50:11.028 3182 5881 D libexynosv4l2: try node: /dev/video7
12-22 13:50:11.029 3182 5881 I libexynosv4l2: node found for device s5p-mfc-enc: /dev/video7
12-22 13:50:11.029 3190 3649 I MPEG4Writer: limits: 4294967295/0 bytes/us, bit rate: 3000000 bps and the estimated moov size 3322 bytes
12-22 13:50:11.031 3190 5878 I MediaCodecSource: MediaCodecSource (video) starting
12-22 13:50:11.031 3190 5887 I CameraSource: Using encoder format: 0x22
12-22 13:50:11.031 3190 5887 I CameraSource: Using encoder data space: 0x103
12-22 13:50:11.031 3190 5887 D CameraHardware: CameraHardware::sendCommand
12-22 13:50:11.031 3190 5887 D CameraHardware: CameraHardware::isRecordingEnabled: 0
12-22 13:50:11.032 3190 5887 D CameraHardware: CameraHardware::isRecordingEnabled: 0
12-22 13:50:11.032 3190 5887 D CameraHardware: CameraHardware::isPreviewEnabled: 0
12-22 13:50:11.032 3190 5887 D CameraHardware: CameraHardware::isPreviewEnabled: 0
12-22 13:50:11.033 3190 5887 D CameraHardware: CameraHardware::setPreviewWindow: preview_stream_ops: 0xb2639104
12-22 13:50:11.033 3190 5887 D CameraHardware: CameraHardware::startPreview
12-22 13:50:11.033 3190 5887 D CameraHardware: CameraHardware::startPreviewLocked
12-22 13:50:11.033 3190 5887 D CameraHardware: CameraHardware::startPreviewLocked: Open, 640x480
12-22 13:50:11.033 3190 5887 D V4L2Camera: V4L2Camera::EnumFrameFormats
12-22 13:50:11.033 3190 5887 D V4L2Camera: { pixelformat = 'YUYV', description = 'YUV 4:2:2 (YUYV)' }
12-22 13:50:11.033 3190 5887 D V4L2Camera: V4L2Camera::EnumFrameSizes: pixfmt: 0x56595559
12-22 13:50:11.033 3190 5887 D V4L2Camera: { discrete: width = 1280, height = 720 }
12-22 13:50:11.033 3190 5887 D V4L2Camera: V4L2Camera::EnumFrameIntervals: pixfmt: 0x56595559, w:1280, h:720
12-22 13:50:11.033 3190 5887 D V4L2Camera: Time interval between frame:
12-22 13:50:11.033 3190 5887 D V4L2Camera: 1/10
12-22 13:50:11.033 3190 5887 D V4L2Camera: 1/5
12-22 13:50:11.033 3190 5887 D V4L2Camera: { discrete: width = 960, height = 720 }
12-22 13:50:11.033 3190 5887 D V4L2Camera: V4L2Camera::EnumFrameIntervals: pixfmt: 0x56595559, w:960, h:720
12-22 13:50:11.033 3190 5887 D V4L2Camera: Time interval between frame:
12-22 13:50:11.033 3190 5887 D V4L2Camera: 1/10
12-22 13:50:11.033 3190 5887 D V4L2Camera: 1/5
12-22 13:50:11.033 3190 5887 D V4L2Camera: { discrete: width = 800, height = 600 }
12-22 13:50:11.033 3190 5887 D V4L2Camera: V4L2Camera::EnumFrameIntervals: pixfmt: 0x56595559, w:800, h:600
12-22 13:50:11.033 3190 5887 D V4L2Camera: Time interval between frame:
12-22 13:50:11.033 3190 5887 D V4L2Camera: 1/15
12-22 13:50:11.033 3190 5887 D V4L2Camera: { discrete: width = 640, height = 360 }
12-22 13:50:11.033 3190 5887 D V4L2Camera: V4L2Camera::EnumFrameIntervals: pixfmt: 0x56595559, w:640, h:360
12-22 13:50:11.033 3190 5887 D V4L2Camera: Time interval between frame:
12-22 13:50:11.034 3190 5887 D V4L2Camera: 1/31
12-22 13:50:11.034 3190 5887 D V4L2Camera: { discrete: width = 640, height = 480 }
12-22 13:50:11.034 3190 5887 D V4L2Camera: V4L2Camera::EnumFrameIntervals: pixfmt: 0x56595559, w:640, h:480
12-22 13:50:11.034 3190 5887 D V4L2Camera: Time interval between frame:
12-22 13:50:11.034 3190 5887 D V4L2Camera: 1/30
12-22 13:50:11.034 3190 5887 D V4L2Camera: 1/15
12-22 13:50:11.034 3190 5887 D V4L2Camera: { discrete: width = 352, height = 288 }
12-22 13:50:11.034 3190 5887 D V4L2Camera: V4L2Camera::EnumFrameIntervals: pixfmt: 0x56595559, w:352, h:288
12-22 13:50:11.034 3190 5887 D V4L2Camera: Time interval between frame:
12-22 13:50:11.034 3190 5887 D V4L2Camera: 1/30
12-22 13:50:11.034 3190 5887 D V4L2Camera: 1/15
12-22 13:50:11.034 3190 5887 D V4L2Camera: { discrete: width = 320, height = 240 }
12-22 13:50:11.034 3190 5887 D V4L2Camera: V4L2Camera::EnumFrameIntervals: pixfmt: 0x56595559, w:320, h:240
12-22 13:50:11.034 3190 5887 D V4L2Camera: Time interval between frame:
12-22 13:50:11.034 3190 5887 D V4L2Camera: 1/30
12-22 13:50:11.034 3190 5887 D V4L2Camera: 1/15
12-22 13:50:11.034 3190 5887 D V4L2Camera: { pixelformat = 'MJPG', description = 'MJPEG' }
12-22 13:50:11.034 3190 5887 D V4L2Camera: V4L2Camera::EnumFrameSizes: pixfmt: 0x47504a4d
12-22 13:50:11.034 3190 5887 D V4L2Camera: { discrete: width = 1280, height = 720 }
12-22 13:50:11.034 3190 5887 D V4L2Camera: V4L2Camera::EnumFrameIntervals: pixfmt: 0x47504a4d, w:1280, h:720
12-22 13:50:11.034 3190 5887 D V4L2Camera: Time interval between frame:
12-22 13:50:11.034 3190 5887 D V4L2Camera: 1/30
12-22 13:50:11.034 3190 5887 D V4L2Camera: 1/25
12-22 13:50:11.034 3190 5887 D V4L2Camera: 1/15
12-22 13:50:11.034 3190 5887 D V4L2Camera: { discrete: width = 960, height = 720 }
12-22 13:50:11.034 3190 5887 D V4L2Camera: V4L2Camera::EnumFrameIntervals: pixfmt: 0x47504a4d, w:960, h:720
12-22 13:50:11.034 3190 5887 D V4L2Camera: Time interval between frame:
12-22 13:50:11.034 3190 5887 D V4L2Camera: 1/30
12-22 13:50:11.034 3190 5887 D V4L2Camera: 1/25
12-22 13:50:11.034 3190 5887 D V4L2Camera: 1/15
12-22 13:50:11.034 3190 5887 D V4L2Camera: { discrete: width = 800, height = 600 }
12-22 13:50:11.034 3190 5887 D V4L2Camera: V4L2Camera::EnumFrameIntervals: pixfmt: 0x47504a4d, w:800, h:600
12-22 13:50:11.034 3190 5887 D V4L2Camera: Time interval between frame:
12-22 13:50:11.034 3190 5887 D V4L2Camera: 1/30
12-22 13:50:11.034 3190 5887 D V4L2Camera: { discrete: width = 640, height = 360 }
12-22 13:50:11.034 3190 5887 D V4L2Camera: V4L2Camera::EnumFrameIntervals: pixfmt: 0x47504a4d, w:640, h:360
12-22 13:50:11.034 3190 5887 D V4L2Camera: Time interval between frame:
12-22 13:50:11.034 3190 5887 D V4L2Camera: 1/60
12-22 13:50:11.034 3190 5887 D V4L2Camera: { discrete: width = 640, height = 480 }
12-22 13:50:11.034 3190 5887 D V4L2Camera: V4L2Camera::EnumFrameIntervals: pixfmt: 0x47504a4d, w:640, h:480
12-22 13:50:11.034 3190 5887 D V4L2Camera: Time interval between frame:
12-22 13:50:11.035 3190 5887 D V4L2Camera: 1/30
12-22 13:50:11.035 3190 5887 D V4L2Camera: 1/15
12-22 13:50:11.035 3190 5887 D V4L2Camera: { discrete: width = 352, height = 288 }
12-22 13:50:11.035 3190 5887 D V4L2Camera: V4L2Camera::EnumFrameIntervals: pixfmt: 0x47504a4d, w:352, h:288
12-22 13:50:11.035 3190 5887 D V4L2Camera: Time interval between frame:
12-22 13:50:11.035 3190 5887 D V4L2Camera: 1/30
12-22 13:50:11.035 3190 5887 D V4L2Camera: 1/15
12-22 13:50:11.035 3190 5887 D V4L2Camera: { discrete: width = 320, height = 240 }
12-22 13:50:11.035 3190 5887 D V4L2Camera: V4L2Camera::EnumFrameIntervals: pixfmt: 0x47504a4d, w:320, h:240
12-22 13:50:11.035 3190 5887 D V4L2Camera: Time interval between frame:
12-22 13:50:11.035 3190 5887 D V4L2Camera: 1/30
12-22 13:50:11.035 3190 5887 D V4L2Camera: 1/15
12-22 13:50:11.035 3190 5887 D CameraHardware: CameraHardware::startPreviewLocked: Init
12-22 13:50:11.035 3190 5887 D V4L2Camera: V4L2Camera::Init
12-22 13:50:11.035 3190 5887 D V4L2Camera: Trying format: (640 x 480), Fps: 15 [difArea:0, difFps:15, cDifArea:-1, cDifFps:-1]
12-22 13:50:11.035 3190 5887 D V4L2Camera: Trying format: (640 x 480), Fps: 30 [difArea:0, difFps:0, cDifArea:0, cDifFps:15]
12-22 13:50:11.035 3190 5887 D V4L2Camera: Trying format: (800 x 600), Fps: 15 [difArea:172800, difFps:15, cDifArea:0, cDifFps:0]
12-22 13:50:11.035 3190 5887 D V4L2Camera: Trying format: (800 x 600), Fps: 30 [difArea:172800, difFps:0, cDifArea:0, cDifFps:0]
12-22 13:50:11.035 3190 5887 D V4L2Camera: Trying format: (960 x 720), Fps: 5 [difArea:384000, difFps:25, cDifArea:0, cDifFps:0]
12-22 13:50:11.035 3190 5887 D V4L2Camera: Trying format: (960 x 720), Fps: 10 [difArea:384000, difFps:20, cDifArea:0, cDifFps:0]
12-22 13:50:11.035 3190 5887 D V4L2Camera: Trying format: (960 x 720), Fps: 15 [difArea:384000, difFps:15, cDifArea:0, cDifFps:0]
12-22 13:50:11.035 3190 5887 D V4L2Camera: Trying format: (960 x 720), Fps: 25 [difArea:384000, difFps:5, cDifArea:0, cDifFps:0]
12-22 13:50:11.035 3190 5887 D V4L2Camera: Trying format: (960 x 720), Fps: 30 [difArea:384000, difFps:0, cDifArea:0, cDifFps:0]
12-22 13:50:11.035 3190 5887 D V4L2Camera: Trying format: (1280 x 720), Fps: 5 [difArea:614400, difFps:25, cDifArea:0, cDifFps:0]
12-22 13:50:11.035 3190 5887 D V4L2Camera: Trying format: (1280 x 720), Fps: 10 [difArea:614400, difFps:20, cDifArea:0, cDifFps:0]
12-22 13:50:11.035 3190 5887 D V4L2Camera: Trying format: (1280 x 720), Fps: 15 [difArea:614400, difFps:15, cDifArea:0, cDifFps:0]
12-22 13:50:11.035 3190 5887 D V4L2Camera: Trying format: (1280 x 720), Fps: 25 [difArea:614400, difFps:5, cDifArea:0, cDifFps:0]
12-22 13:50:11.035 3190 5887 D V4L2Camera: Trying format: (1280 x 720), Fps: 30 [difArea:614400, difFps:0, cDifArea:0, cDifFps:0]
12-22 13:50:11.035 3190 5887 D V4L2Camera: Selected format: (640 x 480), Fps: 30
12-22 13:50:11.044 3182 5881 I libexynosv4l2: open video device /dev/video7
12-22 13:50:11.144 3190 5887 I V4L2Camera: Cropping from origin: 0x0 - size: 640x480 (offset:0)
12-22 13:50:11.198 3190 5887 I V4L2Camera: Actual format: (640 x 480), Fps: 30, pixfmt: 'YUYV', bytesperline: 1280
12-22 13:50:11.206 3190 5887 D CameraHardware: CameraHardware::startPreviewLocked: effective size: 640x480
12-22 13:50:11.206 3190 5887 D CameraHardware: CameraHardware::initHeapLocked
12-22 13:50:11.206 3190 5887 D CameraHardware: CameraHardware::initHeapLocked: preview size=640x480
12-22 13:50:11.206 3190 5887 D CameraHardware: CameraHardware::initHeapLocked: picture size=1280x720
12-22 13:50:11.206 3190 5887 D CameraHardware: CameraHardware::initHeapLocked: video size=640x480
12-22 13:50:11.206 3190 5887 D CameraHardware: CameraHardware::initHeapLocked: OK
12-22 13:50:11.206 3190 5887 D CameraHardware: CameraHardware::startPreviewLocked: StartStreaming
12-22 13:50:11.254 3190 5887 D CameraHardware: CameraHardware::setPreviewWindow - Negotiating preview format
12-22 13:50:11.254 3190 5887 D CameraHardware: CameraHardware::NegotiatePreviewFormat
12-22 13:50:11.254 3190 5887 D CameraHardware: Trying to set preview window geometry to 640x480
12-22 13:50:11.254 3190 5887 D CameraHardware: CameraHardware::startPreviewLocked: starting PreviewThread
12-22 13:50:11.255 3190 5887 D CameraHardware: CameraHardware::startPreviewLocked: O - this:0x0xb2672000
12-22 13:50:11.255 3190 5887 D CameraHardware: CameraHardware::enableMsgType: 32
12-22 13:50:12.656 3190 5887 D NuPlayerDriver: seekTo(0xb26277e0) (0 ms, 0) at state 4
12-22 13:50:12.656 3190 5887 D NuPlayerDriver: notifyListener_l(0xb26277e0), (7, 0, 0, -1), loop setting(0, 0)
12-22 13:50:12.656 3190 5887 D NuPlayerDriver: start(0xb26277e0), state is 4, eos is 0
12-22 13:50:12.656 3190 5855 I GenericSource: start
12-22 13:50:12.656 3190 5887 D CameraHardware: CameraHardware::startRecording
12-22 13:50:12.656 3190 5887 D CameraHardware: CameraHardware::initHeapLocked
12-22 13:50:12.656 3190 5887 D CameraHardware: CameraHardware::initHeapLocked: preview size=640x480
12-22 13:50:12.656 3190 5887 D CameraHardware: CameraHardware::initHeapLocked: picture size=1280x720
12-22 13:50:12.656 3190 5887 D CameraHardware: CameraHardware::initHeapLocked: video size=640x480
12-22 13:50:12.656 3190 5887 D CameraHardware: CameraHardware::initHeapLocked: OK
12-22 13:50:12.657 3190 5878 I MediaCodecSource: MediaCodecSource (video) started
12-22 13:50:12.658 5787 5787 I DRV : 20201222135012: real video focus: continuous-video
12-22 13:50:12.664 3190 5855 D NuPlayerDriver: notifyListener_l(0xb26277e0), (4, 0, 0, -1), loop setting(0, 0)
12-22 13:50:12.671 3182 3216 I OMXMaster: makeComponentInstance(OMX.google.vorbis.decoder) in android.hardwar process
12-22 13:50:12.674 3182 3216 E OMXNodeInstance: setConfig(0xa63a29c0:google.vorbis.decoder, ConfigPriority(0x6f800002)) ERROR: Undefined(0x80001001)
12-22 13:50:12.674 3190 5900 I ACodec : codec does not support config priority (err -2147483648)
12-22 13:50:12.676 3190 5900 I MediaCodec: MediaCodec will operate in async mode
12-22 13:50:12.682 5787 5787 I DRV : 20201222135012: showVideoNotif: true
12-22 13:50:12.684 5787 5787 I DRV : 20201222135012: videoTurnOn: true
12-22 13:50:12.686 5787 5787 I DRV : 20201222135012: sending broadcast: com.dailyroads.status.VIDEO_ON
12-22 13:50:12.691 5787 5787 I Choreographer: Skipped 127 frames! The application may be doing too much work on its main thread.
12-22 13:50:12.691 3190 5898 D AudioTrack: Client defaulted notificationFrames to 8173 for frameCount 24519
12-22 13:50:12.706 5787 5787 I DRV : 20201222135012: orientation locked to 0
12-22 13:50:12.716 3190 5855 D NuPlayerDriver: notifyListener_l(0xb26277e0), (6, 0, 0, -1), loop setting(0, 0)
12-22 13:50:12.756 3190 5880 D CameraHardware: CameraHardware::releaseRecordingFrame
12-22 13:50:12.783 3182 5892 I ExynosVideoEncoder: MFC_Encoder_ExtensionDequeue_Outbuf: encoded frame type is = 0
12-22 13:50:12.784 3182 3182 E OMXNodeInstance: getConfig(0xa63a2cc0:Exynos.AVC.Encoder, ConfigAndroidIntraRefresh(0x6f60000a)) ERROR: UnsupportedIndex(0x8000101a)
12-22 13:50:12.791 3190 5897 I MPEG4Writer: setStartTimestampUs: 1668347
12-22 13:50:12.791 3190 5897 I MPEG4Writer: Earliest track starting time: 1668347
12-22 13:50:12.792 3190 5899 I NuPlayerDecoder: [audio] saw output EOS
12-22 13:50:12.800 3190 5880 D CameraHardware: CameraHardware::releaseRecordingFrame
12-22 13:50:12.990 3190 5880 I chatty : uid=1013(media) /system/bin/mediaserver identical 4 lines
12-22 13:50:13.037 3190 5880 D CameraHardware: CameraHardware::releaseRecordingFrame
12-22 13:50:13.046 3190 5898 D AudioTrack: stop() called with 26080 frames delivered
12-22 13:50:13.084 3190 5880 D CameraHardware: CameraHardware::releaseRecordingFrame
12-22 13:50:13.271 3190 5880 I chatty : uid=1013(media) /system/bin/mediaserver identical 4 lines
12-22 13:50:13.318 3190 5880 D CameraHardware: CameraHardware::releaseRecordingFrame
12-22 13:50:13.350 3190 5855 D NuPlayerDriver: notifyListener_l(0xb26277e0), (2, 0, 0, -1), loop setting(0, 0)
12-22 13:50:13.369 3190 5880 D CameraHardware: CameraHardware::releaseRecordingFrame
12-22 13:50:13.604 3190 5880 I chatty : uid=1013(media) /system/bin/mediaserver identical 5 lines
12-22 13:50:13.650 3190 5880 D CameraHardware: CameraHardware::releaseRecordingFrame
12-22 13:50:13.663 5787 5903 I DRV : 20201222135013: cleanupThreadVideo: total=6, freeDR=3066, freeCard=68, minSize=15, remainingMin=5 => false, retry=0
12-22 13:50:13.669 5787 5903 I DRV : 20201222135013: cleanupThread empty folder skipped: Videos
12-22 13:50:13.671 5787 5903 I DRV : 20201222135013: cleanupThread empty folder skipped: Photos
12-22 13:50:13.682 5787 5903 I DRV : 20201222135013: cleanupThread orphan file deleted: /storage/95C8-A70E/Android/data/com.dailyroads.v.pro/files/dailyroadspro/20201222134056_0_0_1000002.mp4
12-22 13:50:13.688 5787 5903 I DRV : 20201222135013: cleanupThread orphan file deleted: /storage/95C8-A70E/Android/data/com.dailyroads.v.pro/files/dailyroadspro/20201222134238_0_0_1000002.mp4
12-22 13:50:13.698 5787 5903 I DRV : 20201222135013: cleanupThread orphan file deleted: /storage/95C8-A70E/Android/data/com.dailyroads.v.pro/files/dailyroadspro/20201222134240_0_0_1000002.mp4
12-22 13:50:13.699 3190 5880 D CameraHardware: CameraHardware::releaseRecordingFrame
12-22 13:50:13.706 5787 5903 I DRV : 20201222135013: cleanupThread orphan file deleted: /storage/95C8-A70E/Android/data/com.dailyroads.v.pro/files/dailyroadspro/20201222134312_0_0_1000002.mp4
12-22 13:50:13.713 5787 5903 I DRV : 20201222135013: cleanupThread orphan file deleted: /storage/95C8-A70E/Android/data/com.dailyroads.v.pro/files/dailyroadspro/20201222134314_0_0_1000002.mp4
12-22 13:50:13.721 5787 5903 I DRV : 20201222135013: cleanupThread orphan file deleted: /storage/95C8-A70E/Android/data/com.dailyroads.v.pro/files/dailyroadspro/20201222134327_0_0_1000002.mp4
12-22 13:50:13.726 5787 5903 I DRV : 20201222135013: cleanupThread orphan file deleted: /storage/95C8-A70E/Android/data/com.dailyroads.v.pro/files/dailyroadspro/20201222134330_0_0_1000002.mp4
12-22 13:50:13.730 5787 5903 I DRV : 20201222135013: cleanupThread empty folder skipped: Upload
12-22 13:50:13.739 5787 5792 I zygote : Do partial code cache collection, code=26KB, data=30KB
12-22 13:50:13.740 5787 5792 I zygote : After code cache collection, code=26KB, data=30KB
12-22 13:50:13.740 5787 5792 I zygote : Increasing code cache capacity to 128KB
12-22 13:50:13.744 3190 5880 D CameraHardware: CameraHardware::releaseRecordingFrame
12-22 13:50:16.220 3296 3296 W WindowManager: removeWindowToken: Attempted to remove non-existing token: android.os.Binder@45e71b
12-22 13:50:16.672 3190 5880 I chatty : uid=1013(media) /system/bin/mediaserver identical 63 lines
12-22 13:50:16.719 3190 5880 D CameraHardware: CameraHardware::releaseRecordingFrame
12-22 13:50:16.759 5787 5787 I zygote : Deoptimizing void android.support.v7.widget.Toolbar.onLayout(boolean, int, int, int, int) due to JIT inline cache
12-22 13:50:16.771 3190 5880 D CameraHardware: CameraHardware::releaseRecordingFrame
12-22 13:50:33.423 3190 5880 I chatty : uid=1013(media) /system/bin/mediaserver identical 360 lines
12-22 13:50:33.469 3190 5880 D CameraHardware: CameraHardware::releaseRecordingFrame
12-22 13:50:33.502 5787 5787 I DRV : 20201222135033: videoTurnOn: false
12-22 13:50:33.507 3072 3869 D audio_hw_primary: found out /dev/snd/pcmC0D1p
12-22 13:50:33.508 5787 5787 I DRV : 20201222135033: sending broadcast: com.dailyroads.status.VIDEO_OFF
12-22 13:50:33.512 5787 5787 I DRV : 20201222135033: stopVideoCapture: true
12-22 13:50:33.514 5787 5787 I DRV : 20201222135033: stopVideoRecording: 1, true, android.media.MediaRecorder@4068aa8
12-22 13:50:33.517 3190 5880 D CameraHardware: CameraHardware::releaseRecordingFrame
12-22 13:50:33.560 3190 3667 D MPEG4Writer: Video track stopping. Stop source
12-22 13:50:33.560 3190 3667 D MPEG4Writer: Video track source stopping
12-22 13:50:33.561 3190 5878 I MediaCodecSource: encoder (video) stopping
12-22 13:50:33.562 3183 3249 D AudioFlinger: mixer(0xad083580) throttle end: throttle time(22)
12-22 13:50:33.564 3190 5880 D CameraHardware: CameraHardware::releaseRecordingFrame
12-22 13:50:33.606 3190 3649 D CameraHardware: CameraHardware::releaseRecordingFrame
12-22 13:50:33.791 3190 3649 I chatty : uid=1013(media) Binder:3190_4 identical 4 lines
12-22 13:50:33.837 3190 3649 D CameraHardware: CameraHardware::releaseRecordingFrame
12-22 13:50:33.861 3190 5878 D CameraSource: reset: E
12-22 13:50:33.862 3190 5878 D CameraHardware: CameraHardware::disableMsgType: 32
12-22 13:50:33.862 3190 5878 D CameraHardware: CameraHardware::initHeapLocked
12-22 13:50:33.862 3190 5878 D CameraHardware: CameraHardware::initHeapLocked: preview size=640x480
12-22 13:50:33.862 3190 5878 D CameraHardware: CameraHardware::initHeapLocked: picture size=1280x720
12-22 13:50:33.862 3190 5878 D CameraHardware: CameraHardware::initHeapLocked: video size=640x480
12-22 13:50:33.862 3190 5878 D CameraHardware: CameraHardware::initHeapLocked: OK
12-22 13:50:33.862 3190 5878 D CameraHardware: CameraHardware::stopRecording
12-22 13:50:33.862 3190 5878 D NuPlayerDriver: seekTo(0xb26274d0) (0 ms, 0) at state 4
12-22 13:50:33.862 3190 5878 D NuPlayerDriver: notifyListener_l(0xb26274d0), (7, 0, 0, -1), loop setting(0, 0)
12-22 13:50:33.862 3190 5857 I GenericSource: start
12-22 13:50:33.862 3190 5878 D NuPlayerDriver: start(0xb26274d0), state is 4, eos is 0
12-22 13:50:33.863 3190 5878 D CameraSource: reset: X
12-22 13:50:33.863 3190 5897 I MPEG4Writer: Received total/0-length (451/0) buffers and encoded 450 frames. - Video
12-22 13:50:33.865 3182 5893 W libexynosv4l2: failed to ioctl: VIDIOC_DQBUF (22 - Invalid argument)
12-22 13:50:33.866 3182 5892 W libexynosv4l2: failed to ioctl: VIDIOC_DQBUF (22 - Invalid argument)
12-22 13:50:33.878 3190 5857 D NuPlayerDriver: notifyListener_l(0xb26274d0), (4, 0, 0, -1), loop setting(0, 0)
12-22 13:50:33.883 3182 3732 I OMXMaster: makeComponentInstance(OMX.google.vorbis.decoder) in android.hardwar process
12-22 13:50:33.886 3182 3732 E OMXNodeInstance: setConfig(0xa5e87240:google.vorbis.decoder, ConfigPriority(0x6f800002)) ERROR: Undefined(0x80001001)
12-22 13:50:33.886 3190 5913 I ACodec : codec does not support config priority (err -2147483648)
12-22 13:50:33.888 3190 5913 I MediaCodec: MediaCodec will operate in async mode
12-22 13:50:33.894 3190 5878 I MediaCodecSource: encoder (video) stopped
12-22 13:50:33.894 3190 5887 D CameraSource: reset: E
12-22 13:50:33.894 3190 5887 D CameraSource: reset: X
12-22 13:50:33.894 3190 3667 D MPEG4Writer: Video track source stopped
12-22 13:50:33.894 3190 3667 D MPEG4Writer: Video track stopped. Stop source
12-22 13:50:33.894 3190 3667 D MPEG4Writer: Stopping writer thread
12-22 13:50:33.894 3190 5886 D MPEG4Writer: 0 chunks are written in the last batch
12-22 13:50:33.895 3190 3667 D MPEG4Writer: Writer thread stopped
12-22 13:50:33.895 3190 3667 I MPEG4Writer: Ajust the moov start time from 1668347 us -> 1668347 us
12-22 13:50:33.898 3190 3667 I MPEG4Writer: The mp4 file will not be streamable.
12-22 13:50:33.898 3190 3667 D MPEG4Writer: Video track stopping. Stop source
12-22 13:50:33.901 5787 5787 I DRV : 20201222135033: video duration: 22964 ms, 22 s
12-22 13:50:33.904 3190 5911 D AudioTrack: Client defaulted notificationFrames to 8173 for frameCount 24519
12-22 13:50:33.904 5787 5787 I DRV : 20201222135033: getRealRes 0, true|true
12-22 13:50:33.907 3190 5857 D NuPlayerDriver: notifyListener_l(0xb26274d0), (6, 0, 0, -1), loop setting(0, 0)
12-22 13:50:33.925 5787 5787 I DRV : 20201222135033: db add id: 5
12-22 13:50:33.943 3190 5912 I NuPlayerDecoder: [audio] saw output EOS
12-22 13:50:33.951 5787 5787 I DRV : 20201222135033: releaseMediaRecorder
12-22 13:50:33.955 5787 5787 I DRV : 20201222135033: camera lock
12-22 13:50:33.959 5787 5787 I DRV : 20201222135033: initializeCamera true
12-22 13:50:33.960 5787 5787 I DRV : 20201222135033: surfHolder OK
12-22 13:50:33.964 5787 5787 I DRV : 20201222135033: releaseCamera
12-22 13:50:33.968 3190 3695 D CameraHardware: CameraHardware::disableMsgType: 16
12-22 13:50:33.974 5787 5787 I DRV : 20201222135033: stopping preview
12-22 13:50:33.976 3190 3695 D CameraHardware: CameraHardware::disableMsgType: 16
12-22 13:50:33.977 3190 3695 D CameraHardware: CameraHardware::stopPreview
12-22 13:50:33.977 3190 3695 D CameraHardware: CameraHardware::stopPreviewLocked
12-22 13:50:33.977 3190 3695 D CameraHardware: CameraHardware::stopPreviewLocked: stopping PreviewThread
12-22 13:50:34.005 3190 3695 D CameraHardware: CameraHardware::stopPreviewLocked: Uninit
12-22 13:50:34.006 3190 3695 D CameraHardware: CameraHardware::stopPreviewLocked: StopStreaming
12-22 13:50:34.086 3190 3695 D CameraHardware: CameraHardware::stopPreviewLocked: Close
12-22 13:50:34.091 3190 3695 D CameraHardware: CameraHardware::stopPreviewLocked: OK
12-22 13:50:34.093 5787 5787 I DRV : 20201222135034: releasing camera
12-22 13:50:34.094 3190 3695 D CameraHardware: CameraHardware::disableMsgType: 16
12-22 13:50:34.094 3190 3695 D CameraHardware: CameraHardware::disableMsgType: 65535
12-22 13:50:34.094 3190 3695 D CameraHardware: CameraHardware::stopPreview
12-22 13:50:34.094 3190 3695 D CameraHardware: CameraHardware::stopPreviewLocked
12-22 13:50:34.094 3190 3695 D CameraHardware: CameraHardware::stopPreviewLocked: OK
12-22 13:50:34.095 3190 3695 D CameraHardware: CameraHardware::cancelPicture
12-22 13:50:34.095 3190 3695 I CamDev@1.0-impl: Closing camera 0
12-22 13:50:34.095 3190 3695 D CameraHardware: CameraHardware::closeCamera
12-22 13:50:34.095 3190 3695 D CameraHardware: CameraHardware::releaseCamera
12-22 13:50:34.098 3190 3695 I CameraService: disconnect: Disconnected client for camera 0 for PID 5787
12-22 13:50:34.099 5787 5787 I DRV : 20201222135034: openCamera 0
12-22 13:50:34.100 3190 3695 D NuPlayerDriver: reset(0xb2627770) at state 4
12-22 13:50:34.100 3190 3695 D NuPlayerDriver: updateMetrics(0xb2627770) from reset at state 4
12-22 13:50:34.100 3190 3695 D NuPlayerDriver: notifyListener_l(0xb2627770), (8, 0, 0, -1), loop setting(0, 0)
12-22 13:50:34.100 3190 3667 I CameraService: CameraService::connect call (PID -1 "com.dailyroads.v.pro", camera ID 0) for HAL version default and Camera API version 1
12-22 13:50:34.101 3190 5853 D NuPlayerDriver: notifyResetComplete(0xb2627770)
12-22 13:50:34.101 3190 3695 D NuPlayerDriver: updateMetrics(0xb2627770) from destructor at state 0
12-22 13:50:34.101 3190 3695 D NuPlayerDriver: reset(0xb26277e0) at state 6
12-22 13:50:34.101 3190 3695 D NuPlayerDriver: updateMetrics(0xb26277e0) from reset at state 6
12-22 13:50:34.103 3190 3667 D Camera_Factory: CameraFactory::get_camera_info
12-22 13:50:34.103 3190 3667 D Camera_Factory: CameraFactory::getCameraInfo: id = 0, info = 0xafc1a3d8
12-22 13:50:34.103 3190 3667 D Camera_Factory: CameraFactory::getCameraNum: 1
12-22 13:50:34.103 3190 3667 D CameraHardware: CameraHardware::getCameraInfo
12-22 13:50:34.105 3190 3695 D NuPlayerDriver: notifyListener_l(0xb26277e0), (8, 0, 0, -1), loop setting(0, 0)
12-22 13:50:34.111 3190 5855 D NuPlayerDriver: notifyResetComplete(0xb26277e0)
12-22 13:50:34.111 3190 3695 D NuPlayerDriver: updateMetrics(0xb26277e0) from destructor at state 0
12-22 13:50:34.112 3190 3695 D NuPlayerDriver: reset(0xb26274d0) at state 5
12-22 13:50:34.112 3190 3695 D NuPlayerDriver: updateMetrics(0xb26274d0) from reset at state 5
12-22 13:50:34.113 3190 3695 D NuPlayerDriver: notifyListener_l(0xb26274d0), (8, 0, 0, -1), loop setting(0, 0)
12-22 13:50:34.119 3190 5857 D NuPlayerDriver: notifyResetComplete(0xb26274d0)
12-22 13:50:34.119 3190 3695 D NuPlayerDriver: updateMetrics(0xb26274d0) from destructor at state 0
12-22 13:50:34.120 3190 3695 D AudioTrack: stop() called with 0 frames delivered
12-22 13:50:34.121 3190 3667 D NuPlayerDriver: NuPlayerDriver(0xb26278c0) created, clientPid(5787)
12-22 13:50:34.132 3190 5917 D NuPlayerDriver: notifyListener_l(0xb26278c0), (1, 0, 0, -1), loop setting(0, 0)
12-22 13:50:34.132 3190 3667 D NuPlayerDriver: NuPlayerDriver(0xb0b59380) created, clientPid(5787)
12-22 13:50:34.142 3190 5919 D NuPlayerDriver: notifyListener_l(0xb0b59380), (1, 0, 0, -1), loop setting(0, 0)
12-22 13:50:34.143 3190 3667 D NuPlayerDriver: NuPlayerDriver(0xb0b59930) created, clientPid(5787)
12-22 13:50:34.153 3190 5921 D NuPlayerDriver: notifyListener_l(0xb0b59930), (1, 0, 0, -1), loop setting(0, 0)
12-22 13:50:34.155 3190 3667 I CameraHardwareInterface: Opening camera 0
12-22 13:50:34.155 3190 3667 I CamDev@1.0-impl: Opening camera 0
12-22 13:50:34.156 3190 3667 D Camera_Factory: CameraFactory::get_camera_info
12-22 13:50:34.156 3190 3667 D Camera_Factory: CameraFactory::getCameraInfo: id = 0, info = 0xafc1a3bc
12-22 13:50:34.156 3190 3667 D Camera_Factory: CameraFactory::getCameraNum: 1
12-22 13:50:34.156 3190 3667 D CameraHardware: CameraHardware::getCameraInfo
12-22 13:50:34.156 3190 3667 D Camera_Factory: CameraFactory::device_open: name = 0
12-22 13:50:34.156 3190 3667 D Camera_Factory: CameraFactory::cameraDeviceOpen: id = 0
12-22 13:50:34.156 3190 3667 D Camera_Factory: CameraFactory::getCameraNum: 1
12-22 13:50:34.156 3190 3667 D CameraHardware: CameraHardware::connectCamera
12-22 13:50:34.156 3190 3667 D CameraHardware: CameraHardware::setCallbacks
12-22 13:50:34.156 3190 3667 D CameraHardware: CameraHardware::enableMsgType: 3085
12-22 13:50:34.156 3190 3667 D CameraHardware: CameraHardware::getParameters
12-22 13:50:34.156 3190 3667 D CameraHardware: CameraHardware::putParameters
12-22 13:50:34.158 3190 3667 D Camera_Factory: CameraFactory::get_camera_info
12-22 13:50:34.158 3190 3667 D Camera_Factory: CameraFactory::getCameraInfo: id = 0, info = 0xafc1a520
12-22 13:50:34.158 3190 3667 D Camera_Factory: CameraFactory::getCameraNum: 1
12-22 13:50:34.158 3190 3667 D CameraHardware: CameraHardware::getCameraInfo
12-22 13:50:34.158 3190 3695 D CameraHardware: CameraHardware::getParameters
12-22 13:50:34.159 3190 3695 D CameraHardware: CameraHardware::putParameters
12-22 13:50:34.160 5787 5787 I DRV : 20201222135034: zoom 0
12-22 13:50:34.162 3190 3695 D CameraHardware: CameraHardware::setParameters
12-22 13:50:34.163 3190 3695 D CameraHardware: Trivially accept it. No changes detected
12-22 13:50:34.164 3190 3695 D Camera_Factory: CameraFactory::get_camera_info
12-22 13:50:34.164 3190 3695 D Camera_Factory: CameraFactory::getCameraInfo: id = 0, info = 0xb04ff520
12-22 13:50:34.164 3190 3695 D Camera_Factory: CameraFactory::getCameraNum: 1
12-22 13:50:34.164 3190 3695 D CameraHardware: CameraHardware::getCameraInfo
12-22 13:50:34.165 5787 5787 I DRV : 20201222135034: camera 0 back getOrientationDegrees: 0, 0, 0
12-22 13:50:34.167 5787 5787 I DRV : 20201222135034: setPhotoCameraParams: true
12-22 13:50:34.168 5787 5787 I DRV : 20201222135034: camera previewSize (800x600)
12-22 13:50:34.169 5787 5787 I DRV : 20201222135034: camera pictureSize (1280x720)
12-22 13:50:34.171 5787 5787 I DRV : 20201222135034: setCommonCameraParams: true
12-22 13:50:34.172 5787 5787 I DRV : 20201222135034: setCommonCameraParams sunny: scene=no, white_balance=no, exposure_compensation=no, antibanding=no
12-22 13:50:34.173 5787 5787 I DRV : 20201222135034: initializeCamera setParameters
12-22 13:50:34.175 3190 3695 D CameraHardware: CameraHardware::setParameters
12-22 13:50:34.176 3190 3695 D CameraHardware: CameraHardware::setParameters: PREVIEW: Size 800x600, 30 fps, format: yuv422sp
12-22 13:50:34.176 3190 3695 D CameraHardware: CameraHardware::setParameters: PICTURE: Size 1280x720, format: jpeg
12-22 13:50:34.176 3190 3695 D CameraHardware: CameraHardware::setParameters: VIDEO: Size 640x480, format: yuv420p
12-22 13:50:34.176 3190 3695 D CameraHardware: CameraHardware::initHeapLocked
12-22 13:50:34.176 3190 3695 D CameraHardware: CameraHardware::initHeapLocked: preview size=800x600
12-22 13:50:34.176 3190 3695 D CameraHardware: CameraHardware::initHeapLocked: picture size=1280x720
12-22 13:50:34.176 3190 3695 D CameraHardware: CameraHardware::initHeapLocked: video size=640x480
12-22 13:50:34.176 3190 3695 E CameraHardwareInterface: unregisterMemory: memory pool ID 18 not found
12-22 13:50:34.176 3083 3083 W /system/bin/hw/android.hidl.allocator@1.0-service: ashmem_create_region(962560) returning hidl_memory(0xabf988a0, 962560)
12-22 13:50:34.177 3190 3695 D CameraHardware: CameraHardware::initHeapLocked: Raw preview heap allocated
12-22 13:50:34.177 3190 3695 E CameraHardwareInterface: unregisterMemory: memory pool ID 34 not found
12-22 13:50:34.177 3083 3083 W /system/bin/hw/android.hidl.allocator@1.0-service: ashmem_create_region(2883584) returning hidl_memory(0xabf988a0, 2883584)
12-22 13:50:34.177 3190 3695 D CameraHardware: CameraHardware::initHeapLocked: preview heap allocated
12-22 13:50:34.177 3190 3695 D CameraHardware: CameraHardware::initHeapLocked: OK
12-22 13:50:34.178 3190 3695 D CameraHardware: CameraHardware::setParameters: OK
12-22 13:50:34.178 5787 5787 I DRV : 20201222135034: starting preview
12-22 13:50:34.180 3190 3695 D CameraHardware: CameraHardware::isPreviewEnabled: 0
12-22 13:50:34.180 3190 3695 D CameraHardware: CameraHardware::isPreviewEnabled: 0
12-22 13:50:34.180 3190 3695 I CameraHardwareInterface: Destroying camera 0
12-22 13:50:34.181 3190 3695 D CameraHardware: CameraHardware::setPreviewWindow: preview_stream_ops: 0xb2639104
12-22 13:50:34.181 3190 3695 D CameraHardware: CameraHardware::startPreview
12-22 13:50:34.181 3190 3695 D CameraHardware: CameraHardware::startPreviewLocked
12-22 13:50:34.181 3190 3695 D CameraHardware: CameraHardware::startPreviewLocked: Open, 800x600
12-22 13:50:34.181 3190 3695 D V4L2Camera: V4L2Camera::EnumFrameFormats
12-22 13:50:34.181 3190 3695 D V4L2Camera: { pixelformat = 'YUYV', description = 'YUV 4:2:2 (YUYV)' }
12-22 13:50:34.181 3190 3695 D V4L2Camera: V4L2Camera::EnumFrameSizes: pixfmt: 0x56595559
12-22 13:50:34.181 3190 3695 D V4L2Camera: { discrete: width = 1280, height = 720 }
12-22 13:50:34.181 3190 3695 D V4L2Camera: V4L2Camera::EnumFrameIntervals: pixfmt: 0x56595559, w:1280, h:720
12-22 13:50:34.181 3190 3695 D V4L2Camera: Time interval between frame:
12-22 13:50:34.181 3190 3695 D V4L2Camera: 1/10
12-22 13:50:34.181 3190 3695 D V4L2Camera: 1/5
12-22 13:50:34.181 3190 3695 D V4L2Camera: { discrete: width = 960, height = 720 }
12-22 13:50:34.181 3190 3695 D V4L2Camera: V4L2Camera::EnumFrameIntervals: pixfmt: 0x56595559, w:960, h:720
12-22 13:50:34.181 3190 3695 D V4L2Camera: Time interval between frame:
12-22 13:50:34.181 3190 3695 D V4L2Camera: 1/10
12-22 13:50:34.181 3190 3695 D V4L2Camera: 1/5
12-22 13:50:34.181 3190 3695 D V4L2Camera: { discrete: width = 800, height = 600 }
12-22 13:50:34.181 3190 3695 D V4L2Camera: V4L2Camera::EnumFrameIntervals: pixfmt: 0x56595559, w:800, h:600
12-22 13:50:34.181 3190 3695 D V4L2Camera: Time interval between frame:
12-22 13:50:34.181 3190 3695 D V4L2Camera: 1/15
12-22 13:50:34.181 3190 3695 D V4L2Camera: { discrete: width = 640, height = 360 }
12-22 13:50:34.181 3190 3695 D V4L2Camera: V4L2Camera::EnumFrameIntervals: pixfmt: 0x56595559, w:640, h:360
12-22 13:50:34.182 3190 3695 D V4L2Camera: Time interval between frame:
12-22 13:50:34.182 3190 3695 D V4L2Camera: 1/31
12-22 13:50:34.182 3190 3695 D V4L2Camera: { discrete: width = 640, height = 480 }
12-22 13:50:34.182 3190 3695 D V4L2Camera: V4L2Camera::EnumFrameIntervals: pixfmt: 0x56595559, w:640, h:480
12-22 13:50:34.182 3190 3695 D V4L2Camera: Time interval between frame:
12-22 13:50:34.182 3190 3695 D V4L2Camera: 1/30
12-22 13:50:34.182 3190 3695 D V4L2Camera: 1/15
12-22 13:50:34.182 3190 3695 D V4L2Camera: { discrete: width = 352, height = 288 }
12-22 13:50:34.182 3190 3695 D V4L2Camera: V4L2Camera::EnumFrameIntervals: pixfmt: 0x56595559, w:352, h:288
12-22 13:50:34.182 3190 3695 D V4L2Camera: Time interval between frame:
12-22 13:50:34.182 3190 3695 D V4L2Camera: 1/30
12-22 13:50:34.182 3190 3695 D V4L2Camera: 1/15
12-22 13:50:34.182 3190 3695 D V4L2Camera: { discrete: width = 320, height = 240 }
12-22 13:50:34.182 3190 3695 D V4L2Camera: V4L2Camera::EnumFrameIntervals: pixfmt: 0x56595559, w:320, h:240
12-22 13:50:34.182 3190 3695 D V4L2Camera: Time interval between frame:
12-22 13:50:34.182 3190 3695 D V4L2Camera: 1/30
12-22 13:50:34.182 3190 3695 D V4L2Camera: 1/15
12-22 13:50:34.182 3190 3695 D V4L2Camera: { pixelformat = 'MJPG', description = 'MJPEG' }
12-22 13:50:34.182 3190 3695 D V4L2Camera: V4L2Camera::EnumFrameSizes: pixfmt: 0x47504a4d
12-22 13:50:34.182 3190 3695 D V4L2Camera: { discrete: width = 1280, height = 720 }
12-22 13:50:34.182 3190 3695 D V4L2Camera: V4L2Camera::EnumFrameIntervals: pixfmt: 0x47504a4d, w:1280, h:720
12-22 13:50:34.182 3190 3695 D V4L2Camera: Time interval between frame:
12-22 13:50:34.182 3190 3695 D V4L2Camera: 1/30
12-22 13:50:34.182 3190 3695 D V4L2Camera: 1/25
12-22 13:50:34.182 3190 3695 D V4L2Camera: 1/15
12-22 13:50:34.182 3190 3695 D V4L2Camera: { discrete: width = 960, height = 720 }
12-22 13:50:34.182 3190 3695 D V4L2Camera: V4L2Camera::EnumFrameIntervals: pixfmt: 0x47504a4d, w:960, h:720
12-22 13:50:34.182 3190 3695 D V4L2Camera: Time interval between frame:
12-22 13:50:34.182 3190 3695 D V4L2Camera: 1/30
12-22 13:50:34.182 3190 3695 D V4L2Camera: 1/25
12-22 13:50:34.182 3190 3695 D V4L2Camera: 1/15
12-22 13:50:34.182 3190 3695 D V4L2Camera: { discrete: width = 800, height = 600 }
12-22 13:50:34.182 3190 3695 D V4L2Camera: V4L2Camera::EnumFrameIntervals: pixfmt: 0x47504a4d, w:800, h:600
12-22 13:50:34.182 3190 3695 D V4L2Camera: Time interval between frame:
12-22 13:50:34.182 3190 3695 D V4L2Camera: 1/30
12-22 13:50:34.182 3190 3695 D V4L2Camera: { discrete: width = 640, height = 360 }
12-22 13:50:34.182 3190 3695 D V4L2Camera: V4L2Camera::EnumFrameIntervals: pixfmt: 0x47504a4d, w:640, h:360
12-22 13:50:34.182 3190 3695 D V4L2Camera: Time interval between frame:
12-22 13:50:34.182 3190 3695 D V4L2Camera: 1/60
12-22 13:50:34.182 3190 3695 D V4L2Camera: { discrete: width = 640, height = 480 }
12-22 13:50:34.182 3190 3695 D V4L2Camera: V4L2Camera::EnumFrameIntervals: pixfmt: 0x47504a4d, w:640, h:480
12-22 13:50:34.182 3190 3695 D V4L2Camera: Time interval between frame:
12-22 13:50:34.182 3190 3695 D V4L2Camera: 1/30
12-22 13:50:34.182 3190 3695 D V4L2Camera: 1/15
12-22 13:50:34.182 3190 3695 D V4L2Camera: { discrete: width = 352, height = 288 }
12-22 13:50:34.182 3190 3695 D V4L2Camera: V4L2Camera::EnumFrameIntervals: pixfmt: 0x47504a4d, w:352, h:288
12-22 13:50:34.183 3190 3695 D V4L2Camera: Time interval between frame:
12-22 13:50:34.183 3190 3695 D V4L2Camera: 1/30
12-22 13:50:34.183 3190 3695 D V4L2Camera: 1/15
12-22 13:50:34.183 3190 3695 D V4L2Camera: { discrete: width = 320, height = 240 }
12-22 13:50:34.183 3190 3695 D V4L2Camera: V4L2Camera::EnumFrameIntervals: pixfmt: 0x47504a4d, w:320, h:240
12-22 13:50:34.183 3190 3695 D V4L2Camera: Time interval between frame:
12-22 13:50:34.183 3190 3695 D V4L2Camera: 1/30
12-22 13:50:34.183 3190 3695 D V4L2Camera: 1/15
12-22 13:50:34.183 3190 3695 D CameraHardware: CameraHardware::startPreviewLocked: Init
12-22 13:50:34.183 3190 3695 D V4L2Camera: V4L2Camera::Init
12-22 13:50:34.183 3190 3695 D V4L2Camera: Trying format: (800 x 600), Fps: 15 [difArea:0, difFps:15, cDifArea:-1, cDifFps:-1]
12-22 13:50:34.183 3190 3695 D V4L2Camera: Trying format: (800 x 600), Fps: 30 [difArea:0, difFps:0, cDifArea:0, cDifFps:15]
12-22 13:50:34.183 3190 3695 D V4L2Camera: Trying format: (960 x 720), Fps: 5 [difArea:211200, difFps:25, cDifArea:0, cDifFps:0]
12-22 13:50:34.183 3190 3695 D V4L2Camera: Trying format: (960 x 720), Fps: 10 [difArea:211200, difFps:20, cDifArea:0, cDifFps:0]
12-22 13:50:34.183 3190 3695 D V4L2Camera: Trying format: (960 x 720), Fps: 15 [difArea:211200, difFps:15, cDifArea:0, cDifFps:0]
12-22 13:50:34.183 3190 3695 D V4L2Camera: Trying format: (960 x 720), Fps: 25 [difArea:211200, difFps:5, cDifArea:0, cDifFps:0]
12-22 13:50:34.183 3190 3695 D V4L2Camera: Trying format: (960 x 720), Fps: 30 [difArea:211200, difFps:0, cDifArea:0, cDifFps:0]
12-22 13:50:34.183 3190 3695 D V4L2Camera: Trying format: (1280 x 720), Fps: 5 [difArea:441600, difFps:25, cDifArea:0, cDifFps:0]
12-22 13:50:34.183 3190 3695 D V4L2Camera: Trying format: (1280 x 720), Fps: 10 [difArea:441600, difFps:20, cDifArea:0, cDifFps:0]
12-22 13:50:34.183 3190 3695 D V4L2Camera: Trying format: (1280 x 720), Fps: 15 [difArea:441600, difFps:15, cDifArea:0, cDifFps:0]
12-22 13:50:34.183 3190 3695 D V4L2Camera: Trying format: (1280 x 720), Fps: 25 [difArea:441600, difFps:5, cDifArea:0, cDifFps:0]
12-22 13:50:34.183 3190 3695 D V4L2Camera: Trying format: (1280 x 720), Fps: 30 [difArea:441600, difFps:0, cDifArea:0, cDifFps:0]
12-22 13:50:34.183 3190 3695 D V4L2Camera: Selected format: (800 x 600), Fps: 30
12-22 13:50:34.293 3190 3695 I V4L2Camera: Cropping from origin: 0x0 - size: 800x600 (offset:0)
12-22 13:50:34.349 3190 3695 I V4L2Camera: Actual format: (800 x 600), Fps: 15, pixfmt: 'YUYV', bytesperline: 1600
12-22 13:50:34.360 3190 3695 D CameraHardware: CameraHardware::startPreviewLocked: effective size: 800x600
12-22 13:50:34.360 3190 3695 D CameraHardware: CameraHardware::initHeapLocked
12-22 13:50:34.360 3190 3695 D CameraHardware: CameraHardware::initHeapLocked: preview size=800x600
12-22 13:50:34.360 3190 3695 D CameraHardware: CameraHardware::initHeapLocked: picture size=1280x720
12-22 13:50:34.360 3190 3695 D CameraHardware: CameraHardware::initHeapLocked: video size=640x480
12-22 13:50:34.360 3190 3695 D CameraHardware: CameraHardware::initHeapLocked: OK
12-22 13:50:34.360 3190 3695 D CameraHardware: CameraHardware::startPreviewLocked: StartStreaming
12-22 13:50:34.422 3190 3695 D CameraHardware: CameraHardware::setPreviewWindow - Negotiating preview format
12-22 13:50:34.422 3190 3695 D CameraHardware: CameraHardware::NegotiatePreviewFormat
12-22 13:50:34.422 3190 3695 D CameraHardware: Trying to set preview window geometry to 800x600
12-22 13:50:34.422 3190 3695 D CameraHardware: CameraHardware::startPreviewLocked: starting PreviewThread
12-22 13:50:34.423 3190 3695 D CameraHardware: CameraHardware::startPreviewLocked: O - this:0x0xb2672000
12-22 13:50:34.440 5787 5787 I DRV : 20201222135034: orientation set back to full-sensor
12-22 13:50:34.445 5787 5787 I DRV : 20201222135034: total photos/videos: 0/3
12-22 13:50:34.713 3761 5316 I NetworkScheduler.Stats: Task com.google.android.gms/com.google.android.gms.ipa.base.IpaGcmTaskService started execution. cause:9 exec_start_elapsed_seconds: 252 [CONTEXT service_id=218 ]
12-22 13:50:34.810 3761 4301 I NetworkScheduler.Stats: Task com.google.android.gms/com.google.android.gms.ipa.base.IpaGcmTaskService finished executing. cause:9 result: 1 elapsed_millis: 166 uptime_millis: 166 exec_start_elapsed_seconds: 252 [CONTEXT service_id=218 ]
12-22 13:50:37.975 3296 3296 W WindowManager: removeWindowToken: Attempted to remove non-existing token: android.os.Binder@c84f532
12-22 13:50:51.699 3458 3499 W zygote : Checksum mismatch for dex SystemUI.apk
12-22 13:50:51.699 3458 3499 W zygote : Checksum mismatch for dex SystemUI.apk
12-22 13:50:51.870 5787 5787 I DRV : 20201222135051: videoTurnOn: true
12-22 13:50:51.874 5787 5787 I DRV : 20201222135051: sending broadcast: com.dailyroads.status.VIDEO_ON
12-22 13:50:51.874 3072 3869 D audio_hw_primary: found out /dev/snd/pcmC0D1p
12-22 13:50:51.878 5787 5787 I DRV : 20201222135051: startVideoCapture: 1
12-22 13:50:51.882 5787 5787 I DRV : 20201222135051: startVideoCapture inVideo: false
12-22 13:50:51.884 5787 5787 I DRV : 20201222135051: initializeVideo
12-22 13:50:51.886 5787 5787 I DRV : 20201222135051: initialize MediaRecorder
12-22 13:50:51.888 5787 5787 I DRV : 20201222135051: initializeVideoQuality
12-22 13:50:51.889 5787 5787 I DRV : 20201222135051: initializeVideo stopPreview
12-22 13:50:51.890 3190 3695 D CameraHardware: CameraHardware::disableMsgType: 16
12-22 13:50:51.890 3190 3695 D CameraHardware: CameraHardware::stopPreview
12-22 13:50:51.890 3190 3695 D CameraHardware: CameraHardware::stopPreviewLocked
12-22 13:50:51.890 3190 3695 D CameraHardware: CameraHardware::stopPreviewLocked: stopping PreviewThread
12-22 13:50:51.894 3190 3695 D CameraHardware: CameraHardware::stopPreviewLocked: Uninit
12-22 13:50:51.930 3183 3249 D AudioFlinger: mixer(0xad083580) throttle end: throttle time(22)
12-22 13:50:52.047 3190 3695 D CameraHardware: CameraHardware::stopPreviewLocked: StopStreaming
12-22 13:50:52.127 3190 3695 D CameraHardware: CameraHardware::stopPreviewLocked: Close
12-22 13:50:52.133 3190 3695 D CameraHardware: CameraHardware::stopPreviewLocked: OK
12-22 13:50:52.134 3190 3667 D Camera_Factory: CameraFactory::get_camera_info
12-22 13:50:52.134 3190 3667 D Camera_Factory: CameraFactory::getCameraInfo: id = 0, info = 0xafc1a520
12-22 13:50:52.134 3190 3667 D Camera_Factory: CameraFactory::getCameraNum: 1
12-22 13:50:52.134 3190 3667 D CameraHardware: CameraHardware::getCameraInfo
12-22 13:50:52.136 5787 5787 I DRV : 20201222135052: camera 0 back getOrientationDegrees: 0, 0, 0
12-22 13:50:52.137 3190 3667 D CameraHardware: CameraHardware::getParameters
12-22 13:50:52.138 3190 3667 D CameraHardware: CameraHardware::putParameters
12-22 13:50:52.139 5787 5787 I DRV : 20201222135052: setVideoCameraParams: true, false
12-22 13:50:52.140 5787 5787 I DRV : 20201222135052: initializeVideo setPreviewSize res: 640x480
12-22 13:50:52.144 5787 5787 I DRV : 20201222135052: initializeVideo setPreviewFpsRange: 60, 60
12-22 13:50:52.145 5787 5787 I DRV : 20201222135052: initializeVideo setFocusMode: cont
12-22 13:50:52.146 5787 5787 I DRV : 20201222135052: setCommonCameraParams: true
12-22 13:50:52.148 5787 5787 I DRV : 20201222135052: setCommonCameraParams sunny: scene=no, white_balance=no, exposure_compensation=no, antibanding=no
12-22 13:50:52.149 5787 5787 I DRV : 20201222135052: initializeVideo flash off
12-22 13:50:52.150 5787 5787 I DRV : 20201222135052: initializeVideo setParameters
12-22 13:50:52.152 3190 3667 D CameraHardware: CameraHardware::setParameters
12-22 13:50:52.153 3190 3667 D CameraHardware: CameraHardware::setParameters: PREVIEW: Size 640x480, 30 fps, format: yuv422sp
12-22 13:50:52.153 3190 3667 D CameraHardware: CameraHardware::setParameters: PICTURE: Size 1280x720, format: jpeg
12-22 13:50:52.153 3190 3667 D CameraHardware: CameraHardware::setParameters: VIDEO: Size 640x480, format: yuv420p
12-22 13:50:52.153 3190 3667 D CameraHardware: CameraHardware::initHeapLocked
12-22 13:50:52.153 3190 3667 D CameraHardware: CameraHardware::initHeapLocked: preview size=640x480
12-22 13:50:52.153 3190 3667 D CameraHardware: CameraHardware::initHeapLocked: picture size=1280x720
12-22 13:50:52.153 3190 3667 D CameraHardware: CameraHardware::initHeapLocked: video size=640x480
12-22 13:50:52.154 3083 3083 W /system/bin/hw/android.hidl.allocator@1.0-service: ashmem_create_region(614400) returning hidl_memory(0xabf988a0, 614400)
12-22 13:50:52.155 3190 3667 D CameraHardware: CameraHardware::initHeapLocked: Raw preview heap allocated
12-22 13:50:52.155 3083 3083 W /system/bin/hw/android.hidl.allocator@1.0-service: ashmem_create_region(1843200) returning hidl_memory(0xabf988a0, 1843200)
12-22 13:50:52.155 3190 3667 D CameraHardware: CameraHardware::initHeapLocked: preview heap allocated
12-22 13:50:52.155 3190 3667 D CameraHardware: CameraHardware::initHeapLocked: OK
12-22 13:50:52.156 3190 3667 D CameraHardware: CameraHardware::setParameters: OK
12-22 13:50:52.156 5787 5787 I DRV : 20201222135052: camera unlock
