12-22 13:47:08.996 4660 4660 I Finsky : [2] aafq.a(2): Started reading experiment flags from file [Se-xCc4LzNyh3UrKMIU2sUf-PUKz4oQEbpKZDMuaFno].
12-22 13:47:09.022 4660 4660 I Finsky : [2] aafq.a(18): Finished reading experiment flags from file [Se-xCc4LzNyh3UrKMIU2sUf-PUKz4oQEbpKZDMuaFno].
12-22 13:47:09.047 4660 4660 I Finsky : [2] adkl.(3): Resetting scheduler db
12-22 13:47:09.079 4660 4677 I Finsky : [132] akoh.a(2): Not a unicorn account
12-22 13:47:09.086 4660 4678 I Finsky : [133] zmi.(3): PackageMonitorReceiverImpl - Registering in memory receiver for android.intent.action.PACKAGE_ADDED and android.intent.action.PACKAGE_REMOVED
12-22 13:47:09.093 4660 4680 I Finsky : [135] aisb.a(2): Disable SystemUpdateActivity, because Android is lower than Q
12-22 13:47:09.105 4660 4696 I Finsky : [150] aisa.run(4): Set SystemUpdateActivity enabled state to 2
12-22 13:47:09.111 4660 4678 W Settings: Setting download_manager_max_bytes_over_mobile has moved from android.provider.Settings.Secure to android.provider.Settings.Global.
12-22 13:47:09.114 4660 4678 I Finsky : [133] xez.i(3): SettingNotFoundException, fall through to G.downloadBytesOverMobileMaximum
12-22 13:47:09.115 4660 4678 W Settings: Setting download_manager_recommended_max_bytes_over_mobile has moved from android.provider.Settings.Secure to android.provider.Settings.Global.
12-22 13:47:09.120 4660 4678 I Finsky : [133] xez.j(3): SettingNotFoundException, fall through to G.downloadBytesOverMobileRecommended
12-22 13:47:09.142 4660 4678 I Finsky : [133] awff.b(2): registerListener
12-22 13:47:09.150 4660 4678 I Finsky : [133] awff.b(2): registerListener
12-22 13:47:09.155 4660 4678 I Finsky : [133] ult.n(5): Enqueuing libraries load for 905222797
12-22 13:47:09.157 4660 4700 I Finsky : [153] ult.o(1): Starting libraries load for 905222797
12-22 13:47:09.157 4660 4678 I Finsky : [133] kef.j(3): Subscription detail: N/A
12-22 13:47:09.159 4660 4679 I cr_CronetLibraryLoader: Cronet version: 88.0.4324.29, arch: armv7l
12-22 13:47:09.169 4660 4678 I Finsky : [133] amup.w(2): Setup app restrictions monitor
12-22 13:47:09.172 4660 4678 I Finsky : [133] amwl.a(3): Device wide unknown source restriction is changed.
12-22 13:47:09.301 4660 4665 I zygote : Do partial code cache collection, code=26KB, data=23KB
12-22 13:47:09.302 4660 4723 I zygote : Deoptimizing java.lang.Object j$.util.concurrent.ConcurrentHashMap.get(java.lang.Object) due to JIT inline cache
12-22 13:47:09.305 4660 4665 I zygote : After code cache collection, code=26KB, data=23KB
12-22 13:47:09.305 4660 4665 I zygote : Increasing code cache capacity to 128KB
12-22 13:47:09.312 4660 4723 I zygote : Deoptimizing java.lang.Object j$.util.concurrent.ConcurrentHashMap.putVal(java.lang.Object, java.lang.Object, boolean) due to JIT inline cache
12-22 13:47:09.345 4660 4700 I Finsky : [153] ult.o(20): Loaded library for account: [ajWkppanizvR6bTSz4OYc5PdexDyVqJkeekeYs-JLLg]
12-22 13:47:09.346 4660 4700 I Finsky : [153] ult.o(24): Finished loading 1 libraries.
12-22 13:47:09.374 4660 4724 I zygote : Deoptimizing void j$.util.Iterator$$CC.forEachRemaining$$dflt$$(java.util.Iterator, j$.util.function.Consumer) due to JIT inline cache
12-22 13:47:09.403 4660 4660 I Finsky : [2] adig.a(9): SCH: Scheduling fallback job with id: 9034, and delay: 43200000 ms
12-22 13:47:09.433 4660 4660 I Finsky : [2] adig.b(9): SCH: Scheduling fallback in 64799975 (absolute: 64846801)
12-22 13:47:09.435 4660 4660 I Finsky : [2] mcb.a(3): Scheduling UploadDynamicConfig.
12-22 13:47:09.471 4660 4660 I Finsky : [2] rgb.(13): Installer: Setting Parallelism[DEFAULT]
12-22 13:47:09.477 4660 4665 I zygote : Do partial code cache collection, code=54KB, data=44KB
12-22 13:47:09.485 4660 4665 I zygote : After code cache collection, code=50KB, data=43KB
12-22 13:47:09.485 4660 4665 I zygote : Increasing code cache capacity to 256KB
12-22 13:47:09.487 4660 4660 I Finsky : [2] rcw.v(2): Installer: Attempting to start installer
12-22 13:47:09.497 4660 4660 I Finsky : [2] awff.b(2): registerListener
12-22 13:47:09.597 3296 3828 I ActivityManager: Start proc 4731:com.google.android.onetimeinitializer/u0a15 for broadcast com.google.android.onetimeinitializer/.OneTimeInitializerReceiver
12-22 13:47:09.614 3911 4747 I chatty : uid=10013(com.google.android.gms) expire 14 lines
12-22 13:47:09.651 4660 4681 D NetworkSecurityConfig: No Network Security Config specified, using platform default
12-22 13:47:09.712 4660 4749 I Finsky : [178] nbd.d(1): getDownloads()
12-22 13:47:09.717 4660 4660 I Finsky : [2] adkl.b(5): SCH: Jobs in database: 1-1337 3-131 3-132 24-77777777 26-1414141414 29-29 34-14 34-16
12-22 13:47:09.744 4731 4731 V OneTimeInitializerReceiver: OneTimeInitializerReceiver.onReceive
12-22 13:47:09.748 4731 4757 V OneTimeInitializer: OneTimeInitializer.initialize
12-22 13:47:09.759 4731 4757 V OneTimeInitializer: Already run, doing nothing.
12-22 13:47:09.798 4660 4660 I Finsky : [2] adix.d(37): SCH: ConstraintMapping: 24-77777777, -> L: 0ms, D: 82259868ms, C: false, I: true, N: 0
12-22 13:47:09.799 4660 4660 I Finsky : [2] adix.d(37): SCH: ConstraintMapping: 1-1337, 34-16, -> L: 27675486ms, D: 78449816ms, C: false, I: false, N: 1
12-22 13:47:09.800 4660 4660 I Finsky : [2] adix.d(37): SCH: ConstraintMapping: 3-131, -> L: 0ms, D: 85971452ms, C: true, I: false, N: 2
12-22 13:47:09.801 3296 3828 I ActivityManager: Start proc 4760:com.google.android.partnersetup/u0a17 for broadcast com.google.android.partnersetup/.GooglePartnerSetup
12-22 13:47:09.801 4660 4660 I Finsky : [2] adix.d(37): SCH: ConstraintMapping: 3-132, 34-14, -> L: 0ms, D: 85971909ms, C: false, I: true, N: 2
12-22 13:47:09.802 4660 4660 I Finsky : [2] adix.d(37): SCH: ConstraintMapping: 34-14, -> L: 0ms, D: 1295453656ms, C: true, I: true, N: 2
12-22 13:47:09.803 4660 4660 I Finsky : [2] adix.d(37): SCH: ConstraintMapping: 26-1414141414, 29-29, -> L: 29255ms, D: 59255ms, C: false, I: false, N: 0
12-22 13:47:09.805 4660 4660 I Finsky : [2] adix.f(7): SCH: Cancelling existing jobscheduler jobs:
12-22 13:47:09.805 4660 4660 I Finsky : [2] adix.e(23): SCH: Scheduling job Id: 9000, L: 0, D: 82259868, C: false, I: true, N: 0
12-22 13:47:09.825 3296 3308 I ActivityManager: Start proc 4774:com.android.vending:download_service/u0a20 for service com.android.vending/com.google.android.finsky.ipcservers.downloadservice.DownloadServiceGrpcServerAndroidService
12-22 13:47:09.850 4660 4660 I Finsky : [2] adix.e(23): SCH: Scheduling job Id: 9001, L: 27675486, D: 78449816, C: false, I: false, N: 1
12-22 13:47:09.900 4660 4660 I Finsky : [2] adix.e(23): SCH: Scheduling job Id: 9002, L: 0, D: 85971452, C: true, I: false, N: 2
12-22 13:47:09.904 4660 4660 I Finsky : [2] adix.e(23): SCH: Scheduling job Id: 9003, L: 0, D: 85971909, C: false, I: true, N: 2
12-22 13:47:09.915 4660 4660 I Finsky : [2] adix.e(23): SCH: Scheduling job Id: 9004, L: 0, D: 1295453656, C: true, I: true, N: 2
12-22 13:47:09.930 4660 4660 I Finsky : [2] adix.e(23): SCH: Scheduling job Id: 9005, L: 29255, D: 59255, C: false, I: false, N: 0
12-22 13:47:09.987 4406 4428 I zygote : Waiting for a blocking GC ProfileSaver
12-22 13:47:09.995 4660 4660 I Finsky : [2] adkl.b(5): SCH: Jobs in database: 1-1337 3-131 3-132 21-333333333 24-77777777 26-1414141414 29-29 34-14 34-16
12-22 13:47:10.001 4774 4774 I Finsky:download_service: [2] gkn.az(5): Process created at version: 23.1.30-21 [0] [PR] 346929339
12-22 13:47:10.040 3296 4191 W ActivityManager: Unable to start service Intent { act=com.google.android.gms.auth.key.retrieval.service.START pkg=com.google.android.gms } U=0: not found
12-22 13:47:10.050 3296 4191 W ActivityManager: Unbind failed: could not find connection for android.os.BinderProxy@3df4a8c
12-22 13:47:10.054 3761 4270 I chatty : uid=10013(com.google.android.gms) highpool[1] expire 1 line
12-22 13:47:10.058 4660 4660 I Finsky : [2] adix.d(37): SCH: ConstraintMapping: 24-77777777, -> L: 0ms, D: 82259609ms, C: false, I: true, N: 0
12-22 13:47:10.059 4660 4660 I Finsky : [2] adix.d(37): SCH: ConstraintMapping: 1-1337, 21-333333333, 34-16, -> L: 9416ms, D: 78449553ms, C: false, I: false, N: 1
12-22 13:47:10.060 4660 4660 I Finsky : [2] adix.d(37): SCH: ConstraintMapping: 3-131, -> L: 0ms, D: 85971192ms, C: true, I: false, N: 2
12-22 13:47:10.061 4660 4660 I Finsky : [2] adix.d(37): SCH: ConstraintMapping: 3-132, 34-14, -> L: 0ms, D: 85971653ms, C: false, I: true, N: 2
12-22 13:47:10.062 4660 4660 I Finsky : [2] adix.d(37): SCH: ConstraintMapping: 34-14, -> L: 0ms, D: 1295453394ms, C: true, I: true, N: 2
12-22 13:47:10.063 4660 4660 I Finsky : [2] adix.d(37): SCH: ConstraintMapping: 26-1414141414, 29-29, -> L: 28995ms, D: 58995ms, C: false, I: false, N: 0
12-22 13:47:10.204 4660 4660 I Finsky : [2] adix.f(7): SCH: Cancelling existing jobscheduler jobs: 9004 9002 9000 9003 9005 9001
12-22 13:47:10.205 4660 4660 I Finsky : [2] adix.e(23): SCH: Scheduling job Id: 9006, L: 0, D: 82259609, C: false, I: true, N: 0
12-22 13:47:10.209 4660 4660 I Finsky : [2] adix.e(23): SCH: Scheduling job Id: 9007, L: 9416, D: 78449553, C: false, I: false, N: 1
12-22 13:47:10.216 4774 4774 I Finsky:download_service: [2] aafq.a(2): Started reading experiment flags from file [0tGUNCGIkbk4o6-fQ335kUYSKwVj4lusnHT-A5Dsy08].
12-22 13:47:10.225 4660 4660 I Finsky : [2] adix.e(23): SCH: Scheduling job Id: 9008, L: 0, D: 85971192, C: true, I: false, N: 2
12-22 13:47:10.225 4774 4774 I Finsky:download_service: [2] aafq.a(18): Finished reading experiment flags from file [0tGUNCGIkbk4o6-fQ335kUYSKwVj4lusnHT-A5Dsy08].
12-22 13:47:10.227 4774 4774 I Finsky:download_service: [2] aafq.a(2): Started reading experiment flags from file [-xv2pqWpJYbVFE2Q7cf-BRFsAySLtr4dgFJDZmoiRdE].
12-22 13:47:10.241 4774 4774 I Finsky:download_service: [2] aafq.a(18): Finished reading experiment flags from file [-xv2pqWpJYbVFE2Q7cf-BRFsAySLtr4dgFJDZmoiRdE].
12-22 13:47:10.256 4660 4660 I Finsky : [2] adix.e(23): SCH: Scheduling job Id: 9009, L: 0, D: 85971653, C: false, I: true, N: 2
12-22 13:47:10.264 4774 4774 I Finsky:download_service: [2] tsb.onCreate(2): IPC-SERVER: Starting gRPC host service...
12-22 13:47:10.267 4660 4660 I Finsky : [2] adix.e(23): SCH: Scheduling job Id: 9010, L: 0, D: 1295453394, C: true, I: true, N: 2
12-22 13:47:10.275 4660 4660 I Finsky : [2] adix.e(23): SCH: Scheduling job Id: 9011, L: 28995, D: 58995, C: false, I: false, N: 0
12-22 13:47:10.309 3296 3307 D ConnectivityService: requestNetwork for uid/pid:10020/4774 NetworkRequest [ TRACK_DEFAULT id=12, [ Capabilities: INTERNET&NOT_RESTRICTED&TRUSTED&NOT_VPN] ]
12-22 13:47:10.311 3296 3398 D WIFI : got request NetworkRequest [ TRACK_DEFAULT id=12, [ Capabilities: INTERNET&NOT_RESTRICTED&TRUSTED&NOT_VPN] ] with score 70
12-22 13:47:10.311 3296 3398 D WIFI_UT : got request NetworkRequest [ TRACK_DEFAULT id=12, [ Capabilities: INTERNET&NOT_RESTRICTED&TRUSTED&NOT_VPN] ] with score 70
12-22 13:47:10.312 3296 3429 D Ethernet: got request NetworkRequest [ TRACK_DEFAULT id=12, [ Capabilities: INTERNET&NOT_RESTRICTED&TRUSTED&NOT_VPN] ] with score 70
12-22 13:47:10.317 4660 4660 I Finsky : [2] adkl.b(5): SCH: Jobs in database: 1-1337 3-131 3-132 21-333333333 24-77777777 26-1414141414 29-29 34-14 34-16
12-22 13:47:10.338 4774 4774 I zygote : Deoptimizing java.lang.Object j$.util.concurrent.ConcurrentHashMap.putVal(java.lang.Object, java.lang.Object, boolean) due to JIT inline cache
12-22 13:47:10.362 3296 3828 I ActivityManager: Killing 4046:com.android.keychain/1000 (adj 906): empty #17
12-22 13:47:10.364 3296 3315 W system_server: kill(-4046, 9) failed: No such process
12-22 13:47:10.371 4660 4660 I Finsky : [2] adix.d(37): SCH: ConstraintMapping: 24-77777777, -> L: 0ms, D: 82259295ms, C: false, I: true, N: 0
12-22 13:47:10.372 4660 4660 I Finsky : [2] adix.d(37): SCH: ConstraintMapping: 1-1337, 21-333333333, 34-16, -> L: 9099ms, D: 78449232ms, C: false, I: false, N: 1
12-22 13:47:10.373 4660 4660 I Finsky : [2] adix.d(37): SCH: ConstraintMapping: 3-131, -> L: 0ms, D: 85970870ms, C: true, I: false, N: 2
12-22 13:47:10.373 4660 4660 I Finsky : [2] adix.d(37): SCH: ConstraintMapping: 3-132, 34-14, -> L: 0ms, D: 85971335ms, C: false, I: true, N: 2
12-22 13:47:10.374 4660 4660 I Finsky : [2] adix.d(37): SCH: ConstraintMapping: 34-14, -> L: 0ms, D: 1295453082ms, C: true, I: true, N: 2
12-22 13:47:10.375 4660 4660 I Finsky : [2] adix.d(37): SCH: ConstraintMapping: 26-1414141414, 29-29, -> L: 28683ms, D: 58683ms, C: false, I: false, N: 0
12-22 13:47:10.384 4660 4665 I zygote : Do full code cache collection, code=102KB, data=75KB
12-22 13:47:10.385 4660 4665 I zygote : After code cache collection, code=83KB, data=49KB
12-22 13:47:10.407 3296 3315 W system_server: kill(-4046, 9) failed: No such process
12-22 13:47:10.452 3296 3315 W system_server: kill(-4046, 9) failed: No such process
12-22 13:47:10.452 3296 3315 I system_server: Successfully killed process cgroup uid 1000 pid 4046 in 88ms
12-22 13:47:10.469 3296 3308 I ActivityManager: Killing 3539:com.android.settings/1000 (adj 906): empty #17
12-22 13:47:10.470 3296 3315 W system_server: kill(-3539, 9) failed: No such process
12-22 13:47:10.513 3296 3315 I chatty : uid=1000(system) ActivityManager identical 3 lines
12-22 13:47:10.557 3296 3315 W system_server: kill(-3539, 9) failed: No such process
12-22 13:47:10.562 4660 4660 I Finsky : [2] adix.f(7): SCH: Cancelling existing jobscheduler jobs: 9011 9010 9009 9008 9006 9007
12-22 13:47:10.563 4660 4660 I Finsky : [2] adix.e(23): SCH: Scheduling job Id: 9000, L: 0, D: 82259295, C: false, I: true, N: 0
12-22 13:47:10.579 4660 4660 I Finsky : [2] adix.e(23): SCH: Scheduling job Id: 9001, L: 9099, D: 78449232, C: false, I: false, N: 1
12-22 13:47:10.602 3296 3315 W system_server: kill(-3539, 9) failed: No such process
12-22 13:47:10.602 3296 3315 I system_server: Successfully killed process cgroup uid 1000 pid 3539 in 132ms
12-22 13:47:10.607 3296 3321 W ActivityManager: setHasOverlayUi called on unknown pid: 3539
12-22 13:47:10.617 4660 4660 I Finsky : [2] adix.e(23): SCH: Scheduling job Id: 9002, L: 0, D: 85970870, C: true, I: false, N: 2
12-22 13:47:10.634 3296 3478 W BroadcastQueue: Permission Denial: receiving Intent { act=android.intent.action.BOOT_COMPLETED flg=0x9000010 (has extras) } to com.google.android.syncadapters.calendar/com.google.android.libraries.internal.growth.growthkit.inject.GrowthKitBootCompletedBroadcastReceiver requires android.permission.RECEIVE_BOOT_COMPLETED due to sender null (uid 1000)
12-22 13:47:10.663 4660 4660 I Finsky : [2] adix.e(23): SCH: Scheduling job Id: 9003, L: 0, D: 85971335, C: false, I: true, N: 2
12-22 13:47:10.685 3296 3313 I ActivityManager: Start proc 4805:com.google.process.gapps/u0a47 for broadcast com.google.android.syncadapters.contacts/.ContactsSyncAdapterBroadcastReceiver
12-22 13:47:10.729 4660 4660 I Finsky : [2] adix.e(23): SCH: Scheduling job Id: 9004, L: 0, D: 1295453082, C: true, I: true, N: 2
12-22 13:47:10.759 4660 4660 I Finsky : [2] adix.e(23): SCH: Scheduling job Id: 9005, L: 28683, D: 58683, C: false, I: false, N: 0
12-22 13:47:10.768 3296 3306 I zygote : Background concurrent copying GC freed 30331(1974KB) AllocSpace objects, 15(688KB) LOS objects, 50% free, 9MB/18MB, paused 118us total 148.902ms
12-22 13:47:10.806 4774 4821 I Finsky:download_service: [150] mtl.c(1): getDownloads()
12-22 13:47:10.829 4660 4735 I Finsky : [176] rbk.run(2): Installer: Installer starting.
12-22 13:47:10.830 4660 4735 I Finsky : [176] rbk.run(4): Installer: Installer started.
12-22 13:47:10.839 4660 4660 I Finsky : [2] rcw.O(7): Installer: found apps to install. isMultiUserMode=false, apps=[]
12-22 13:47:10.870 4660 4660 I Finsky : [2] adju.a(3): SCH: Canceling job 3-131
12-22 13:47:10.882 4660 4660 I Finsky : [2] adkl.b(5): SCH: Jobs in database: 1-1337 3-132 21-333333333 24-77777777 26-1414141414 29-29 34-14 34-16
12-22 13:47:10.892 4805 4805 I GoogleHttpClient: GMS http client unavailable, use old client
12-22 13:47:10.917 4660 4660 I Finsky : [2] adix.d(37): SCH: ConstraintMapping: 24-77777777, -> L: 0ms, D: 82258740ms, C: false, I: true, N: 0
12-22 13:47:10.918 4660 4660 I Finsky : [2] adix.d(37): SCH: ConstraintMapping: 1-1337, 21-333333333, 34-16, -> L: 8544ms, D: 78448667ms, C: false, I: false, N: 1
12-22 13:47:10.919 4660 4660 I Finsky : [2] adix.d(37): SCH: ConstraintMapping: 3-132, 34-14, -> L: 0ms, D: 85970779ms, C: false, I: true, N: 2
12-22 13:47:10.920 4660 4660 I Finsky : [2] adix.d(37): SCH: ConstraintMapping: 34-14, -> L: 0ms, D: 1295452531ms, C: true, I: true, N: 2
12-22 13:47:10.920 4660 4660 I Finsky : [2] adix.d(37): SCH: ConstraintMapping: 26-1414141414, 29-29, -> L: 28130ms, D: 58130ms, C: false, I: false, N: 0
12-22 13:47:10.979 3296 3976 I ActivityManager: Start proc 4826:com.hardkernel.odroid/1000 for broadcast com.hardkernel.odroid/.BootReceiver
12-22 13:47:11.119 3296 3307 I ActivityManager: Killing 4114:org.lineageos.lineageparts/1000 (adj 906): empty #17
12-22 13:47:11.120 3296 3315 W system_server: kill(-4114, 9) failed: No such process
12-22 13:47:11.155 4826 4826 E ODROIDUtility: set value : performance
12-22 13:47:11.158 4826 4826 E ODROIDUtility: set value : performance
12-22 13:47:11.160 4826 4826 E ODROIDUtility: set value : 825000
12-22 13:47:11.161 4826 4826 I fancontrol: AUTO
12-22 13:47:11.164 4826 4826 I fancontrol: 1 51 71 91
12-22 13:47:11.167 3296 3315 W system_server: kill(-4114, 9) failed: No such process
12-22 13:47:11.170 4826 4826 I fancontrol: 2
12-22 13:47:11.172 4660 4660 I Finsky : [2] adix.f(7): SCH: Cancelling existing jobscheduler jobs: 9001 9003 9005 9000 9002 9004
12-22 13:47:11.173 4660 4660 I Finsky : [2] adix.e(23): SCH: Scheduling job Id: 9006, L: 0, D: 82258740, C: false, I: true, N: 0
12-22 13:47:11.173 4826 4826 I fancontrol: Enable
12-22 13:47:11.178 4826 4826 I fancontrol: 57 63 68
12-22 13:47:11.178 4660 4660 I Finsky : [2] adix.e(23): SCH: Scheduling job Id: 9007, L: 8544, D: 78448667, C: false, I: false, N: 1
12-22 13:47:11.190 4660 4660 I Finsky : [2] adix.e(23): SCH: Scheduling job Id: 9008, L: 0, D: 85970779, C: false, I: true, N: 2
12-22 13:47:11.196 3296 3476 I ActivityManager: Killing 4196:com.dailyroads.v.pro/u0a86 (adj 906): empty #17
12-22 13:47:11.212 3296 3315 W system_server: kill(-4114, 9) failed: No such process
12-22 13:47:11.212 3296 3315 I system_server: Successfully killed process cgroup uid 1000 pid 4114 in 91ms
12-22 13:47:11.213 3296 3315 W system_server: kill(-4196, 9) failed: No such process
12-22 13:47:11.233 4660 4660 I Finsky : [2] adix.e(23): SCH: Scheduling job Id: 9009, L: 0, D: 1295452531, C: true, I: true, N: 2
12-22 13:47:11.257 3296 3315 W system_server: kill(-4196, 9) failed: No such process
12-22 13:47:11.257 3296 3315 I system_server: Successfully killed process cgroup uid 10086 pid 4196 in 44ms
12-22 13:47:11.275 3949 4846 D AudioFx-AudioOutputChangeListener: onAudioOutputChanged id: 1 type: 2 name: ODROID-XU4 address: [android.media.AudioDeviceInfo@890378c]
12-22 13:47:11.286 4660 4660 I Finsky : [2] adix.e(23): SCH: Scheduling job Id: 9010, L: 28130, D: 58130, C: false, I: false, N: 0
12-22 13:47:11.335 4660 4660 I Finsky : [2] adju.a(3): SCH: Canceling job 3-132
12-22 13:47:11.349 4660 4660 I Finsky : [2] adkl.b(5): SCH: Jobs in database: 1-1337 21-333333333 24-77777777 26-1414141414 29-29 34-14 34-16
12-22 13:47:11.354 3296 4803 I ActivityManager: Start proc 4849:org.lineageos.lineageparts/1000 for broadcast org.lineageos.lineageparts/.lineagestats.ReportingServiceManager
12-22 13:47:11.370 4660 4823 I Finsky : [184] rsz.z(3): IQ: Creating job 133, for (REQ_CHARGING, REQ_GEARHEAD_PROJECTION_OFF, NETWORK=UNMETERED, PROVISIONING_STATE=PROVISIONED)
12-22 13:47:11.387 4660 4660 I Finsky : [2] adix.d(37): SCH: ConstraintMapping: 24-77777777, -> L: 0ms, D: 82258278ms, C: false, I: true, N: 0
12-22 13:47:11.389 4660 4660 I Finsky : [2] adix.d(37): SCH: ConstraintMapping: 1-1337, 21-333333333, 34-16, -> L: 8081ms, D: 78448200ms, C: false, I: false, N: 1
12-22 13:47:11.390 4660 4660 I Finsky : [2] adix.d(37): SCH: ConstraintMapping: 34-14, -> L: 0ms, D: 1295452068ms, C: false, I: true, N: 2
12-22 13:47:11.391 4660 4660 I Finsky : [2] adix.d(37): SCH: ConstraintMapping: 34-14, -> L: 0ms, D: 1295452068ms, C: true, I: true, N: 2
12-22 13:47:11.392 4660 4660 I Finsky : [2] adix.d(37): SCH: ConstraintMapping: 26-1414141414, 29-29, -> L: 27667ms, D: 57667ms, C: false, I: false, N: 0
12-22 13:47:11.513 4849 4849 D ReportingServiceManager: Next sync attempt in : 9 hours
12-22 13:47:11.528 3296 4794 I ActivityManager: Killing 4406:com.spotify.music/u0a27 (adj 906): empty #17
12-22 13:47:11.535 3296 3315 W system_server: kill(-4406, 9) failed: No such process
12-22 13:47:11.537 4660 4660 I Finsky : [2] adix.f(7): SCH: Cancelling existing jobscheduler jobs: 9010 9009 9007 9008 9006
12-22 13:47:11.538 4660 4660 I Finsky : [2] adix.e(23): SCH: Scheduling job Id: 9000, L: 0, D: 82258278, C: false, I: true, N: 0
12-22 13:47:11.548 4660 4660 I Finsky : [2] adix.e(23): SCH: Scheduling job Id: 9001, L: 8081, D: 78448200, C: false, I: false, N: 1
12-22 13:47:11.565 3296 4794 I ActivityManager: Start proc 4867:com.google.android.youtube/u0a30 for broadcast com.google.android.youtube/com.google.android.libraries.youtube.mdx.background.MdxBackgroundScanBootReceiver
12-22 13:47:11.577 3296 3315 W system_server: kill(-4406, 9) failed: No such process
12-22 13:47:11.609 4660 4660 I Finsky : [2] adix.e(23): SCH: Scheduling job Id: 9002, L: 0, D: 1295452068, C: false, I: true, N: 2
12-22 13:47:11.622 3296 3315 W system_server: kill(-4406, 9) failed: No such process
12-22 13:47:11.622 3296 3315 I system_server: Successfully killed process cgroup uid 10027 pid 4406 in 87ms
12-22 13:47:11.653 4660 4660 I Finsky : [2] adix.e(23): SCH: Scheduling job Id: 9003, L: 0, D: 1295452068, C: true, I: true, N: 2
12-22 13:47:11.657 4660 4660 I Finsky : [2] adix.e(23): SCH: Scheduling job Id: 9004, L: 27667, D: 57667, C: false, I: false, N: 0
12-22 13:47:11.693 4867 4867 W ResourceType: ResTable_typeSpec entry count inconsistent: given 2648, previously 2651
12-22 13:47:11.694 4867 4867 W ResourceType: ResTable_typeSpec entry count inconsistent: given 2731, previously 2736
12-22 13:47:11.749 4660 4660 I Finsky : [2] adkl.b(5): SCH: Jobs in database: 1-1337 3-133 21-333333333 24-77777777 26-1414141414 29-29 34-14 34-16
12-22 13:47:11.749 4660 4823 I Finsky : [184] rsz.z(3): IQ: Creating job 134, for (REQ_DEVICE_IDLE, REQ_GEARHEAD_PROJECTION_OFF, MIN_BATTERY=50, SHOULD_APPLY_BUDGET=true, NETWORK=UNMETERED, PROVISIONING_STATE=PROVISIONED)
12-22 13:47:11.784 4660 4660 I Finsky : [2] adix.d(37): SCH: ConstraintMapping: 24-77777777, -> L: 0ms, D: 82257874ms, C: false, I: true, N: 0
12-22 13:47:11.786 4660 4660 I Finsky : [2] adix.d(37): SCH: ConstraintMapping: 1-1337, 21-333333333, 34-16, -> L: 7677ms, D: 78447800ms, C: false, I: false, N: 1
12-22 13:47:11.787 4660 4660 I Finsky : [2] adix.d(37): SCH: ConstraintMapping: 3-133, -> L: 0ms, D: 86399625ms, C: true, I: false, N: 2
12-22 13:47:11.789 4660 4660 I Finsky : [2] adix.d(37): SCH: ConstraintMapping: 34-14, -> L: 0ms, D: 1295451667ms, C: false, I: true, N: 2
12-22 13:47:11.790 4660 4660 I Finsky : [2] adix.d(37): SCH: ConstraintMapping: 34-14, -> L: 0ms, D: 1295451667ms, C: true, I: true, N: 2
12-22 13:47:11.791 4660 4660 I Finsky : [2] adix.d(37): SCH: ConstraintMapping: 26-1414141414, 29-29, -> L: 27265ms, D: 57265ms, C: false, I: false, N: 0
12-22 13:47:11.861 4660 4660 I Finsky : [2] adix.f(7): SCH: Cancelling existing jobscheduler jobs: 9001 9003 9002 9004 9000
12-22 13:47:11.861 4660 4660 I Finsky : [2] adix.e(23): SCH: Scheduling job Id: 9005, L: 0, D: 82257874, C: false, I: true, N: 0
12-22 13:47:11.864 4660 4660 I Finsky : [2] adix.e(23): SCH: Scheduling job Id: 9006, L: 7677, D: 78447800, C: false, I: false, N: 1
12-22 13:47:11.870 4660 4660 I Finsky : [2] adix.e(23): SCH: Scheduling job Id: 9007, L: 0, D: 86399625, C: true, I: false, N: 2
12-22 13:47:11.878 4660 4660 I Finsky : [2] adix.e(23): SCH: Scheduling job Id: 9008, L: 0, D: 1295451667, C: false, I: true, N: 2
12-22 13:47:11.882 4660 4660 I Finsky : [2] adix.e(23): SCH: Scheduling job Id: 9009, L: 0, D: 1295451667, C: true, I: true, N: 2
12-22 13:47:11.891 4660 4660 I Finsky : [2] adix.e(23): SCH: Scheduling job Id: 9010, L: 27265, D: 57265, C: false, I: false, N: 0
12-22 13:47:11.961 3761 4364 I chatty : uid=10013 com.google.android.gms.persistent expire 3 lines
12-22 13:47:11.994 4660 4660 I Finsky : [2] adkl.b(5): SCH: Jobs in database: 1-1337 3-133 3-134 21-333333333 24-77777777 26-1414141414 29-29 34-14 34-16
12-22 13:47:12.039 4660 4660 I Finsky : [2] adix.d(37): SCH: ConstraintMapping: 24-77777777, -> L: 0ms, D: 82257629ms, C: false, I: true, N: 0
12-22 13:47:12.041 4660 4660 I Finsky : [2] adix.d(37): SCH: ConstraintMapping: 1-1337, 21-333333333, 34-16, -> L: 7432ms, D: 78447555ms, C: false, I: false, N: 1
12-22 13:47:12.042 4660 4660 I Finsky : [2] adix.d(37): SCH: ConstraintMapping: 3-133, -> L: 0ms, D: 86399380ms, C: true, I: false, N: 2
12-22 13:47:12.044 4660 4660 I Finsky : [2] adix.d(37): SCH: ConstraintMapping: 3-134, 34-14, -> L: 0ms, D: 86399748ms, C: false, I: true, N: 2
12-22 13:47:12.045 4660 4660 I Finsky : [2] adix.d(37): SCH: ConstraintMapping: 34-14, -> L: 0ms, D: 1295451414ms, C: true, I: true, N: 2
12-22 13:47:12.047 4660 4660 I Finsky : [2] adix.d(37): SCH: ConstraintMapping: 26-1414141414, 29-29, -> L: 27014ms, D: 57014ms, C: false, I: false, N: 0
12-22 13:47:12.119 4660 4660 I Finsky : [2] adix.f(7): SCH: Cancelling existing jobscheduler jobs: 9009 9006 9008 9005 9010 9007
12-22 13:47:12.120 4660 4660 I Finsky : [2] adix.e(23): SCH: Scheduling job Id: 9000, L: 0, D: 82257629, C: false, I: true, N: 0
12-22 13:47:12.128 4660 4660 I Finsky : [2] adix.e(23): SCH: Scheduling job Id: 9001, L: 7432, D: 78447555, C: false, I: false, N: 1
12-22 13:47:12.133 4660 4660 I Finsky : [2] adix.e(23): SCH: Scheduling job Id: 9002, L: 0, D: 86399380, C: true, I: false, N: 2
12-22 13:47:12.139 4660 4660 I Finsky : [2] adix.e(23): SCH: Scheduling job Id: 9003, L: 0, D: 86399748, C: false, I: true, N: 2
12-22 13:47:12.142 4660 4660 I Finsky : [2] adix.e(23): SCH: Scheduling job Id: 9004, L: 0, D: 1295451414, C: true, I: true, N: 2
12-22 13:47:12.142 4867 4896 W YouTube : Fetching the Gservices key 'failsafe_clear_cache_release_13_02' before the end of the bulk initialization
12-22 13:47:12.145 4660 4660 I Finsky : [2] adix.e(23): SCH: Scheduling job Id: 9011, L: 27014, D: 57014, C: false, I: false, N: 0
12-22 13:47:12.183 4660 4660 I Finsky : [2] aflt.a(1): Connecting InstallListener to SplitInstallService broadcaster...
12-22 13:47:12.196 4660 4660 I Finsky : [2] amcf.a(1): Warm data store was already initialized.
12-22 13:47:12.323 4867 4890 W GooglePlayServicesUtil: Google Play services out of date for com.google.android.youtube. Requires 204790000 but found 204516015
12-22 13:47:12.345 4867 4910 W ResourceType: ResTable_typeSpec entry count inconsistent: given 67, previously 69
12-22 13:47:12.345 4867 4910 W ResourceType: ResTable_typeSpec entry count inconsistent: given 5399, previously 5400
12-22 13:47:12.455 4867 4890 I zygote : The ClassLoaderContext is a special shared library.
12-22 13:47:12.464 4867 4902 I zygote : Deoptimizing java.lang.Object j$.util.concurrent.ConcurrentHashMap.get(java.lang.Object) due to JIT inline cache
12-22 13:47:12.618 3911 3911 I chatty : uid=10013(com.google.android.gms) expire 2 lines
12-22 13:47:12.680 4867 4915 E GEL_DELAYED_EVENT_DEBUG: Failed delayed event dispatch, no dispatchers.
12-22 13:47:12.758 4867 4963 W zygote : Unsupported class loader
12-22 13:47:12.792 4867 4963 W zygote : Skipping duplicate class check due to unsupported classloader
12-22 13:47:12.835 4867 4920 D NetworkSecurityConfig: Using Network Security Config from resource network_security_config debugBuild: false
12-22 13:47:12.851 4867 4963 W ResourceType: ResTable_typeSpec entry count inconsistent: given 67, previously 69
12-22 13:47:12.851 4867 4963 W ResourceType: ResTable_typeSpec entry count inconsistent: given 5399, previously 5400
12-22 13:47:12.856 4867 4872 I zygote : Do partial code cache collection, code=30KB, data=25KB
12-22 13:47:12.860 4867 4872 I zygote : After code cache collection, code=29KB, data=25KB
12-22 13:47:12.860 4867 4872 I zygote : Increasing code cache capacity to 128KB
12-22 13:47:12.893 4867 4926 W YouTube : ECatcher disabled: level: WARNING, category: initialization, message: elapsedMillisTimestamp(-571255392) < 0
12-22 13:47:12.893 4867 4926 W YouTube : java.lang.Exception
12-22 13:47:12.893 4867 4926 W YouTube : at ajyz.b(PG:1)
12-22 13:47:12.893 4867 4926 W YouTube : at epm.(PG:2)
12-22 13:47:12.893 4867 4926 W YouTube : at epn.c(PG:12)
12-22 13:47:12.893 4867 4926 W YouTube : at dmx.run(PG:9)
12-22 13:47:12.893 4867 4926 W YouTube : at java.util.concurrent.Executors$RunnableAdapter.call(Executors.java:457)
12-22 13:47:12.893 4867 4926 W YouTube : at java.util.concurrent.FutureTask.run(FutureTask.java:266)
12-22 13:47:12.893 4867 4926 W YouTube : at java.util.concurrent.ScheduledThreadPoolExecutor$ScheduledFutureTask.run(ScheduledThreadPoolExecutor.java:301)
12-22 13:47:12.893 4867 4926 W YouTube : at java.util.concurrent.ThreadPoolExecutor.runWorker(ThreadPoolExecutor.java:1162)
12-22 13:47:12.893 4867 4926 W YouTube : at java.util.concurrent.ThreadPoolExecutor$Worker.run(ThreadPoolExecutor.java:636)
12-22 13:47:12.893 4867 4926 W YouTube : at abhj.run(PG:12)
12-22 13:47:12.893 4867 4926 W YouTube : at java.lang.Thread.run(Thread.java:764)
12-22 13:47:12.896 4867 4963 W zygote : Unsupported class loader
12-22 13:47:12.940 4867 4963 W zygote : Skipping duplicate class check due to unsupported classloader
12-22 13:47:12.959 4867 4926 W Primes : Primes.initialize() should only be called from the main thread.
12-22 13:47:13.012 3190 3646 D Camera_Factory: CameraFactory::get_camera_info
12-22 13:47:13.012 3190 3646 D Camera_Factory: CameraFactory::getCameraInfo: id = 0, info = 0xb0402520
12-22 13:47:13.012 3190 3646 D Camera_Factory: CameraFactory::getCameraNum: 1
12-22 13:47:13.012 3190 3646 D CameraHardware: CameraHardware::getCameraInfo
12-22 13:47:13.048 4867 4867 V MediaRouter: Adding route: RouteInfo{ name=Tablet, description=null, status=null, category=RouteCategory{ name=System types=ROUTE_TYPE_LIVE_AUDIO ROUTE_TYPE_LIVE_VIDEO groupable=false }, supportedTypes=ROUTE_TYPE_LIVE_AUDIO ROUTE_TYPE_LIVE_VIDEO , presentationDisplay=Display id 1: DisplayInfo{"HDMI Screen", uniqueId "local:1", app 1280 x 720, real 1280 x 720, largest app 1280 x 1280, smallest app 720 x 720, mode 2, defaultMode 2, modes [{id=2, width=1280, height=720, fps=60.000004}], colorMode -22, supportedColorModes [-22], hdrCapabilities android.view.Display$HdrCapabilities@a69d6308, rotation 0, density 213 (213.0 x 213.0) dpi, layerStack 1, appVsyncOff 1000000, presDeadline 16666666, type HDMI, state ON, FLAG_SECURE, FLAG_SUPPORTS_PROTECTED_BUFFERS, FLAG_PRESENTATION, removeMode 0}, DisplayMetrics{density=1.3312501, width=1280, height=720, scaledDensity=1.3312501, xdpi=213.0, ydpi=213.0}, isValid=true }
12-22 13:47:13.080 4867 4867 V MediaRouter: Selecting route: RouteInfo{ name=Tablet, description=null, status=null, category=RouteCategory{ name=System types=ROUTE_TYPE_LIVE_AUDIO ROUTE_TYPE_LIVE_VIDEO groupable=false }, supportedTypes=ROUTE_TYPE_LIVE_AUDIO ROUTE_TYPE_LIVE_VIDEO , presentationDisplay=Display id 1: DisplayInfo{"HDMI Screen", uniqueId "local:1", app 1280 x 720, real 1280 x 720, largest app 1280 x 1280, smallest app 720 x 720, mode 2, defaultMode 2, modes [{id=2, width=1280, height=720, fps=60.000004}], colorMode -22, supportedColorModes [-22], hdrCapabilities android.view.Display$HdrCapabilities@a69d6308, rotation 0, density 213 (213.0 x 213.0) dpi, layerStack 1, appVsyncOff 1000000, presDeadline 16666666, type HDMI, state ON, FLAG_SECURE, FLAG_SUPPORTS_PROTECTED_BUFFERS, FLAG_PRESENTATION, removeMode 0}, DisplayMetrics{density=1.3312501, width=1280, height=720, scaledDensity=1.3312501, xdpi=213.0, ydpi=213.0}, isValid=true }
12-22 13:47:13.238 3296 3978 D ConnectivityService: requestNetwork for uid/pid:10030/4867 NetworkRequest [ TRACK_DEFAULT id=14, [ Capabilities: INTERNET&NOT_RESTRICTED&TRUSTED&NOT_VPN] ]
12-22 13:47:13.240 3296 3398 D WIFI : got request NetworkRequest [ TRACK_DEFAULT id=14, [ Capabilities: INTERNET&NOT_RESTRICTED&TRUSTED&NOT_VPN] ] with score 70
12-22 13:47:13.240 3296 3429 D Ethernet: got request NetworkRequest [ TRACK_DEFAULT id=14, [ Capabilities: INTERNET&NOT_RESTRICTED&TRUSTED&NOT_VPN] ] with score 70
12-22 13:47:13.240 3296 3398 D WIFI_UT : got request NetworkRequest [ TRACK_DEFAULT id=14, [ Capabilities: INTERNET&NOT_RESTRICTED&TRUSTED&NOT_VPN] ] with score 70
12-22 13:47:13.242 4867 4867 W YT.MDX.agvu: CastAppId for type 0 not found. Defaulting to mainCastAppId.
12-22 13:47:13.260 4867 4867 W YT.MDX.agvu: CastAppId for type 0 not found. Defaulting to mainCastAppId.
12-22 13:47:13.406 4660 4674 I zygote : Waiting for a blocking GC ProfileSaver
12-22 13:47:13.435 4660 4674 I zygote : WaitForGcToComplete blocked ProfileSaver on HeapTrim for 29.068ms
12-22 13:47:13.447 4867 4867 V MediaRouter: Selecting route: RouteInfo{ name=Tablet, description=null, status=null, category=RouteCategory{ name=System types=ROUTE_TYPE_LIVE_AUDIO ROUTE_TYPE_LIVE_VIDEO groupable=false }, supportedTypes=ROUTE_TYPE_LIVE_AUDIO ROUTE_TYPE_LIVE_VIDEO , presentationDisplay=Display id 1: DisplayInfo{"HDMI Screen", uniqueId "local:1", app 1280 x 720, real 1280 x 720, largest app 1280 x 1280, smallest app 720 x 720, mode 2, defaultMode 2, modes [{id=2, width=1280, height=720, fps=60.000004}], colorMode -22, supportedColorModes [-22], hdrCapabilities android.view.Display$HdrCapabilities@a69d6308, rotation 0, density 213 (213.0 x 213.0) dpi, layerStack 1, appVsyncOff 1000000, presDeadline 16666666, type HDMI, state ON, FLAG_SECURE, FLAG_SUPPORTS_PROTECTED_BUFFERS, FLAG_PRESENTATION, removeMode 0}, DisplayMetrics{density=1.3312501, width=1280, height=720, scaledDensity=1.3312501, xdpi=213.0, ydpi=213.0}, isValid=true }
12-22 13:47:13.477 4867 4872 I zygote : Do partial code cache collection, code=59KB, data=60KB
12-22 13:47:13.486 4867 4872 I zygote : After code cache collection, code=59KB, data=60KB
12-22 13:47:13.487 4867 4872 I zygote : Increasing code cache capacity to 256KB
12-22 13:47:13.530 4867 4867 W YouTube : ECatcher disabled: level: WARNING, category: initialization, message: ColdStartTypeDetector mismatch earlyDetected:2 detected:4
12-22 13:47:13.530 4867 4867 W YouTube : java.lang.Exception
12-22 13:47:13.530 4867 4867 W YouTube : at ajyz.b(PG:1)
12-22 13:47:13.530 4867 4867 W YouTube : at dvu.b(PG:4)
12-22 13:47:13.530 4867 4867 W YouTube : at dvu.c(PG:1)
12-22 13:47:13.530 4867 4867 W YouTube : at agro.queueIdle(Unknown Source:4)
12-22 13:47:13.530 4867 4867 W YouTube : at android.os.MessageQueue.next(MessageQueue.java:394)
12-22 13:47:13.530 4867 4867 W YouTube : at android.os.Looper.loop(Looper.java:142)
12-22 13:47:13.530 4867 4867 W YouTube : at android.app.ActivityThread.main(ActivityThread.java:6494)
12-22 13:47:13.530 4867 4867 W YouTube : at java.lang.reflect.Method.invoke(Native Method)
12-22 13:47:13.530 4867 4867 W YouTube : at com.android.internal.os.RuntimeInit$MethodAndArgsCaller.run(RuntimeInit.java:438)
12-22 13:47:13.530 4867 4867 W YouTube : at com.android.internal.os.ZygoteInit.main(ZygoteInit.java:807)
12-22 13:47:13.607 4867 4976 I FA : App measurement initialized, version: 34013
12-22 13:47:13.607 4867 4976 I FA : To enable debug logging run: adb shell setprop log.tag.FA VERBOSE
12-22 13:47:13.607 4867 4976 I FA : To enable faster debug mode event logging run:
12-22 13:47:13.607 4867 4976 I FA : adb shell setprop debug.firebase.analytics.app com.google.android.youtube
12-22 13:47:13.631 3296 3828 I ActivityManager: Start proc 5006:com.spotify.music/u0a27 for broadcast com.spotify.music/androidx.work.impl.background.systemalarm.RescheduleReceiver
12-22 13:47:13.642 3296 3828 I ActivityManager: Killing 3999:com.android.printspooler/u0a72 (adj 906): empty #17
12-22 13:47:13.643 3296 3315 W system_server: kill(-3999, 9) failed: No such process
12-22 13:47:13.716 3296 3828 W ActivityManager: Slow operation: 55ms so far, now at attachApplicationLocked: after sendPendingBroadcastsLocked
12-22 13:47:13.732 3296 3315 W system_server: kill(-3999, 9) failed: No such process
12-22 13:47:13.732 3296 3315 I system_server: Successfully killed process cgroup uid 10072 pid 3999 in 89ms
12-22 13:47:13.757 5006 5006 W ResourceType: ResTable_typeSpec entry count inconsistent: given 1688, previously 1714
12-22 13:47:13.757 5006 5006 W ResourceType: ResTable_typeSpec entry count inconsistent: given 1260, previously 1262
12-22 13:47:13.875 5006 5024 W zygote : Unsupported class loader
12-22 13:47:13.879 5006 5024 W zygote : Skipping duplicate class check due to unsupported classloader
12-22 13:47:13.935 5006 5035 D libcrashlytics: Initializing libcrashlytics version 2.0.5
12-22 13:47:13.935 5006 5035 D libcrashlytics: Initializing native crash handling successful.
12-22 13:47:13.998 5006 5044 D NetworkSecurityConfig: Using Network Security Config from resource network_security_config debugBuild: false
12-22 13:47:14.078 5006 5036 I FA : App measurement initialized, version: 31049
12-22 13:47:14.078 5006 5036 I FA : To enable debug logging run: adb shell setprop log.tag.FA VERBOSE
12-22 13:47:14.078 5006 5036 I FA : To enable faster debug mode event logging run:
12-22 13:47:14.078 5006 5036 I FA : adb shell setprop debug.firebase.analytics.app com.spotify.music
12-22 13:47:14.134 5006 5036 I zygote : Deoptimizing java.lang.Object com.google.android.gms.measurement.internal.q3.a(java.lang.Object) due to JIT inline cache
12-22 13:47:14.214 5006 5006 W Java7Support: Unable to load JDK7 types (annotations, java.nio.file.Path): no Java7 support added
12-22 13:47:14.293 3761 4298 I chatty : uid=10013 com.google.android.gms.persistent expire 1 line
12-22 13:47:14.361 3761 4017 I chatty : uid=10013(com.google.android.gms) GoogleApiHandle expire 1 line
12-22 13:47:14.396 3761 4730 I chatty : uid=10013 com.google.android.gms.persistent expire 1 line
12-22 13:47:14.431 3761 4215 I chatty : uid=10013(com.google.android.gms) FlpThread expire 2 lines
12-22 13:47:14.441 3761 3766 I chatty : uid=10013(com.google.android.gms) Jit thread pool expire 5 lines
12-22 13:47:14.458 5006 5011 I zygote : Do partial code cache collection, code=29KB, data=21KB
12-22 13:47:14.459 5006 5011 I zygote : After code cache collection, code=25KB, data=20KB
12-22 13:47:14.459 5006 5011 I zygote : Increasing code cache capacity to 128KB
12-22 13:47:14.600 3296 3306 I zygote : Background concurrent copying GC freed 56076(2MB) AllocSpace objects, 12(688KB) LOS objects, 50% free, 9MB/18MB, paused 285us total 111.046ms
12-22 13:47:14.698 3296 4803 I ActivityManager: Finished processing BOOT_COMPLETED for u0
12-22 13:47:14.705 3296 4803 I ActivityManager: Killing 4329:com.android.webview:sandboxed_process0/u0a83i0 (adj 906): empty #17
12-22 13:47:14.706 3296 3315 W system_server: Failed to open process cgroup uid 99000 pid 4329: No such file or directory
12-22 13:47:14.706 3296 3315 E system_server: Error encountered killing process cgroup uid 99000 pid 4329: No such file or directory
12-22 13:47:14.724 4250 4328 W cr_ChildProcessConn: onServiceDisconnected (crash or killed by oom): pid=4329 bindings:W S state:3 counts:0,0,0,1,
12-22 13:47:14.735 4250 4250 E chromium: [ERROR:aw_browser_terminator.cc(123)] Renderer process (4329) crash detected (code -1).
12-22 13:47:14.741 3296 3828 W ActivityManager: Scheduling restart of crashed service com.happyconz.blackbox/org.chromium.content.app.SandboxedProcessService0 in 1000ms
12-22 13:47:14.744 3296 3316 E KernelUidCpuTimeReader: Failed to read uid_cputime: /proc/uid_cputime/show_uid_stat (No such file or directory)
12-22 13:47:14.745 3296 3316 E KernelUidCpuFreqTimeReader: Failed to read /proc/uid_time_in_state: java.io.FileNotFoundException: /proc/uid_time_in_state (No such file or directory)
12-22 13:47:14.747 3296 3316 E KernelWakelockReader: neither /proc/wakelocks nor /d/wakeup_sources exists
12-22 13:47:14.752 3296 3316 W BatteryStatsImpl: Couldn't get kernel wake lock stats
12-22 13:47:14.752 3296 3316 D KernelUidCpuTimeReader: Removing uids 99000-99000
12-22 13:47:14.753 3296 3316 E KernelUidCpuTimeReader: failed to remove uids 99000 - 99000 from uid_cputime module
12-22 13:47:14.753 3296 3316 E KernelUidCpuTimeReader: java.io.FileNotFoundException: /proc/uid_cputime/remove_uid_range (No such file or directory)
12-22 13:47:14.753 3296 3316 E KernelUidCpuTimeReader: at java.io.FileOutputStream.open0(Native Method)
12-22 13:47:14.753 3296 3316 E KernelUidCpuTimeReader: at java.io.FileOutputStream.open(FileOutputStream.java:287)
12-22 13:47:14.753 3296 3316 E KernelUidCpuTimeReader: at java.io.FileOutputStream.(FileOutputStream.java:223)
12-22 13:47:14.753 3296 3316 E KernelUidCpuTimeReader: at java.io.FileOutputStream.(FileOutputStream.java:110)
12-22 13:47:14.753 3296 3316 E KernelUidCpuTimeReader: at java.io.FileWriter.(FileWriter.java:63)
12-22 13:47:14.753 3296 3316 E KernelUidCpuTimeReader: at com.android.internal.os.KernelUidCpuTimeReader.removeUidsFromKernelModule(KernelUidCpuTimeReader.java:163)
12-22 13:47:14.753 3296 3316 E KernelUidCpuTimeReader: at com.android.internal.os.KernelUidCpuTimeReader.removeUid(KernelUidCpuTimeReader.java:138)
12-22 13:47:14.753 3296 3316 E KernelUidCpuTimeReader: at com.android.internal.os.BatteryStatsImpl.removeIsolatedUidLocked(BatteryStatsImpl.java:3641)
12-22 13:47:14.753 3296 3316 E KernelUidCpuTimeReader: at com.android.server.am.BatteryExternalStatsWorker$1.run(BatteryExternalStatsWorker.java:191)
12-22 13:47:14.753 3296 3316 E KernelUidCpuTimeReader: at java.util.concurrent.Executors$RunnableAdapter.call(Executors.java:457)
12-22 13:47:14.753 3296 3316 E KernelUidCpuTimeReader: at java.util.concurrent.FutureTask.run(FutureTask.java:266)
12-22 13:47:14.753 3296 3316 E KernelUidCpuTimeReader: at java.util.concurrent.ThreadPoolExecutor.runWorker(ThreadPoolExecutor.java:1162)
12-22 13:47:14.753 3296 3316 E KernelUidCpuTimeReader: at java.util.concurrent.ThreadPoolExecutor$Worker.run(ThreadPoolExecutor.java:636)
12-22 13:47:14.753 3296 3316 E KernelUidCpuTimeReader: at java.lang.Thread.run(Thread.java:764)
12-22 13:47:14.837 3296 3313 W BroadcastQueue: Background execution not allowed: receiving Intent { act=android.intent.action.USER_PRESENT flg=0x24200010 } to com.dailyroads.v.pro/.BootReceiver
12-22 13:47:14.862 5093 5093 E /system/bin/webview_zygote32: Failed to make and chown /acct/uid_99001: Permission denied
12-22 13:47:14.862 5093 5093 E Zygote : createProcessGroup(99001, 0) failed: Permission denied
12-22 13:47:14.863 3296 4803 I ActivityManager: Start proc 5093:com.android.webview:sandboxed_process1/u0i1 for webview_service com.happyconz.blackbox/org.chromium.content.app.SandboxedProcessService1
12-22 13:47:14.864 3296 3307 W BroadcastQueue: Background execution not allowed: receiving Intent { act=android.intent.action.USER_PRESENT flg=0x24200010 } to com.google.android.gms/.auth.setup.devicesignals.LockScreenReceiver
12-22 13:47:14.898 3296 3313 W BroadcastQueue: Background execution not allowed: receiving Intent { act=android.intent.action.USER_PRESENT flg=0x24200010 } to com.google.android.gms/.trustagent.UserPresentBroadcastReceiver
12-22 13:47:14.912 5006 5073 W ResourceType: No package identifier when getting value for resource number 0x00000000
12-22 13:47:14.920 3296 3313 W BroadcastQueue: Background execution not allowed: receiving Intent { act=android.intent.action.USER_PRESENT flg=0x24200010 } to com.google.android.gms/.chimera.GmsIntentOperationService$PersistentTrustedReceiver
12-22 13:47:14.933 5006 5109 W ResourceType: ResTable_typeSpec entry count inconsistent: given 67, previously 69
12-22 13:47:14.933 5006 5109 W ResourceType: ResTable_typeSpec entry count inconsistent: given 5399, previously 5400
12-22 13:47:14.943 3296 3313 W BroadcastQueue: Background execution not allowed: receiving Intent { act=android.intent.action.USER_PRESENT flg=0x24200010 } to com.happyconz.blackbox/.recode.widget.AutoboyWidgetProvider
12-22 13:47:14.955 3296 3313 W BroadcastQueue: Background execution not allowed: receiving Intent { act=android.intent.action.DROPBOX_ENTRY_ADDED flg=0x10 (has extras) } to com.google.android.gms/.stats.service.DropBoxEntryAddedReceiver
12-22 13:47:14.961 5112 5112 E asset : setgid: Operation not permitted
12-22 13:47:14.969 3296 3313 W BroadcastQueue: Background execution not allowed: receiving Intent { act=android.intent.action.DROPBOX_ENTRY_ADDED flg=0x10 (has extras) } to com.google.android.gms/.chimera.GmsIntentOperationService$PersistentTrustedReceiver
12-22 13:47:15.030 5093 5093 I cr_ChildProcessService: Creating new ChildProcessService pid=5093
12-22 13:47:15.124 3296 3828 I ActivityManager: Killing 4250:com.happyconz.blackbox/u0a83 (adj 906): empty #17
12-22 13:47:15.126 3296 3315 W system_server: kill(-4250, 9) failed: No such process
12-22 13:47:15.139 5093 5114 I cr_LibraryLoader: Loaded native library version number "86.0.4240.198"
12-22 13:47:15.141 5093 5114 I cr_CachingUmaRecorder: Flushed 1 samples from 1 histograms.
12-22 13:47:15.167 3296 3315 W system_server: kill(-4250, 9) failed: No such process
12-22 13:47:15.239 3296 3592 D ConnectivityService: ConnectivityService NetworkRequestInfo binderDied(NetworkRequest [ LISTEN id=10, [ Capabilities: INTERNET&NOT_RESTRICTED&TRUSTED&FOREGROUND] ], android.os.BinderProxy@5f6b0de)
12-22 13:47:15.257 3296 3315 W system_server: kill(-4250, 9) failed: No such process
12-22 13:47:15.257 3296 3315 I system_server: Successfully killed process cgroup uid 10083 pid 4250 in 131ms
12-22 13:47:15.264 5093 5093 I cr_ChildProcessService: Destroying ChildProcessService pid=5093
12-22 13:47:15.265 5093 5093 I /system/bin/webview_zygote32: System.exit called, status: 0
12-22 13:47:15.265 5093 5093 I AndroidRuntime: VM exiting with result code 0, cleanup skipped.
12-22 13:47:15.284 3296 4794 I ActivityManager: Killing 5093:com.android.webview:sandboxed_process1/u0a83i1 (adj 0): isolated not needed
12-22 13:47:15.285 3296 3315 W system_server: Failed to open process cgroup uid 99001 pid 5093: No such file or directory
12-22 13:47:15.285 3296 3315 E system_server: Error encountered killing process cgroup uid 99001 pid 5093: No such file or directory
12-22 13:47:15.304 3296 3316 E KernelUidCpuTimeReader: Failed to read uid_cputime: /proc/uid_cputime/show_uid_stat (No such file or directory)
12-22 13:47:15.304 3296 3316 E KernelUidCpuFreqTimeReader: Failed to read /proc/uid_time_in_state: java.io.FileNotFoundException: /proc/uid_time_in_state (No such file or directory)
12-22 13:47:15.306 3296 3316 E KernelWakelockReader: neither /proc/wakelocks nor /d/wakeup_sources exists
12-22 13:47:15.307 3296 3316 W BatteryStatsImpl: Couldn't get kernel wake lock stats
12-22 13:47:15.307 3296 3316 D KernelUidCpuTimeReader: Removing uids 99001-99001
12-22 13:47:15.309 3296 3316 E KernelUidCpuTimeReader: failed to remove uids 99001 - 99001 from uid_cputime module
12-22 13:47:15.309 3296 3316 E KernelUidCpuTimeReader: java.io.FileNotFoundException: /proc/uid_cputime/remove_uid_range (No such file or directory)
12-22 13:47:15.309 3296 3316 E KernelUidCpuTimeReader: at java.io.FileOutputStream.open0(Native Method)
12-22 13:47:15.309 3296 3316 E KernelUidCpuTimeReader: at java.io.FileOutputStream.open(FileOutputStream.java:287)
12-22 13:47:15.309 3296 3316 E KernelUidCpuTimeReader: at java.io.FileOutputStream.(FileOutputStream.java:223)
12-22 13:47:15.309 3296 3316 E KernelUidCpuTimeReader: at java.io.FileOutputStream.(FileOutputStream.java:110)
12-22 13:47:15.309 3296 3316 E KernelUidCpuTimeReader: at java.io.FileWriter.(FileWriter.java:63)
12-22 13:47:15.309 3296 3316 E KernelUidCpuTimeReader: at com.android.internal.os.KernelUidCpuTimeReader.removeUidsFromKernelModule(KernelUidCpuTimeReader.java:163)
12-22 13:47:15.309 3296 3316 E KernelUidCpuTimeReader: at com.android.internal.os.KernelUidCpuTimeReader.removeUid(KernelUidCpuTimeReader.java:138)
12-22 13:47:15.309 3296 3316 E KernelUidCpuTimeReader: at com.android.internal.os.BatteryStatsImpl.removeIsolatedUidLocked(BatteryStatsImpl.java:3641)
12-22 13:47:15.309 3296 3316 E KernelUidCpuTimeReader: at com.android.server.am.BatteryExternalStatsWorker$1.run(BatteryExternalStatsWorker.java:191)
12-22 13:47:15.309 3296 3316 E KernelUidCpuTimeReader: at java.util.concurrent.Executors$RunnableAdapter.call(Executors.java:457)
12-22 13:47:15.309 3296 3316 E KernelUidCpuTimeReader: at java.util.concurrent.FutureTask.run(FutureTask.java:266)
12-22 13:47:15.309 3296 3316 E KernelUidCpuTimeReader: at java.util.concurrent.ThreadPoolExecutor.runWorker(ThreadPoolExecutor.java:1162)
12-22 13:47:15.309 3296 3316 E KernelUidCpuTimeReader: at java.util.concurrent.ThreadPoolExecutor$Worker.run(ThreadPoolExecutor.java:636)
12-22 13:47:15.309 3296 3316 E KernelUidCpuTimeReader: at java.lang.Thread.run(Thread.java:764)
12-22 13:47:15.513 3296 3394 W BroadcastQueue: Background execution not allowed: receiving Intent { act=android.intent.action.DROPBOX_ENTRY_ADDED flg=0x10 (has extras) } to com.google.android.gms/.stats.service.DropBoxEntryAddedReceiver
12-22 13:47:15.518 3296 3313 W BroadcastQueue: Background execution not allowed: receiving Intent { act=android.intent.action.DROPBOX_ENTRY_ADDED flg=0x10 (has extras) } to com.google.android.gms/.chimera.GmsIntentOperationService$PersistentTrustedReceiver
12-22 13:47:15.652 3296 3828 W BroadcastQueue: Background execution not allowed: receiving Intent { act=android.intent.action.DROPBOX_ENTRY_ADDED flg=0x10 (has extras) } to com.google.android.gms/.stats.service.DropBoxEntryAddedReceiver
