01-01 01:00:21.967 3296 3296 I SystemServiceManager: Starting com.android.server.job.JobSchedulerService
01-01 01:00:22.000 3296 3296 D JobStore: Start tag: job-info
01-01 01:00:22.001 3296 3296 W JobStore: Periodic job for uid='1000' persisted run-time is too big [69923:28:27, 69924:40:27]. Clamping to [24:00:26,25:12:26]
01-01 01:00:22.007 3296 3296 W JobStore: Periodic job for uid='1000' persisted run-time is too big [69923:28:26, 69924:40:26]. Clamping to [24:00:26,25:12:26]
01-01 01:00:22.008 3296 3296 W JobStore: Periodic job for uid='1000' persisted run-time is too big [69923:28:25, 69924:40:25]. Clamping to [24:00:26,25:12:26]
01-01 01:00:22.009 3296 3296 I JobStore: Read 3 jobs
01-01 01:00:22.013 3296 3296 D ConnectivityService: requestNetwork for uid/pid:1000/3296 NetworkRequest [ TRACK_DEFAULT id=3, [ Capabilities: INTERNET&NOT_RESTRICTED&TRUSTED&NOT_VPN] ]
01-01 01:00:22.025 3296 3296 W JobSchedulerService: !!! RTC not yet good; tracking time updates for job scheduling
01-01 01:00:22.026 3296 3296 D SystemServerTiming: StartJobScheduler took to complete: 60ms
01-01 01:00:22.026 3296 3296 I SystemServer: StartSoundTrigger
01-01 01:00:22.026 3296 3296 I SystemServiceManager: Starting com.android.server.soundtrigger.SoundTriggerService
01-01 01:00:22.032 3296 3296 D SystemServerTiming: StartSoundTrigger took to complete: 6ms
01-01 01:00:22.032 3296 3296 I SystemServer: StartTrustManager
01-01 01:00:22.032 3296 3296 I SystemServiceManager: Starting com.android.server.trust.TrustManagerService
01-01 01:00:22.045 3296 3296 D SystemServerTiming: StartTrustManager took to complete: 13ms
01-01 01:00:22.045 3296 3296 I SystemServer: StartBackupManager
01-01 01:00:22.048 3296 3296 I SystemServiceManager: Starting com.android.server.backup.BackupManagerService$Lifecycle
01-01 01:00:22.095 3296 3296 D SystemServerTiming: StartBackupManager took to complete: 50ms
01-01 01:00:22.095 3296 3296 I SystemServer: StartAppWidgerService
01-01 01:00:22.097 3296 3296 I SystemServiceManager: Starting com.android.server.appwidget.AppWidgetService
01-01 01:00:22.145 3296 3296 D SystemServerTiming: StartAppWidgerService took to complete: 50ms
01-01 01:00:22.145 3296 3296 I SystemServer: StartVoiceRecognitionManager
01-01 01:00:22.146 3296 3296 I SystemServiceManager: Starting com.android.server.voiceinteraction.VoiceInteractionManagerService
01-01 01:00:22.157 3296 3296 D SystemServerTiming: StartVoiceRecognitionManager took to complete: 11ms
01-01 01:00:22.159 3296 3296 I SystemServer: StartGestureLauncher
01-01 01:00:22.159 3296 3296 I SystemServiceManager: Starting com.android.server.GestureLauncherService
01-01 01:00:22.160 3296 3296 D SystemServerTiming: StartGestureLauncher took to complete: 1ms
01-01 01:00:22.160 3296 3296 I SystemServer: StartSensorNotification
01-01 01:00:22.160 3296 3296 I SystemServiceManager: Starting com.android.server.SensorNotificationService
01-01 01:00:22.161 3296 3296 D SystemServerTiming: StartSensorNotification took to complete: 1ms
01-01 01:00:22.161 3296 3296 I SystemServer: StartContextHubSystemService
01-01 01:00:22.161 3296 3296 I SystemServiceManager: Starting com.android.server.ContextHubSystemService
01-01 01:00:22.162 3296 3296 D SystemServerTiming: StartContextHubSystemService took to complete: 0ms
01-01 01:00:22.162 3296 3296 I SystemServer: StartDiskStatsService
01-01 01:00:22.162 3296 3347 D SystemServerInitThreadPool: Started executing Init ContextHubSystemService
01-01 01:00:22.167 3296 3347 D SystemServerInitThreadPool: Finished executing Init ContextHubSystemService
01-01 01:00:22.167 3296 3296 D SystemServerTiming: StartDiskStatsService took to complete: 4ms
01-01 01:00:22.167 3296 3296 I SystemServer: StartNetworkTimeUpdateService
01-01 01:00:22.170 3296 3296 D SystemServerTiming: StartNetworkTimeUpdateService took to complete: 2ms
01-01 01:00:22.170 3296 3296 I SystemServer: StartCommonTimeManagementService
01-01 01:00:22.173 3296 3296 D SystemServerTiming: StartCommonTimeManagementService took to complete: 4ms
01-01 01:00:22.173 3296 3296 I SystemServer: CertBlacklister
01-01 01:00:22.175 3296 3296 D SystemServerTiming: CertBlacklister took to complete: 2ms
01-01 01:00:22.175 3296 3296 I SystemServer: StartEmergencyAffordanceService
01-01 01:00:22.175 3296 3296 I SystemServiceManager: Starting com.android.server.emergency.EmergencyAffordanceService
01-01 01:00:22.179 3296 3296 D SystemServerTiming: StartEmergencyAffordanceService took to complete: 3ms
01-01 01:00:22.179 3296 3296 I SystemServer: StartDreamManager
01-01 01:00:22.179 3296 3296 I SystemServiceManager: Starting com.android.server.dreams.DreamManagerService
01-01 01:00:22.187 3296 3296 D SystemServerTiming: StartDreamManager took to complete: 8ms
01-01 01:00:22.187 3296 3296 I SystemServer: AddGraphicsStatsService
01-01 01:00:22.192 3296 3296 D SystemServerTiming: AddGraphicsStatsService took to complete: 5ms
01-01 01:00:22.193 3296 3296 I SystemServer: StartPrintManager
01-01 01:00:22.194 3296 3296 I SystemServiceManager: Starting com.android.server.print.PrintManagerService
01-01 01:00:22.202 3296 3296 D SystemServerTiming: StartPrintManager took to complete: 10ms
01-01 01:00:22.202 3296 3296 I SystemServer: StartCompanionDeviceManager
01-01 01:00:22.207 3296 3296 I SystemServiceManager: Starting com.android.server.companion.CompanionDeviceManagerService
01-01 01:00:22.211 3296 3296 D SystemServerTiming: StartCompanionDeviceManager took to complete: 9ms
01-01 01:00:22.211 3296 3296 I SystemServer: StartRestrictionManager
01-01 01:00:22.212 3296 3296 I SystemServiceManager: Starting com.android.server.restrictions.RestrictionsManagerService
01-01 01:00:22.214 3296 3296 D SystemServerTiming: StartRestrictionManager took to complete: 3ms
01-01 01:00:22.214 3296 3296 I SystemServer: StartMediaSessionService
01-01 01:00:22.214 3296 3296 I SystemServiceManager: Starting com.android.server.media.MediaSessionService
01-01 01:00:22.234 3296 3296 D SystemServerTiming: StartMediaSessionService took to complete: 20ms
01-01 01:00:22.234 3296 3296 I SystemServer: StartHdmiControlService
01-01 01:00:22.234 3296 3296 I SystemServiceManager: Starting com.android.server.hdmi.HdmiControlService
01-01 01:00:22.270 3296 3296 I HdmiControlService: Device does not support MHL-control.
01-01 01:00:22.271 3296 3419 W HDMI : [1]:Failed to send a polling message(4->4) with return code 3
01-01 01:00:22.280 3296 3296 D SystemServerTiming: StartHdmiControlService took to complete: 46ms
01-01 01:00:22.281 3296 3296 I SystemServer: StartMediaResourceMonitor
01-01 01:00:22.281 3296 3296 I SystemServiceManager: Starting com.android.server.media.MediaResourceMonitorService
01-01 01:00:22.282 3296 3296 D SystemServerTiming: StartMediaResourceMonitor took to complete: 2ms
01-01 01:00:22.283 3296 3296 I SystemServer: StartMediaRouterService
01-01 01:00:22.289 3296 3296 D SystemServerTiming: StartMediaRouterService took to complete: 7ms
01-01 01:00:22.289 3296 3296 I SystemServer: StartBackgroundDexOptService
01-01 01:00:22.293 3296 3296 D SystemServerTiming: StartBackgroundDexOptService took to complete: 4ms
01-01 01:00:22.293 3296 3296 I SystemServer: StartPruneInstantAppsJobService
01-01 01:00:22.294 3296 3296 D SystemServerTiming: StartPruneInstantAppsJobService took to complete: 0ms
01-01 01:00:22.294 3296 3296 I SystemServer: StartShortcutServiceLifecycle
01-01 01:00:22.294 3296 3296 I SystemServiceManager: Starting com.android.server.pm.ShortcutService$Lifecycle
01-01 01:00:22.324 3296 3296 D SystemServerTiming: StartShortcutServiceLifecycle took to complete: 31ms
01-01 01:00:22.324 3296 3296 I SystemServer: StartLauncherAppsService
01-01 01:00:22.325 3296 3296 I SystemServiceManager: Starting com.android.server.pm.LauncherAppsService
01-01 01:00:22.332 3296 3296 D SystemServerTiming: StartLauncherAppsService took to complete: 7ms
01-01 01:00:22.332 3296 3296 I SystemServer: StartMediaProjectionManager
01-01 01:00:22.332 3296 3296 I SystemServiceManager: Starting com.android.server.media.projection.MediaProjectionManagerService
01-01 01:00:22.348 3296 3296 D SystemServerTiming: StartMediaProjectionManager took to complete: 16ms
01-01 01:00:22.348 3296 3296 I SystemServer: StartCameraServiceProxy
01-01 01:00:22.348 3296 3296 I SystemServiceManager: Starting com.android.server.camera.CameraServiceProxy
01-01 01:00:22.352 3296 3423 I ServiceThread: Enabled StrictMode logging for CameraService_proxy looper.
01-01 01:00:22.355 3296 3296 D SystemServerTiming: StartCameraServiceProxy took to complete: 7ms
01-01 01:00:22.607 3296 3296 I SystemServer: StartJitCompilation
01-01 01:00:22.607 3296 3296 D SystemServerTiming: StartJitCompilation took to complete: 0ms
01-01 01:00:22.607 3296 3296 I SystemServer: StartMmsService
01-01 01:00:22.608 3296 3296 I SystemServiceManager: Starting com.android.server.MmsServiceBroker
01-01 01:00:22.612 3296 3296 D SystemServerTiming: StartMmsService took to complete: 5ms
01-01 01:00:22.612 3296 3296 I SystemServer: StartAutoFillService
01-01 01:00:22.616 3296 3296 I SystemServiceManager: Starting com.android.server.autofill.AutofillManagerService
01-01 01:00:22.620 3296 3296 I AutofillManagerService: Setting debug to true
01-01 01:00:22.626 3296 3296 D SystemServerTiming: StartAutoFillService took to complete: 14ms
01-01 01:00:22.627 3296 3296 I LineageSystemServer: Attempting to start service org.lineageos.platform.internal.ProfileManagerService
01-01 01:00:22.633 3296 3296 I LineageSystemServer: Starting service org.lineageos.platform.internal.ProfileManagerService
01-01 01:00:22.633 3296 3296 I SystemServiceManager: Starting org.lineageos.platform.internal.ProfileManagerService
01-01 01:00:22.643 3296 3296 I LineageSystemServer: Attempting to start service org.lineageos.platform.internal.LineageHardwareService
01-01 01:00:22.655 3296 3296 I LineageSystemServer: Starting service org.lineageos.platform.internal.LineageHardwareService
01-01 01:00:22.655 3296 3296 I SystemServiceManager: Starting org.lineageos.platform.internal.LineageHardwareService
01-01 01:00:22.656 3296 3296 I LineageSystemServer: Attempting to start service org.lineageos.platform.internal.PerformanceManagerService
01-01 01:00:22.660 3296 3424 I ServiceThread: Enabled StrictMode logging for PerformanceManager looper.
01-01 01:00:22.660 3296 3296 I LineageSystemServer: Starting service org.lineageos.platform.internal.PerformanceManagerService
01-01 01:00:22.661 3296 3296 I SystemServiceManager: Starting org.lineageos.platform.internal.PerformanceManagerService
01-01 01:00:22.662 3296 3425 I ServiceThread: Enabled StrictMode logging for PerformanceManager looper.
01-01 01:00:22.662 3296 3296 I LineageSystemServer: Attempting to start service org.lineageos.platform.internal.LineageWeatherManagerService
01-01 01:00:22.666 3296 3296 I LineageSystemServer: Starting service org.lineageos.platform.internal.LineageWeatherManagerService
01-01 01:00:22.666 3296 3296 I SystemServiceManager: Starting org.lineageos.platform.internal.LineageWeatherManagerService
01-01 01:00:22.669 3296 3296 I LineageSystemServer: Attempting to start service org.lineageos.platform.internal.display.LiveDisplayService
01-01 01:00:22.674 3296 3426 I ServiceThread: Enabled StrictMode logging for LiveDisplay looper.
01-01 01:00:22.676 3296 3296 I LineageSystemServer: Starting service org.lineageos.platform.internal.display.LiveDisplayService
01-01 01:00:22.676 3296 3296 I SystemServiceManager: Starting org.lineageos.platform.internal.display.LiveDisplayService
01-01 01:00:22.677 3296 3427 I ServiceThread: Enabled StrictMode logging for LiveDisplay looper.
01-01 01:00:22.678 3296 3296 I LineageSystemServer: Attempting to start service org.lineageos.platform.internal.LineageAudioService
01-01 01:00:22.679 3296 3296 I LineageSystemServer: Starting service org.lineageos.platform.internal.LineageAudioService
01-01 01:00:22.679 3296 3296 I SystemServiceManager: Starting org.lineageos.platform.internal.LineageAudioService
01-01 01:00:22.684 3296 3296 I LineageSystemServer: Attempting to start service org.lineageos.platform.internal.StyleInterfaceService
01-01 01:00:22.687 3296 3296 I LineageSystemServer: Starting service org.lineageos.platform.internal.StyleInterfaceService
01-01 01:00:22.687 3296 3296 I SystemServiceManager: Starting org.lineageos.platform.internal.StyleInterfaceService
01-01 01:00:22.688 3296 3296 I LineageSystemServer: Attempting to start service org.lineageos.platform.internal.TrustInterfaceService
01-01 01:00:22.691 3296 3296 I LineageSystemServer: Starting service org.lineageos.platform.internal.TrustInterfaceService
01-01 01:00:22.691 3296 3296 I SystemServiceManager: Starting org.lineageos.platform.internal.TrustInterfaceService
01-01 01:00:22.709 3296 3296 I LineageSystemServer: Attempting to start service org.lineageos.platform.internal.LineageSettingsService
01-01 01:00:22.710 3296 3296 I LineageSystemServer: Starting service org.lineageos.platform.internal.LineageSettingsService
01-01 01:00:22.710 3296 3296 I SystemServiceManager: Starting org.lineageos.platform.internal.LineageSettingsService
01-01 01:00:22.710 3296 3296 I SystemServer: MakeVibratorServiceReady
01-01 01:00:22.712 3296 3296 D SystemServerTiming: MakeVibratorServiceReady took to complete: 2ms
01-01 01:00:22.712 3296 3296 I SystemServer: MakeLockSettingsServiceReady
01-01 01:00:22.730 3296 3296 I SyntheticPasswordManager: Device does not support weaver
01-01 01:00:22.732 3296 3296 E LockSettingsStorage: Cannot read file java.io.FileNotFoundException: /data/system/gatekeeper.password.key: open failed: ENOENT (No such file or directory)
01-01 01:00:22.733 3296 3296 E LockSettingsStorage: Cannot read file java.io.FileNotFoundException: /data/system/password.key: open failed: ENOENT (No such file or directory)
01-01 01:00:22.733 3296 3296 E LockSettingsStorage: Cannot read file java.io.FileNotFoundException: /data/system/gatekeeper.pattern.key: open failed: ENOENT (No such file or directory)
01-01 01:00:22.734 3296 3296 E LockSettingsStorage: Cannot read file java.io.FileNotFoundException: /data/system/gatekeeper.gesture.key: open failed: ENOENT (No such file or directory)
01-01 01:00:22.734 3296 3296 E LockSettingsStorage: Cannot read file java.io.FileNotFoundException: /data/system/gesture.key: open failed: ENOENT (No such file or directory)
01-01 01:00:22.735 3296 3296 D SystemServerTiming: MakeLockSettingsServiceReady took to complete: 22ms
01-01 01:00:22.735 3296 3296 I SystemServer: StartBootPhaseLockSettingsReady
01-01 01:00:22.735 3296 3296 I SystemServiceManager: Starting phase 480
01-01 01:00:22.748 3296 3296 I DevicePolicyManager: Set ro.device_owner property to false
01-01 01:00:22.753 3296 3296 W ShortcutService: Clock rewound
01-01 01:00:22.754 3296 3296 D SystemServerTiming: StartBootPhaseLockSettingsReady took to complete: 19ms
01-01 01:00:22.754 3296 3296 I SystemServer: StartBootPhaseSystemServicesReady
01-01 01:00:22.754 3296 3296 I SystemServiceManager: Starting phase 500
01-01 01:00:22.758 3296 3296 W UsageStatsService: Missing procfs interface: /proc/uid_procstat/set
01-01 01:00:22.823 3296 3296 W SystemServiceManager: Service com.android.server.vr.VrManagerService took 64 ms in onBootPhase
01-01 01:00:22.834 3296 3296 I WifiService: WifiService starting up with Wi-Fi enabled
01-01 01:00:22.845 3296 3296 D WifiService: setWifiEnabled: true pid=3296, uid=1000, package=android
01-01 01:00:22.855 3296 3406 D ConnectivityService: Got NetworkFactory Messenger for Ethernet
01-01 01:00:22.858 3296 3296 D ZenLog : config: cleanUpZenRules,ZenModeConfig[user=0,allowCalls=true,allowRepeatCallers=false,allowMessages=false,allowCallsFrom=contacts,allowMessagesFrom=contacts,allowReminders=true,allowEvents=true,allowWhenScreenOff=true,allowWhenScreenOn=true,automaticRules={EVENTS_DEFAULT_RULE=ZenRule[enabled=false,snoozing=false,name=Event,zenMode=ZEN_MODE_ALARMS,conditionId=condition://android/event?userId=-10000&calendar=&reply=1,condition=Condition[id=condition://android/event?userId=-10000&calendar=&reply=1,summary=...,line1=...,line2=...,icon=0,state=STATE_FALSE,flags=2],component=ComponentInfo{android/com.android.server.notification.EventConditionProvider},id=EVENTS_DEFAULT_RULE,creationTime=1356998557557,enabler=null], SCHEDULED_DEFAULT_RULE_1=ZenRule[enabled=false,snoozing=false,name=Weeknight,zenMode=ZEN_MODE_ALARMS,conditionId=condition://android/schedule?days=1.2.3.4.5&start=22.0&end=7.0&exitAtAlarm=false,condition=Condition[id=condition://android/schedule?days=1.2.3.4.5&start=22.0&end=7.0&exitAtAlarm=false,summary=...,line1=...,line2=...,icon=0,state=STATE_FALSE,flags=2],component=ComponentInfo{android/com.android.server.notification.ScheduleConditionProvider},id=SCHEDULED_DEFAULT_RULE_1,creationTime=1356998557553,enabler=null], SCHEDULED_DEFAULT_RULE_2=ZenRule[enabled=false,snoozing=false,name=Weekend,zenMode=ZEN_MODE_ALARMS,conditionId=condition://android/schedule?days=6.7&start=23.30&end=10.0&exitAtAlarm=false,condition=Condition[id=condition://android/schedule?days=6.7&start=23.30&end=10.0&exitAtAlarm=false,summary=...,line1=...,line2=...,icon=0,state=STATE_FALSE,flags=2],component=ComponentInfo{android/com.android.server.notification.ScheduleConditionProvider},id=SCHEDULED_DEFAULT_RULE_2,creationTime=1356998557553,enabler=null]},manualRule=null],Diff[]
01-01 01:00:22.858 3296 3296 D ZenLog : set_zen_mode: off,onSystemReady
01-01 01:00:22.871 3296 3296 W SoundTriggerHelper: listModules status=0, # of modules=0
01-01 01:00:22.883 3296 3296 D SystemServerTiming: StartBootPhaseSystemServicesReady took to complete: 130ms
01-01 01:00:22.883 3296 3296 I SystemServer: MakeWindowManagerServiceReady
01-01 01:00:22.937 3296 3296 D SystemServerTiming: MakeWindowManagerServiceReady took to complete: 54ms
01-01 01:00:22.940 3296 3296 I SystemServer: MakePowerManagerServiceReady
01-01 01:00:22.976 3296 3323 W KeyguardServiceDelegate: onScreenTurningOn(): no keyguard service!
01-01 01:00:22.978 3296 3296 D SystemServerTiming: MakePowerManagerServiceReady took to complete: 39ms
01-01 01:00:22.978 3296 3296 I SystemServer: MakePackageManagerServiceReady
01-01 01:00:22.985 3296 3296 V UserDataPreparer: Found /data/user_de/0 with serial number 0
01-01 01:00:22.985 3296 3296 V UserDataPreparer: Found /data/user/0 with serial number 0
01-01 01:00:22.985 3296 3296 V UserDataPreparer: Found /data/system_de/0 with serial number 0
01-01 01:00:22.986 3296 3296 V UserDataPreparer: Found /data/system_ce/0 with serial number 0
01-01 01:00:22.986 3296 3296 V UserDataPreparer: Found /data/misc_ce/0 with serial number 0
01-01 01:00:22.997 3296 3296 D SystemServerTiming: MakePackageManagerServiceReady took to complete: 19ms
01-01 01:00:22.997 3296 3296 I SystemServer: MakeDisplayManagerServiceReady
01-01 01:00:22.997 3296 3296 D SystemServerTiming: MakeDisplayManagerServiceReady took to complete: 0ms
01-01 01:00:23.011 3296 3296 I ActivityManager: System now ready
01-01 01:00:23.014 3296 3296 I ActivityManager: Config changes=40000100 {1.15 ?mcc?mnc [en_GB] ldltr sw619dp w1101dp h547dp 186dpi lrg long land finger qwerty/v/v -nav/h appBounds=Rect(0, 0 - 1280, 664) s.6}
01-01 01:00:23.021 3296 3296 I ActivityManager: Override config changes=40000100 {1.15 ?mcc?mnc [en_GB] ldltr sw619dp w1101dp h547dp 186dpi lrg long land finger qwerty/v/v -nav/h appBounds=Rect(0, 0 - 1280, 664) s.6} for displayId=0
01-01 01:00:23.032 3296 3296 I SystemServer: Making services ready
01-01 01:00:23.032 3296 3296 I SystemServer: StartActivityManagerReadyPhase
01-01 01:00:23.032 3296 3296 I SystemServiceManager: Starting phase 550
01-01 01:00:23.033 3296 3321 I ActivityManager: Config changes=100 {1.15 ?mcc?mnc [en_GB] ldltr sw619dp w1101dp h547dp 186dpi lrg long land finger qwerty/v/v -nav/h appBounds=Rect(0, 0 - 1280, 664) s.7}
01-01 01:00:23.040 3296 3321 I ActivityManager: Override config changes=100 {1.15 ?mcc?mnc [en_GB] ldltr sw619dp w1101dp h547dp 186dpi lrg long land finger qwerty/v/v -nav/h appBounds=Rect(0, 0 - 1280, 664) s.7} for displayId=0
01-01 01:00:23.058 3296 3296 W ActivityManager: Unable to start service Intent { act=com.android.ITelecomService cmp=com.android.server.telecom/.components.TelecomService } U=0: not found
01-01 01:00:23.123 3296 3296 I ActivityManager: Start proc 3443:com.android.inputmethod.latin/u0a55 for service com.android.inputmethod.latin/.LatinIME
01-01 01:00:23.126 3296 3296 W SystemServiceManager: Service com.android.server.InputMethodManagerService$Lifecycle took 67 ms in onBootPhase
01-01 01:00:23.126 3296 3390 D StorageManagerService: Thinking about init, mSystemReady=true, mDaemonConnected=true
01-01 01:00:23.126 3296 3390 D StorageManagerService: Setting up emulation state, initlocked=false
01-01 01:00:23.127 3296 3390 D CryptdConnector: SND -> {2 cryptfs unlock_user_key 0 0 ! !}
01-01 01:00:23.127 3006 3010 D vold : e4crypt_unlock_user_key 0 serial=0 token_present=0
01-01 01:00:23.128 3296 3392 D CryptdConnector: RCV <- {200 2 Command succeeded}
01-01 01:00:23.129 3296 3390 D StorageManagerService: Thinking about reset, mSystemReady=true, mDaemonConnected=true
01-01 01:00:23.129 3296 3313 I ActivityManager: Force stopping com.android.providers.media appid=10008 user=-1: vold reset
01-01 01:00:23.129 3296 3390 D VoldConnector: SND -> {3 volume reset}
01-01 01:00:23.130 3296 3296 W WallpaperManagerService: Invalid wallpaper data
01-01 01:00:23.130 3296 3296 E WallpaperManagerService: Unable to apply new wallpaper
01-01 01:00:23.130 3296 3296 V WallpaperManagerService: bindWallpaperComponentLocked: componentName=null
01-01 01:00:23.130 3296 3296 V WallpaperManagerService: No default component; using image wallpaper
01-01 01:00:23.131 3296 3391 D VoldConnector: RCV <- {651 emulated 7}
01-01 01:00:23.131 3296 3391 D VoldConnector: RCV <- {659 emulated}
01-01 01:00:23.132 3296 3391 D VoldConnector: RCV <- {650 emulated 2 "" ""}
01-01 01:00:23.132 3006 3009 V vold : /system/bin/sgdisk
01-01 01:00:23.132 3006 3009 V vold : --android-dump
01-01 01:00:23.132 3006 3009 V vold : /dev/block/vold/disk:179_24
01-01 01:00:23.132 3296 3391 D VoldConnector: RCV <- {654 emulated emulated}
01-01 01:00:23.133 3296 3391 D VoldConnector: RCV <- {651 emulated 0}
01-01 01:00:23.133 3296 3319 V StorageManagerService: Found primary storage at VolumeInfo{emulated}:
01-01 01:00:23.133 3296 3319 V StorageManagerService: type=EMULATED diskId=null partGuid=null mountFlags=0 mountUserId=-1
01-01 01:00:23.133 3296 3319 V StorageManagerService: state=UNMOUNTED
01-01 01:00:23.133 3296 3319 V StorageManagerService: fsType=null fsUuid=null fsLabel=null
01-01 01:00:23.133 3296 3319 V StorageManagerService: path=null internalPath=null
01-01 01:00:23.133 3296 3391 D VoldConnector: RCV <- {651 public:179_1 7}
01-01 01:00:23.133 3296 3391 D VoldConnector: RCV <- {659 public:179_1}
01-01 01:00:23.134 3296 3391 D VoldConnector: RCV <- {649 disk:179_0}
01-01 01:00:23.134 3296 3391 D VoldConnector: RCV <- {640 disk:179_0 37}
01-01 01:00:23.135 3296 3391 D VoldConnector: RCV <- {650 public:179_1 0 "disk:179_0" ""}
01-01 01:00:23.135 3296 3391 D VoldConnector: RCV <- {654 public:179_1 odroid}
01-01 01:00:23.136 3296 3391 D VoldConnector: RCV <- {651 public:179_1 0}
01-01 01:00:23.136 3296 3391 D VoldConnector: RCV <- {651 public:179_25 7}
01-01 01:00:23.137 3296 3391 D VoldConnector: RCV <- {659 public:179_25}
01-01 01:00:23.137 3296 3391 D VoldConnector: RCV <- {649 disk:179_24}
01-01 01:00:23.138 3296 3391 D VoldConnector: RCV <- {640 disk:179_24 5}
01-01 01:00:23.138 3296 3391 D VoldConnector: RCV <- {641 disk:179_24 63864569856}
01-01 01:00:23.139 3296 3391 D VoldConnector: RCV <- {642 disk:179_24 SanDisk}
01-01 01:00:23.139 3296 3391 D VoldConnector: RCV <- {644 disk:179_24 /sys//devices/12220000.dwmmc2/mmc_host/mmc1/mmc1:aaaa/block/mmcblk1}
01-01 01:00:23.158 3296 3296 I ActivityManager: Start proc 3458:com.android.systemui/u0a28 for service com.android.systemui/.ImageWallpaper
01-01 01:00:23.175 3296 3296 D UsbAlsaManager: Adding ALSA device AlsaDevice: [card: 0, device: 1, type: 1]
01-01 01:00:23.175 3296 3296 D UsbAlsaManager: Adding ALSA device AlsaDevice: [card: 0, device: 1, type: 2]
01-01 01:00:23.175 3296 3296 D UsbAlsaManager: Adding ALSA device AlsaDevice: [card: 0, device: 0, type: 1]
01-01 01:00:23.178 3006 3009 V vold : DISK mbr
01-01 01:00:23.178 3006 3009 V vold :
01-01 01:00:23.178 3006 3009 V vold : PART 1 c
01-01 01:00:23.178 3006 3009 V vold :
01-01 01:00:23.179 3296 3385 E UsbPortManager: port status enquiry failed
01-01 01:00:23.180 3296 3391 D VoldConnector: RCV <- {650 public:179_25 0 "disk:179_24" ""}
01-01 01:00:23.180 3296 3296 D SystemServerTiming: StartActivityManagerReadyPhase took to complete: 149ms
01-01 01:00:23.180 3296 3296 I SystemServer: StartObservingNativeCrashes
01-01 01:00:23.181 3296 3391 D VoldConnector: RCV <- {654 public:179_25 sdcard1}
01-01 01:00:23.182 3296 3391 D VoldConnector: RCV <- {651 public:179_25 0}
01-01 01:00:23.182 3296 3296 D SystemServerTiming: StartObservingNativeCrashes took to complete: 2ms
01-01 01:00:23.183 3296 3296 I SystemServer: StartSystemUI
01-01 01:00:23.183 3296 3344 D SystemServerInitThreadPool: Started executing WebViewFactoryPreparation
01-01 01:00:23.183 3296 3391 D VoldConnector: RCV <- {643 disk:179_24}
01-01 01:00:23.183 3296 3344 I SystemServer: WebViewFactoryPreparation
01-01 01:00:23.183 3296 3391 D VoldConnector: RCV <- {200 3 Command succeeded}
01-01 01:00:23.184 3296 3390 D VoldConnector: SND -> {4 volume user_added 0 0}
01-01 01:00:23.186 3296 3296 D SystemServerTiming: StartSystemUI took to complete: 3ms
01-01 01:00:23.186 3296 3296 I SystemServer: MakeNetworkScoreReady
01-01 01:00:23.187 3296 3296 D SystemServerTiming: MakeNetworkScoreReady took to complete: 2ms
01-01 01:00:23.187 3296 3296 I SystemServer: MakeNetworkManagementServiceReady
01-01 01:00:23.188 3296 3296 D NetworkManagement: enabling bandwidth control
01-01 01:00:23.188 3296 3391 D VoldConnector: RCV <- {200 4 Command succeeded}
01-01 01:00:23.194 3296 3390 D VoldConnector: SND -> {5 volume mount emulated 3 -1}
01-01 01:00:23.197 3296 3391 D VoldConnector: RCV <- {651 emulated 1}
01-01 01:00:23.198 3296 3391 D VoldConnector: RCV <- {656 emulated /data/media}
01-01 01:00:23.199 3296 3391 D VoldConnector: RCV <- {655 emulated /storage/emulated}
01-01 01:00:23.200 3006 3009 V vold : Waiting for FUSE to spin up...
01-01 01:00:23.216 3296 3470 D UsbHostManager: Added device UsbDevice[mName=/dev/bus/usb/002/002,mVendorId=5812,mProductId=1797,mClass=0,mSubclass=0,mProtocol=0,mManufacturerName=RPI_TOUCH,mProductName=By ZH851,mVersion=2.0,mSerialNumber=jÂ1F056H488,mConfigurations=[
01-01 01:00:23.216 3296 3470 D UsbHostManager: UsbConfiguration[mId=1,mName=null,mAttributes=192,mMaxPower=50,mInterfaces=[
01-01 01:00:23.216 3296 3470 D UsbHostManager: UsbInterface[mId=0,mAlternateSetting=0,mName=null,mClass=3,mSubclass=0,mProtocol=0,mEndpoints=[
01-01 01:00:23.216 3296 3470 D UsbHostManager: UsbEndpoint[mAddress=130,mAttributes=3,mMaxPacketSize=64,mInterval=32]
01-01 01:00:23.216 3296 3470 D UsbHostManager: UsbEndpoint[mAddress=1,mAttributes=3,mMaxPacketSize=64,mInterval=16]]]]
01-01 01:00:23.229 3296 3470 I UsbHostManager: ---- isHeadset[in: false , out: false]
01-01 01:00:23.240 3296 3470 D UsbHostManager: Added device UsbDevice[mName=/dev/bus/usb/006/002,mVendorId=3034,mProductId=33107,mClass=0,mSubclass=0,mProtocol=0,mManufacturerName=Realtek,mProductName=USB 10/100/1000 LAN,mVersion=3.0,mSerialNumber=000001000000,mConfigurations=[
01-01 01:00:23.240 3296 3470 D UsbHostManager: UsbConfiguration[mId=1,mName=null,mAttributes=160,mMaxPower=32,mInterfaces=[
01-01 01:00:23.240 3296 3470 D UsbHostManager: UsbInterface[mId=0,mAlternateSetting=0,mName=null,mClass=255,mSubclass=255,mProtocol=0,mEndpoints=[
01-01 01:00:23.240 3296 3470 D UsbHostManager: UsbEndpoint[mAddress=129,mAttributes=2,mMaxPacketSize=1024,mInterval=0]
01-01 01:00:23.240 3296 3470 D UsbHostManager: UsbEndpoint[mAddress=2,mAttributes=2,mMaxPacketSize=1024,mInterval=0]
01-01 01:00:23.240 3296 3470 D UsbHostManager: UsbEndpoint[mAddress=131,mAttributes=3,mMaxPacketSize=2,mInterval=8]]]
01-01 01:00:23.240 3296 3470 D UsbHostManager: UsbConfiguration[mId=2,mName=null,mAttributes=160,mMaxPower=32,mInterfaces=[
01-01 01:00:23.240 3296 3470 D UsbHostManager: UsbInterface[mId=0,mAlternateSetting=0,mName=CDC Communications Control,mClass=2,mSubclass=6,mProtocol=0,mEndpoints=[
01-01 01:00:23.240 3296 3470 D UsbHostManager: UsbEndpoint[mAddress=131,mAttributes=3,mMaxPacketSize=16,mInterval=8]]
01-01 01:00:23.240 3296 3470 D UsbHostManager: UsbInterface[mId=1,mAlternateSetting=0,mName=null,mClass=10,mSubclass=0,mProtocol=0,mEndpoints=[]
01-01 01:00:23.240 3296 3470 D UsbHostManager: UsbInterface[mId=1,mAlternateSetting=1,mName=Ethernet Data,mClass=10,mSubclass=0,mProtocol=0,mEndpoints=[
01-01 01:00:23.240 3296 3470 D UsbHostManager: UsbEndpoint[mAddress=129,mAttributes=2,mMaxPacketSize=1024,mInterval=0]
01-01 01:00:23.240 3296 3470 D UsbHostManager: UsbEndpoint[mAddress=2,mAttributes=2,mMaxPacketSize=1024,mInterval=0]]]]
01-01 01:00:23.246 3296 3316 E BatteryExternalStatsWorker: no controller energy info supplied for wifi
01-01 01:00:23.246 3296 3316 E BatteryExternalStatsWorker: no controller energy info supplied for telephony
01-01 01:00:23.250 3296 3344 I ActivityManager: Start proc 3482:WebViewLoader-armeabi-v7a/1037 [android.webkit.WebViewLibraryLoader$RelroFileCreator] for
01-01 01:00:23.250 3296 3391 D VoldConnector: RCV <- {651 emulated 2}
01-01 01:00:23.251 3296 3391 D VoldConnector: RCV <- {200 5 Command succeeded}
01-01 01:00:23.252 3296 3390 D VoldConnector: SND -> {6 volume mount public:179_1 2 0}
01-01 01:00:23.253 3006 3009 V vold : /system/bin/blkid
01-01 01:00:23.254 3006 3009 V vold : -c
01-01 01:00:23.254 3006 3009 V vold : /dev/null
01-01 01:00:23.254 3296 3391 D VoldConnector: RCV <- {651 public:179_1 1}
01-01 01:00:23.254 3006 3009 V vold : -s
01-01 01:00:23.254 3006 3009 V vold : TYPE
01-01 01:00:23.254 3006 3009 V vold : -s
01-01 01:00:23.254 3006 3009 V vold : UUID
01-01 01:00:23.254 3006 3009 V vold : -s
01-01 01:00:23.254 3006 3009 V vold : LABEL
01-01 01:00:23.254 3006 3009 V vold : /dev/block/vold/public:179_1
01-01 01:00:23.255 3296 3296 D SystemServerTiming: MakeNetworkManagementServiceReady took to complete: 67ms
01-01 01:00:23.255 3296 3296 I SystemServer: MakeNetworkStatsServiceReady
01-01 01:00:23.262 3296 3344 D SystemServerTimingAsync: WebViewFactoryPreparation took to complete: 80ms
01-01 01:00:23.263 3296 3344 D SystemServerInitThreadPool: Finished executing WebViewFactoryPreparation
01-01 01:00:23.263 3296 3470 I UsbHostManager: ---- isHeadset[in: false , out: false]
01-01 01:00:23.283 3296 3395 D NetworkPolicy: setRestrictBackgroundUL(): false
01-01 01:00:23.354 3082 3082 I android.hardware.wifi@1.0-service: Wifi HAL started
01-01 01:00:23.359 3296 3470 D UsbHostManager: Added device UsbDevice[mName=/dev/bus/usb/003/008,mVendorId=1443,mProductId=38401,mClass=239,mSubclass=2,mProtocol=1,mManufacturerName=HD Camera Manufacturer,mProductName=Stereo Vision 1,mVersion=2.0,mSerialNumber=Stereo Vision 1,mConfigurations=[
01-01 01:00:23.359 3296 3470 D UsbHostManager: UsbConfiguration[mId=1,mName=null,mAttributes=128,mMaxPower=250,mInterfaces=[
01-01 01:00:23.359 3296 3470 D UsbHostManager: UsbInterface[mId=0,mAlternateSetting=0,mName=Stereo Vision 1,mClass=14,mSubclass=1,mProtocol=0,mEndpoints=[
01-01 01:00:23.359 3296 3470 D UsbHostManager: UsbEndpoint[mAddress=131,mAttributes=3,mMaxPacketSize=16,mInterval=6]]
01-01 01:00:23.359 3296 3470 D UsbHostManager: UsbInterface[mId=1,mAlternateSetting=0,mName=Stereo Vision 1,mClass=14,mSubclass=2,mProtocol=0,mEndpoints=[]
01-01 01:00:23.359 3296 3470 D UsbHostManager: UsbInterface[mId=1,mAlternateSetting=1,mName=null,mClass=14,mSubclass=2,mProtocol=0,mEndpoints=[
01-01 01:00:23.359 3296 3470 D UsbHostManager: UsbEndpoint[mAddress=129,mAttributes=5,mMaxPacketSize=128,mInterval=1]]
01-01 01:00:23.359 3296 3470 D UsbHostManager: UsbInterface[mId=1,mAlternateSetting=2,mName=null,mClass=14,mSubclass=2,mProtocol=0,mEndpoints=[
01-01 01:00:23.359 3296 3470 D UsbHostManager: UsbEndpoint[mAddress=129,mAttributes=5,mMaxPacketSize=256,mInterval=1]]
01-01 01:00:23.359 3296 3470 D UsbHostManager: UsbInterface[mId=1,mAlternateSetting=3,mName=null,mClass=14,mSubclass=2,mProtocol=0,mEndpoints=[
01-01 01:00:23.359 3296 3470 D UsbHostManager: UsbEndpoint[mAddress=129,mAttributes=5,mMaxPacketSize=800,mInterval=1]]
01-01 01:00:23.359 3296 3470 D UsbHostManager: UsbInterface[mId=1,mAlternateSetting=4,mName=null,mClass=14,mSubclass=2,mProtocol=0,mEndpoints=[
01-01 01:00:23.359 3296 3470 D UsbHostManager: UsbEndpoint[mAddress=129,mAttributes=5,mMaxPacketSize=2848,mInterval=1]]
01-01 01:00:23.359 3296 3470 D UsbHostManager: UsbInterface[mId=1,mAlternateSetting=5,mName=null,mClass=14,mSubclass=2,mProtocol=0,mEndpoints=[
01-01 01:00:23.359 3296 3470 D UsbHostManager: UsbEndpoint[mAddress=129,mAttributes=5,mMaxPacketSize=4896,mInterval=1]]
01-01 01:00:23.359 3296 3470 D UsbHostManager: UsbInterface[mId=1,mAlternateSetting=6,mName=null,mClass=14,mSubclass=2,mProtocol=0,mEndpoints=[
01-01 01:00:23.359 3296 3470 D UsbHostManager: UsbEndpoint[mAddress=129,mAttributes=5,mMaxPacketSize=5120,mInterval=1]]]]
01-01 01:00:23.371 3082 3082 E android.hardware.wifi@1.0-service: Could not read interface state for wlan0 (No such device)
01-01 01:00:23.371 3082 3082 E android.hardware.wifi@1.0-service: Failed to set WiFi interface up
01-01 01:00:23.371 3082 3082 E android.hardware.wifi@1.0-service: Failed to start legacy HAL: UNKNOWN
01-01 01:00:23.372 3296 3470 I UsbHostManager: ---- isHeadset[in: false , out: false]
01-01 01:00:23.388 3296 3470 D UsbHostManager: Added device UsbDevice[mName=/dev/bus/usb/003/009,mVendorId=2578,mProductId=1,mClass=224,mSubclass=1,mProtocol=1,mManufacturerName=null,mProductName=CSR8510 A10,mVersion=2.0,mSerialNumber=null,mConfigurations=[
01-01 01:00:23.388 3296 3470 D UsbHostManager: UsbConfiguration[mId=1,mName=null,mAttributes=224,mMaxPower=50,mInterfaces=[
01-01 01:00:23.388 3296 3470 D UsbHostManager: UsbInterface[mId=0,mAlternateSetting=0,mName=null,mClass=224,mSubclass=1,mProtocol=1,mEndpoints=[
01-01 01:00:23.388 3296 3470 D UsbHostManager: UsbEndpoint[mAddress=129,mAttributes=3,mMaxPacketSize=16,mInterval=1]
01-01 01:00:23.388 3296 3470 D UsbHostManager: UsbEndpoint[mAddress=2,mAttributes=2,mMaxPacketSize=64,mInterval=1]
01-01 01:00:23.388 3296 3470 D UsbHostManager: UsbEndpoint[mAddress=130,mAttributes=2,mMaxPacketSize=64,mInterval=1]]
01-01 01:00:23.388 3296 3470 D UsbHostManager: UsbInterface[mId=1,mAlternateSetting=0,mName=null,mClass=224,mSubclass=1,mProtocol=1,mEndpoints=[
01-01 01:00:23.388 3296 3470 D UsbHostManager: UsbEndpoint[mAddress=3,mAttributes=1,mMaxPacketSize=0,mInterval=1]
01-01 01:00:23.388 3296 3470 D UsbHostManager: UsbEndpoint[mAddress=131,mAttributes=1,mMaxPacketSize=0,mInterval=1]]
01-01 01:00:23.388 3296 3470 D UsbHostManager: UsbInterface[mId=1,mAlternateSetting=1,mName=null,mClass=224,mSubclass=1,mProtocol=1,mEndpoints=[
01-01 01:00:23.388 3296 3470 D UsbHostManager: UsbEndpoint[mAddress=3,mAttributes=1,mMaxPacketSize=9,mInterval=1]
01-01 01:00:23.388 3296 3470 D UsbHostManager: UsbEndpoint[mAddress=131,mAttributes=1,mMaxPacketSize=9,mInterval=1]]
01-01 01:00:23.388 3296 3470 D UsbHostManager: UsbInterface[mId=1,mAlternateSetting=2,mName=null,mClass=224,mSubclass=1,mProtocol=1,mEndpoints=[
01-01 01:00:23.388 3296 3470 D UsbHostManager: UsbEndpoint[mAddress=3,mAttributes=1,mMaxPacketSize=17,mInterval=1]
01-01 01:00:23.388 3296 3470 D UsbHostManager: UsbEndpoint[mAddress=131,mAttributes=1,mMaxPacketSize=17,mInterval=1]]
01-01 01:00:23.388 3296 3470 D UsbHostManager: UsbInterface[mId=1,mAlternateSetting=3,mName=null,mClass=224,mSubclass=1,mProtocol=1,mEndpoints=[
01-01 01:00:23.388 3296 3470 D UsbHostManager: UsbEndpoint[mAddress=3,mAttributes=1,mMaxPacketSize=25,mInterval=1]
01-01 01:00:23.388 3296 3470 D UsbHostManager: UsbEndpoint[mAddress=131,mAttributes=1,mMaxPacketSize=25,mInterval=1]]
01-01 01:00:23.388 3296 3470 D UsbHostManager: UsbInterface[mId=1,mAlternateSetting=4,mName=null,mClass=224,mSubclass=1,mProtocol=1,mEndpoints=[
01-01 01:00:23.388 3296 3470 D UsbHostManager: UsbEndpoint[mAddress=3,mAttributes=1,mMaxPacketSize=33,mInterval=1]
01-01 01:00:23.388 3296 3470 D UsbHostManager: UsbEndpoint[mAddress=131,mAttributes=1,mMaxPacketSize=33,mInterval=1]]
01-01 01:00:23.388 3296 3470 D UsbHostManager: UsbInterface[mId=1,mAlternateSetting=5,mName=null,mClass=224,mSubclass=1,mProtocol=1,mEndpoints=[
01-01 01:00:23.388 3296 3470 D UsbHostManager: UsbEndpoint[mAddress=3,mAttributes=1,mMaxPacketSize=49,mInterval=1]
01-01 01:00:23.388 3296 3470 D UsbHostManager: UsbEndpoint[mAddress=131,mAttributes=1,mMaxPacketSize=49,mInterval=1]]]]
01-01 01:00:23.398 3296 3470 I UsbHostManager: ---- isHeadset[in: false , out: false]
01-01 01:00:23.411 3006 3009 V vold : /dev/block/vold/public:179_1: UUID="0000-3333" TYPE="vfat"
01-01 01:00:23.411 3006 3009 V vold :
01-01 01:00:23.412 3296 3391 D VoldConnector: RCV <- {652 public:179_1 vfat}
01-01 01:00:23.413 3006 3009 V vold : /system/bin/fsck_msdos
01-01 01:00:23.413 3006 3009 V vold : -p
01-01 01:00:23.413 3006 3009 V vold : -f
01-01 01:00:23.413 3296 3391 D VoldConnector: RCV <- {653 public:179_1 0000-3333}
01-01 01:00:23.413 3006 3009 V vold : /dev/block/vold/public:179_1
01-01 01:00:23.413 3296 3391 D VoldConnector: RCV <- {654 public:179_1 odroid}
01-01 01:00:23.414 3296 3391 D VoldConnector: RCV <- {656 public:179_1 /mnt/media_rw/0000-3333}
01-01 01:00:23.414 3296 3391 D VoldConnector: RCV <- {655 public:179_1 /storage/0000-3333}
01-01 01:00:23.419 3296 3296 D SystemServerTiming: MakeNetworkStatsServiceReady took to complete: 163ms
01-01 01:00:23.419 3296 3296 I SystemServer: MakeConnectivityServiceReady
01-01 01:00:23.495 3006 3009 I Vold : Filesystem check completed OK
01-01 01:00:23.499 3296 3296 D SystemServerTiming: MakeConnectivityServiceReady took to complete: 80ms
01-01 01:00:23.499 3296 3296 I SystemServer: MakeNetworkPolicyServiceReady
01-01 01:00:23.509 3296 3296 D SystemServerTiming: MakeNetworkPolicyServiceReady took to complete: 9ms
01-01 01:00:23.509 3296 3296 I SystemServer: StartWatchdog
01-01 01:00:23.509 3296 3296 D SystemServerTiming: StartWatchdog took to complete: 1ms
01-01 01:00:23.510 3296 3296 I SystemServer: PhaseThirdPartyAppsCanStart
01-01 01:00:23.510 3296 3296 I SystemServiceManager: Starting phase 600
01-01 01:00:23.517 3296 3296 V WallpaperManagerService: bindWallpaperComponentLocked: componentName=ComponentInfo{com.android.systemui/com.android.systemui.ImageWallpaper}
01-01 01:00:23.538 3296 3296 D SystemServerTiming: PhaseThirdPartyAppsCanStart took to complete: 28ms
01-01 01:00:23.538 3296 3296 I SystemServer: MakeLocationServiceReady
01-01 01:00:23.548 3458 3458 D SystemUIBootTiming: StartServicesDependency took to complete: 4ms
01-01 01:00:23.567 3458 3458 D SystemUIBootTiming: StartServicesNotificationChannels took to complete: 20ms
01-01 01:00:23.572 3082 3082 E android.hardware.wifi@1.0-service: Failed to unload WiFi driver
01-01 01:00:23.573 3082 3082 E android.hardware.wifi@1.0-service: Failed to deinitialize firmware mode controller
01-01 01:00:23.573 3082 3082 E android.hardware.wifi@1.0-service: Wifi HAL stop failed
01-01 01:00:23.579 3082 3082 I android.hardware.wifi@1.0-service: Wifi HAL started
01-01 01:00:23.580 3458 3458 D SystemUIBootTiming: StartServicesCommandQueueStart took to complete: 11ms
01-01 01:00:23.585 3006 3009 V vold : Waiting for FUSE to spin up...
01-01 01:00:23.590 3082 3082 E android.hardware.wifi@1.0-service: Could not read interface state for wlan0 (No such device)
01-01 01:00:23.591 3082 3082 E android.hardware.wifi@1.0-service: Failed to set WiFi interface up
01-01 01:00:23.591 3082 3082 E android.hardware.wifi@1.0-service: Failed to start legacy HAL: UNKNOWN
01-01 01:00:23.609 3296 3296 W LocationProviderProxy-network: Odd, no component found for service com.android.location.service.v3.NetworkLocationProvider
01-01 01:00:23.622 3443 3521 E ActivityThread: Failed to find provider info for user_dictionary
01-01 01:00:23.633 3296 3296 W GeocoderProxy: Odd, no component found for service com.android.location.service.GeocodeProvider
01-01 01:00:23.637 3296 3391 D VoldConnector: RCV <- {651 public:179_1 2}
01-01 01:00:23.638 3296 3391 D VoldConnector: RCV <- {200 6 Command succeeded}
01-01 01:00:23.638 3296 3296 D LocationManagerService: FLP HAL not supported
01-01 01:00:23.639 3296 3390 D VoldConnector: SND -> {7 volume mount public:179_25 2 0}
01-01 01:00:23.640 3006 3009 V vold : /system/bin/blkid
01-01 01:00:23.640 3296 3391 D VoldConnector: RCV <- {651 public:179_25 1}
01-01 01:00:23.640 3006 3009 V vold : -c
01-01 01:00:23.640 3006 3009 V vold : /dev/null
01-01 01:00:23.640 3006 3009 V vold : -s
01-01 01:00:23.640 3006 3009 V vold : TYPE
01-01 01:00:23.640 3006 3009 V vold : -s
01-01 01:00:23.640 3006 3009 V vold : UUID
01-01 01:00:23.640 3006 3009 V vold : -s
01-01 01:00:23.640 3006 3009 V vold : LABEL
01-01 01:00:23.640 3006 3009 V vold : /dev/block/vold/public:179_25
01-01 01:00:23.650 3296 3296 W GeofenceProxy: Odd, no component found for service com.android.location.service.GeofenceProvider
01-01 01:00:23.654 3296 3296 D LocationManagerService: Hardware Activity-Recognition not supported.
01-01 01:00:23.661 3296 3296 W ActivityRecognitionProxy: Odd, no component found for service com.android.location.service.ActivityRecognitionProvider
01-01 01:00:23.669 3296 3313 W BroadcastQueue: Background execution not allowed: receiving Intent { act=android.location.PROVIDERS_CHANGED flg=0x10 } to com.google.android.gms/.chimera.GmsIntentOperationService$PersistentTrustedReceiver
01-01 01:00:23.670 3296 3313 W BroadcastQueue: Background execution not allowed: receiving Intent { act=android.location.MODE_CHANGED flg=0x10 } to com.google.android.gms/.chimera.GmsIntentOperationService$PersistentTrustedReceiver
01-01 01:00:23.679 3296 3296 D SystemServerTiming: MakeLocationServiceReady took to complete: 142ms
01-01 01:00:23.679 3296 3296 I SystemServer: MakeCountryDetectionServiceReady
01-01 01:00:23.680 3296 3296 D SystemServerTiming: MakeCountryDetectionServiceReady took to complete: 0ms
01-01 01:00:23.680 3296 3296 I SystemServer: MakeNetworkTimeUpdateReady
01-01 01:00:23.683 3296 3296 D ConnectivityService: requestNetwork for uid/pid:1000/3296 NetworkRequest [ TRACK_DEFAULT id=6, [ Capabilities: INTERNET&NOT_RESTRICTED&TRUSTED&NOT_VPN] ]
01-01 01:00:23.684 3296 3296 D SystemServerTiming: MakeNetworkTimeUpdateReady took to complete: 4ms
01-01 01:00:23.684 3296 3296 I SystemServer: MakeCommonTimeManagementServiceReady
01-01 01:00:23.684 3296 3296 D SystemServerTiming: MakeCommonTimeManagementServiceReady took to complete: 1ms
01-01 01:00:23.684 3296 3296 I SystemServer: MakeInputManagerServiceReady
01-01 01:00:23.686 3296 3296 D SystemServerTiming: MakeInputManagerServiceReady took to complete: 2ms
01-01 01:00:23.686 3296 3296 I SystemServer: MakeTelephonyRegistryReady
01-01 01:00:23.687 3296 3296 D SystemServerTiming: MakeTelephonyRegistryReady took to complete: 0ms
01-01 01:00:23.687 3296 3296 I SystemServer: MakeMediaRouterServiceReady
01-01 01:00:23.687 3296 3296 D SystemServerTiming: MakeMediaRouterServiceReady took to complete: 1ms
01-01 01:00:23.687 3296 3296 I SystemServer: MakeMmsServiceReady
01-01 01:00:23.688 3296 3296 I MmsServiceBroker: Delay connecting to MmsService until an API is called
01-01 01:00:23.688 3296 3296 D SystemServerTiming: MakeMmsServiceReady took to complete: 0ms
01-01 01:00:23.688 3296 3296 I SystemServer: MakeNetworkScoreServiceReady
01-01 01:00:23.688 3296 3296 D SystemServerTiming: MakeNetworkScoreServiceReady took to complete: 0ms
01-01 01:00:23.688 3296 3296 I SystemServer: IncidentDaemonReady
01-01 01:00:23.688 3296 3296 D SystemServerTiming: IncidentDaemonReady took to complete: 1ms
01-01 01:00:23.688 3296 3296 I SystemServiceManager: Calling onStartUser u0
01-01 01:00:23.692 3296 3296 W VoiceInteractionManagerService: no available voice interaction services found for user 0
01-01 01:00:23.693 3296 3296 W VoiceInteractionManagerService: no available voice recognition services found for user 0
01-01 01:00:23.694 3006 3009 V vold : /dev/block/vold/public:179_25: UUID="95C8-A70E" TYPE="vfat"
01-01 01:00:23.694 3006 3009 V vold :
01-01 01:00:23.694 3296 3296 W CameraService_proxy: Could not notify mediaserver, camera service not available.
01-01 01:00:23.695 3296 3391 D VoldConnector: RCV <- {652 public:179_25 vfat}
01-01 01:00:23.695 3006 3009 V vold : /system/bin/fsck_msdos
01-01 01:00:23.695 3006 3009 V vold : -p
01-01 01:00:23.695 3006 3009 V vold : -f
01-01 01:00:23.695 3006 3009 V vold : /dev/block/vold/public:179_25
01-01 01:00:23.696 3296 3391 D VoldConnector: RCV <- {653 public:179_25 95C8-A70E}
01-01 01:00:23.697 3296 3391 D VoldConnector: RCV <- {654 public:179_25 sdcard1}
01-01 01:00:23.698 3296 3296 I ActivityManager: START u0 {act=android.intent.action.MAIN cat=[android.intent.category.HOME] flg=0x10000100 cmp=com.android.settings/.FallbackHome} from uid 0
01-01 01:00:23.698 3296 3391 D VoldConnector: RCV <- {656 public:179_25 /mnt/media_rw/95C8-A70E}
01-01 01:00:23.699 3296 3391 D VoldConnector: RCV <- {655 public:179_25 /storage/95C8-A70E}
01-01 01:00:23.791 3082 3082 E android.hardware.wifi@1.0-service: Failed to unload WiFi driver
01-01 01:00:23.791 3082 3082 E android.hardware.wifi@1.0-service: Failed to deinitialize firmware mode controller
01-01 01:00:23.792 3082 3082 E android.hardware.wifi@1.0-service: Wifi HAL stop failed
01-01 01:00:23.826 3296 3296 I ActivityManager: Loaded persisted task ids for user 0
01-01 01:00:23.865 3006 3009 I Vold : Filesystem check completed OK
01-01 01:00:23.877 3296 3296 I ActivityManager: Start proc 3539:com.android.settings/1000 for activity com.android.settings/.FallbackHome
01-01 01:00:23.883 3296 3296 D SystemServerTiming: ActivityManagerStartApps took to complete: 195ms
01-01 01:00:23.884 3296 3296 D SystemServerTiming: PhaseActivityManagerReady took to complete: 886ms
01-01 01:00:23.885 3296 3296 D SystemServerInitThreadPool: Shutdown successful
01-01 01:00:23.885 3296 3296 D SystemServerTiming: StartServices took to complete: 7167ms
01-01 01:00:23.886 3296 3296 I SystemServer: Enabled StrictMode for system server main thread.
01-01 01:00:23.886 3006 3009 V vold : Waiting for FUSE to spin up...
01-01 01:00:23.895 3082 3082 I android.hardware.wifi@1.0-service: Wifi HAL started
01-01 01:00:23.905 3458 3458 D SystemUIBootTiming: StartServicesKeyguardViewMediator took to complete: 326ms
01-01 01:00:23.920 3082 3082 E android.hardware.wifi@1.0-service: Could not read interface state for wlan0 (No such device)
01-01 01:00:23.921 3082 3082 E android.hardware.wifi@1.0-service: Failed to set WiFi interface up
01-01 01:00:23.921 3082 3082 E android.hardware.wifi@1.0-service: Failed to start legacy HAL: UNKNOWN
01-01 01:00:23.937 3296 3391 D VoldConnector: RCV <- {651 public:179_25 2}
01-01 01:00:23.938 3296 3391 D VoldConnector: RCV <- {200 7 Command succeeded}
01-01 01:00:23.960 3296 3307 W ActivityManager: Slow operation: 52ms so far, now at attachApplicationLocked: before bindApplication
01-01 01:00:23.960 3296 3307 W ActivityManager: Slow operation: 52ms so far, now at attachApplicationLocked: immediately before bindApplication
01-01 01:00:23.961 3296 3307 W ActivityManager: Slow operation: 52ms so far, now at attachApplicationLocked: immediately after bindApplication
01-01 01:00:23.961 3296 3307 W ActivityManager: Slow operation: 53ms so far, now at attachApplicationLocked: after updateLruProcessLocked
01-01 01:00:23.969 3296 3312 W LocationProviderProxy-network: Odd, no component found for service com.android.location.service.v3.NetworkLocationProvider
01-01 01:00:23.971 3296 3312 W GeocoderProxy: Odd, no component found for service com.android.location.service.GeocodeProvider
01-01 01:00:23.971 3296 3312 W GeofenceProxy: Odd, no component found for service com.android.location.service.GeofenceProvider
01-01 01:00:23.972 3296 3312 W ActivityRecognitionProxy: Odd, no component found for service com.android.location.service.ActivityRecognitionProvider
01-01 01:00:23.974 3296 3307 W ActivityManager: Slow operation: 65ms so far, now at attachApplicationLocked: after mServices.attachApplicationLocked
01-01 01:00:23.974 3296 3307 W ActivityManager: Slow operation: 66ms so far, now at attachApplicationLocked: after updateOomAdjLocked
01-01 01:00:23.991 3296 3296 D ConditionProviders.SCP: onConnected
01-01 01:00:23.992 3296 3296 D ZenLog : set_zen_mode: off,readXml
01-01 01:00:24.000 3296 3296 D ConditionProviders: Subscribing to condition://android/event?userId=-10000&calendar=&reply=1 with ComponentInfo{android/com.android.server.notification.EventConditionProvider}
01-01 01:00:24.000 3296 3296 D ZenLog : subscribe: condition://android/event?userId=-10000&calendar=&reply=1,ok
01-01 01:00:24.000 3296 3296 D ConditionProviders: Subscribing to condition://android/schedule?days=1.2.3.4.5&start=22.0&end=7.0&exitAtAlarm=false with ComponentInfo{android/com.android.server.notification.ScheduleConditionProvider}
01-01 01:00:24.000 3296 3296 D ZenLog : subscribe: condition://android/schedule?days=1.2.3.4.5&start=22.0&end=7.0&exitAtAlarm=false,ok
01-01 01:00:24.001 3296 3296 D ConditionProviders: Subscribing to condition://android/schedule?days=6.7&start=23.30&end=10.0&exitAtAlarm=false with ComponentInfo{android/com.android.server.notification.ScheduleConditionProvider}
01-01 01:00:24.001 3296 3296 D ZenLog : subscribe: condition://android/schedule?days=6.7&start=23.30&end=10.0&exitAtAlarm=false,ok
01-01 01:00:24.006 3296 3419 W HdmiCecController: Failed to send src: 4, dst: 15, params: 10 00 04 with errorCode=3
01-01 01:00:24.007 3296 3419 W HdmiCecController: Failed to send src: 4, dst: 15, params: 00 15 82 with errorCode=3
