12-22 13:50:52.157 3190 3667 D CameraHardware: CameraHardware::isRecordingEnabled: 0
12-22 13:50:52.158 5787 5787 I DRV : 20201222135052: initializeVideo microphone: no, false, false
12-22 13:50:52.164 5787 5787 I DRV : 20201222135052: getRealRes 0, true|true
12-22 13:50:52.165 5787 5787 I DRV : 20201222135052: ED 480p video file (480x640, H.264 (AVC), 30, 3000000, 120): /storage/95C8-A70E/Android/data/com.dailyroads.v.pro/files/dailyroadspro/Tempvideos/20201222135052_0_0_1000003.mp4
12-22 13:50:52.167 3190 3667 D Camera_Factory: CameraFactory::get_camera_info
12-22 13:50:52.167 3190 3667 D Camera_Factory: CameraFactory::getCameraInfo: id = 0, info = 0xafc1a520
12-22 13:50:52.167 3190 3667 D Camera_Factory: CameraFactory::getCameraNum: 1
12-22 13:50:52.167 3190 3667 D CameraHardware: CameraHardware::getCameraInfo
12-22 13:50:52.168 5787 5787 I DRV : 20201222135052: camera 0 back getOrientationDegrees: 0, 0, 0
12-22 13:50:52.182 5787 5787 I MediaRecorderJNI: prepare: surface=0x98dff800
12-22 13:50:52.183 3190 3667 D CameraHardware: CameraHardware::getParameters
12-22 13:50:52.183 3190 3667 D CameraHardware: CameraHardware::putParameters
12-22 13:50:52.184 3190 3667 D CameraHardware: CameraHardware::setParameters
12-22 13:50:52.185 3190 3667 D CameraHardware: Trivially accept it. No changes detected
12-22 13:50:52.185 3190 3667 D CameraHardware: CameraHardware::getParameters
12-22 13:50:52.185 3190 3667 D CameraHardware: CameraHardware::putParameters
12-22 13:50:52.186 3190 3667 E CameraClient: setVideoBufferMode: 592: videoBufferMode 2 is not supported.
12-22 13:50:52.186 3190 3667 D CameraHardware: CameraHardware::storeMetaDataInBuffers: 1
12-22 13:50:52.186 3190 3667 D CameraHardware: CameraHardware::storeMetaDataInBuffers: 0
12-22 13:50:52.189 3182 3182 I OMXMaster: makeComponentInstance(OMX.Exynos.AVC.Encoder) in android.hardwar process
12-22 13:50:52.196 3182 3182 D libexynosv4l2: try node: /dev/video0
12-22 13:50:52.197 3182 3182 D libexynosv4l2: try node: /dev/video6
12-22 13:50:52.197 3182 3182 D libexynosv4l2: try node: /dev/video7
12-22 13:50:52.197 3182 3182 I libexynosv4l2: node found for device s5p-mfc-enc: /dev/video7
12-22 13:50:52.228 3182 3182 I libexynosv4l2: open video device /dev/video7
12-22 13:50:52.228 3182 3182 I ExynosVideoEncoder: MFC_Exynos_Video_GetInstInfo_Encoder: MFC HwVersion=0x80
12-22 13:50:52.230 3190 5936 I MediaCodec: MediaCodec will operate in async mode
12-22 13:50:52.234 3190 5937 I ACodec : setupAVCEncoderParameters with [profile: Baseline] [level: Level31]
12-22 13:50:52.235 3190 5937 I ACodec : [OMX.Exynos.AVC.Encoder] cannot encode color aspects. Ignoring.
12-22 13:50:52.235 3190 5937 I ACodec : [OMX.Exynos.AVC.Encoder] cannot encode HDR static metadata. Ignoring.
12-22 13:50:52.235 3190 5937 I ACodec : setupVideoEncoder succeeded
12-22 13:50:52.236 3182 3182 E OMXNodeInstance: setConfig(0xa5e87240:Exynos.AVC.Encoder, ConfigPriority(0x6f800002)) ERROR: UnsupportedIndex(0x8000101a)
12-22 13:50:52.236 3190 5937 I ACodec : codec does not support config priority (err -1010)
12-22 13:50:52.237 3182 3182 E OMXNodeInstance: getConfig(0xa5e87240:Exynos.AVC.Encoder, ConfigLatency(0x6f800005)) ERROR: UnsupportedIndex(0x8000101a)
12-22 13:50:52.237 3182 3182 E OMXNodeInstance: getConfig(0xa5e87240:Exynos.AVC.Encoder, ConfigAndroidIntraRefresh(0x6f60000a)) ERROR: UnsupportedIndex(0x8000101a)
12-22 13:50:52.254 3182 5938 D libexynosv4l2: try node: /dev/video0
12-22 13:50:52.254 3182 5938 D libexynosv4l2: try node: /dev/video6
12-22 13:50:52.255 3182 5938 D libexynosv4l2: try node: /dev/video7
12-22 13:50:52.255 3182 5938 I libexynosv4l2: node found for device s5p-mfc-enc: /dev/video7
12-22 13:50:52.256 3190 3667 I MPEG4Writer: limits: 4294967295/0 bytes/us, bit rate: 3000000 bps and the estimated moov size 3322 bytes
12-22 13:50:52.256 3190 5935 I MediaCodecSource: MediaCodecSource (video) starting
12-22 13:50:52.257 3190 5944 I CameraSource: Using encoder format: 0x22
12-22 13:50:52.257 3190 5944 I CameraSource: Using encoder data space: 0x103
12-22 13:50:52.257 3190 5944 D CameraHardware: CameraHardware::sendCommand
12-22 13:50:52.257 3190 5944 D CameraHardware: CameraHardware::isRecordingEnabled: 0
12-22 13:50:52.258 3190 5944 D CameraHardware: CameraHardware::isRecordingEnabled: 0
12-22 13:50:52.258 3190 5944 D CameraHardware: CameraHardware::isPreviewEnabled: 0
12-22 13:50:52.258 3190 5944 D CameraHardware: CameraHardware::isPreviewEnabled: 0
12-22 13:50:52.258 3190 5944 D CameraHardware: CameraHardware::setPreviewWindow: preview_stream_ops: 0xb2639104
12-22 13:50:52.259 3190 5944 D CameraHardware: CameraHardware::startPreview
12-22 13:50:52.259 3190 5944 D CameraHardware: CameraHardware::startPreviewLocked
12-22 13:50:52.259 3190 5944 D CameraHardware: CameraHardware::startPreviewLocked: Open, 640x480
12-22 13:50:52.259 3190 5944 D V4L2Camera: V4L2Camera::EnumFrameFormats
12-22 13:50:52.259 3190 5944 D V4L2Camera: { pixelformat = 'YUYV', description = 'YUV 4:2:2 (YUYV)' }
12-22 13:50:52.259 3190 5944 D V4L2Camera: V4L2Camera::EnumFrameSizes: pixfmt: 0x56595559
12-22 13:50:52.259 3190 5944 D V4L2Camera: { discrete: width = 1280, height = 720 }
12-22 13:50:52.259 3190 5944 D V4L2Camera: V4L2Camera::EnumFrameIntervals: pixfmt: 0x56595559, w:1280, h:720
12-22 13:50:52.259 3190 5944 D V4L2Camera: Time interval between frame:
12-22 13:50:52.259 3190 5944 D V4L2Camera: 1/10
12-22 13:50:52.259 3190 5944 D V4L2Camera: 1/5
12-22 13:50:52.259 3190 5944 D V4L2Camera: { discrete: width = 960, height = 720 }
12-22 13:50:52.259 3190 5944 D V4L2Camera: V4L2Camera::EnumFrameIntervals: pixfmt: 0x56595559, w:960, h:720
12-22 13:50:52.259 3190 5944 D V4L2Camera: Time interval between frame:
12-22 13:50:52.259 3190 5944 D V4L2Camera: 1/10
12-22 13:50:52.259 3190 5944 D V4L2Camera: 1/5
12-22 13:50:52.259 3190 5944 D V4L2Camera: { discrete: width = 800, height = 600 }
12-22 13:50:52.259 3190 5944 D V4L2Camera: V4L2Camera::EnumFrameIntervals: pixfmt: 0x56595559, w:800, h:600
12-22 13:50:52.259 3190 5944 D V4L2Camera: Time interval between frame:
12-22 13:50:52.260 3190 5944 D V4L2Camera: 1/15
12-22 13:50:52.260 3190 5944 D V4L2Camera: { discrete: width = 640, height = 360 }
12-22 13:50:52.260 3190 5944 D V4L2Camera: V4L2Camera::EnumFrameIntervals: pixfmt: 0x56595559, w:640, h:360
12-22 13:50:52.260 3190 5944 D V4L2Camera: Time interval between frame:
12-22 13:50:52.260 3190 5944 D V4L2Camera: 1/31
12-22 13:50:52.260 3190 5944 D V4L2Camera: { discrete: width = 640, height = 480 }
12-22 13:50:52.260 3190 5944 D V4L2Camera: V4L2Camera::EnumFrameIntervals: pixfmt: 0x56595559, w:640, h:480
12-22 13:50:52.260 3190 5944 D V4L2Camera: Time interval between frame:
12-22 13:50:52.260 3190 5944 D V4L2Camera: 1/30
12-22 13:50:52.260 3190 5944 D V4L2Camera: 1/15
12-22 13:50:52.260 3190 5944 D V4L2Camera: { discrete: width = 352, height = 288 }
12-22 13:50:52.260 3190 5944 D V4L2Camera: V4L2Camera::EnumFrameIntervals: pixfmt: 0x56595559, w:352, h:288
12-22 13:50:52.260 3190 5944 D V4L2Camera: Time interval between frame:
12-22 13:50:52.260 3190 5944 D V4L2Camera: 1/30
12-22 13:50:52.260 3190 5944 D V4L2Camera: 1/15
12-22 13:50:52.260 3190 5944 D V4L2Camera: { discrete: width = 320, height = 240 }
12-22 13:50:52.260 3190 5944 D V4L2Camera: V4L2Camera::EnumFrameIntervals: pixfmt: 0x56595559, w:320, h:240
12-22 13:50:52.260 3190 5944 D V4L2Camera: Time interval between frame:
12-22 13:50:52.260 3190 5944 D V4L2Camera: 1/30
12-22 13:50:52.260 3190 5944 D V4L2Camera: 1/15
12-22 13:50:52.260 3190 5944 D V4L2Camera: { pixelformat = 'MJPG', description = 'MJPEG' }
12-22 13:50:52.260 3190 5944 D V4L2Camera: V4L2Camera::EnumFrameSizes: pixfmt: 0x47504a4d
12-22 13:50:52.260 3190 5944 D V4L2Camera: { discrete: width = 1280, height = 720 }
12-22 13:50:52.260 3190 5944 D V4L2Camera: V4L2Camera::EnumFrameIntervals: pixfmt: 0x47504a4d, w:1280, h:720
12-22 13:50:52.260 3190 5944 D V4L2Camera: Time interval between frame:
12-22 13:50:52.260 3190 5944 D V4L2Camera: 1/30
12-22 13:50:52.260 3190 5944 D V4L2Camera: 1/25
12-22 13:50:52.260 3190 5944 D V4L2Camera: 1/15
12-22 13:50:52.260 3190 5944 D V4L2Camera: { discrete: width = 960, height = 720 }
12-22 13:50:52.260 3190 5944 D V4L2Camera: V4L2Camera::EnumFrameIntervals: pixfmt: 0x47504a4d, w:960, h:720
12-22 13:50:52.260 3190 5944 D V4L2Camera: Time interval between frame:
12-22 13:50:52.260 3190 5944 D V4L2Camera: 1/30
12-22 13:50:52.260 3190 5944 D V4L2Camera: 1/25
12-22 13:50:52.260 3190 5944 D V4L2Camera: 1/15
12-22 13:50:52.260 3190 5944 D V4L2Camera: { discrete: width = 800, height = 600 }
12-22 13:50:52.260 3190 5944 D V4L2Camera: V4L2Camera::EnumFrameIntervals: pixfmt: 0x47504a4d, w:800, h:600
12-22 13:50:52.261 3190 5944 D V4L2Camera: Time interval between frame:
12-22 13:50:52.261 3190 5944 D V4L2Camera: 1/30
12-22 13:50:52.261 3190 5944 D V4L2Camera: { discrete: width = 640, height = 360 }
12-22 13:50:52.261 3190 5944 D V4L2Camera: V4L2Camera::EnumFrameIntervals: pixfmt: 0x47504a4d, w:640, h:360
12-22 13:50:52.261 3190 5944 D V4L2Camera: Time interval between frame:
12-22 13:50:52.261 3190 5944 D V4L2Camera: 1/60
12-22 13:50:52.261 3190 5944 D V4L2Camera: { discrete: width = 640, height = 480 }
12-22 13:50:52.261 3190 5944 D V4L2Camera: V4L2Camera::EnumFrameIntervals: pixfmt: 0x47504a4d, w:640, h:480
12-22 13:50:52.261 3190 5944 D V4L2Camera: Time interval between frame:
12-22 13:50:52.261 3190 5944 D V4L2Camera: 1/30
12-22 13:50:52.261 3190 5944 D V4L2Camera: 1/15
12-22 13:50:52.261 3190 5944 D V4L2Camera: { discrete: width = 352, height = 288 }
12-22 13:50:52.261 3190 5944 D V4L2Camera: V4L2Camera::EnumFrameIntervals: pixfmt: 0x47504a4d, w:352, h:288
12-22 13:50:52.261 3190 5944 D V4L2Camera: Time interval between frame:
12-22 13:50:52.261 3190 5944 D V4L2Camera: 1/30
12-22 13:50:52.261 3190 5944 D V4L2Camera: 1/15
12-22 13:50:52.261 3190 5944 D V4L2Camera: { discrete: width = 320, height = 240 }
12-22 13:50:52.261 3190 5944 D V4L2Camera: V4L2Camera::EnumFrameIntervals: pixfmt: 0x47504a4d, w:320, h:240
12-22 13:50:52.261 3190 5944 D V4L2Camera: Time interval between frame:
12-22 13:50:52.261 3190 5944 D V4L2Camera: 1/30
12-22 13:50:52.261 3190 5944 D V4L2Camera: 1/15
12-22 13:50:52.261 3190 5944 D CameraHardware: CameraHardware::startPreviewLocked: Init
12-22 13:50:52.261 3190 5944 D V4L2Camera: V4L2Camera::Init
12-22 13:50:52.261 3190 5944 D V4L2Camera: Trying format: (640 x 480), Fps: 15 [difArea:0, difFps:15, cDifArea:-1, cDifFps:-1]
12-22 13:50:52.261 3190 5944 D V4L2Camera: Trying format: (640 x 480), Fps: 30 [difArea:0, difFps:0, cDifArea:0, cDifFps:15]
12-22 13:50:52.261 3190 5944 D V4L2Camera: Trying format: (800 x 600), Fps: 15 [difArea:172800, difFps:15, cDifArea:0, cDifFps:0]
12-22 13:50:52.261 3190 5944 D V4L2Camera: Trying format: (800 x 600), Fps: 30 [difArea:172800, difFps:0, cDifArea:0, cDifFps:0]
12-22 13:50:52.261 3190 5944 D V4L2Camera: Trying format: (960 x 720), Fps: 5 [difArea:384000, difFps:25, cDifArea:0, cDifFps:0]
12-22 13:50:52.261 3190 5944 D V4L2Camera: Trying format: (960 x 720), Fps: 10 [difArea:384000, difFps:20, cDifArea:0, cDifFps:0]
12-22 13:50:52.261 3190 5944 D V4L2Camera: Trying format: (960 x 720), Fps: 15 [difArea:384000, difFps:15, cDifArea:0, cDifFps:0]
12-22 13:50:52.261 3190 5944 D V4L2Camera: Trying format: (960 x 720), Fps: 25 [difArea:384000, difFps:5, cDifArea:0, cDifFps:0]
12-22 13:50:52.261 3190 5944 D V4L2Camera: Trying format: (960 x 720), Fps: 30 [difArea:384000, difFps:0, cDifArea:0, cDifFps:0]
12-22 13:50:52.261 3190 5944 D V4L2Camera: Trying format: (1280 x 720), Fps: 5 [difArea:614400, difFps:25, cDifArea:0, cDifFps:0]
12-22 13:50:52.261 3190 5944 D V4L2Camera: Trying format: (1280 x 720), Fps: 10 [difArea:614400, difFps:20, cDifArea:0, cDifFps:0]
12-22 13:50:52.262 3190 5944 D V4L2Camera: Trying format: (1280 x 720), Fps: 15 [difArea:614400, difFps:15, cDifArea:0, cDifFps:0]
12-22 13:50:52.262 3190 5944 D V4L2Camera: Trying format: (1280 x 720), Fps: 25 [difArea:614400, difFps:5, cDifArea:0, cDifFps:0]
12-22 13:50:52.262 3190 5944 D V4L2Camera: Trying format: (1280 x 720), Fps: 30 [difArea:614400, difFps:0, cDifArea:0, cDifFps:0]
12-22 13:50:52.262 3190 5944 D V4L2Camera: Selected format: (640 x 480), Fps: 30
12-22 13:50:52.273 3182 5938 I libexynosv4l2: open video device /dev/video7
12-22 13:50:52.370 3190 5944 I V4L2Camera: Cropping from origin: 0x0 - size: 640x480 (offset:0)
12-22 13:50:52.424 3190 5944 I V4L2Camera: Actual format: (640 x 480), Fps: 30, pixfmt: 'YUYV', bytesperline: 1280
12-22 13:50:52.432 3190 5944 D CameraHardware: CameraHardware::startPreviewLocked: effective size: 640x480
12-22 13:50:52.432 3190 5944 D CameraHardware: CameraHardware::initHeapLocked
12-22 13:50:52.432 3190 5944 D CameraHardware: CameraHardware::initHeapLocked: preview size=640x480
12-22 13:50:52.432 3190 5944 D CameraHardware: CameraHardware::initHeapLocked: picture size=1280x720
12-22 13:50:52.432 3190 5944 D CameraHardware: CameraHardware::initHeapLocked: video size=640x480
12-22 13:50:52.432 3190 5944 D CameraHardware: CameraHardware::initHeapLocked: OK
12-22 13:50:52.432 3190 5944 D CameraHardware: CameraHardware::startPreviewLocked: StartStreaming
12-22 13:50:52.470 3190 5944 D CameraHardware: CameraHardware::setPreviewWindow - Negotiating preview format
12-22 13:50:52.470 3190 5944 D CameraHardware: CameraHardware::NegotiatePreviewFormat
12-22 13:50:52.470 3190 5944 D CameraHardware: Trying to set preview window geometry to 640x480
12-22 13:50:52.470 3190 5944 D CameraHardware: CameraHardware::startPreviewLocked: starting PreviewThread
12-22 13:50:52.471 3190 5944 D CameraHardware: CameraHardware::startPreviewLocked: O - this:0x0xb2672000
12-22 13:50:52.471 3190 5944 D CameraHardware: CameraHardware::enableMsgType: 32
12-22 13:50:53.872 3190 5944 D NuPlayerDriver: seekTo(0xb0b59380) (0 ms, 0) at state 4
12-22 13:50:53.872 3190 5944 D NuPlayerDriver: notifyListener_l(0xb0b59380), (7, 0, 0, -1), loop setting(0, 0)
12-22 13:50:53.872 3190 5944 D NuPlayerDriver: start(0xb0b59380), state is 4, eos is 0
12-22 13:50:53.872 3190 5944 D CameraHardware: CameraHardware::startRecording
12-22 13:50:53.872 3190 5919 I GenericSource: start
12-22 13:50:53.872 3190 5944 D CameraHardware: CameraHardware::initHeapLocked
12-22 13:50:53.872 3190 5944 D CameraHardware: CameraHardware::initHeapLocked: preview size=640x480
12-22 13:50:53.872 3190 5944 D CameraHardware: CameraHardware::initHeapLocked: picture size=1280x720
12-22 13:50:53.872 3190 5944 D CameraHardware: CameraHardware::initHeapLocked: video size=640x480
12-22 13:50:53.872 3190 5944 D CameraHardware: CameraHardware::initHeapLocked: OK
12-22 13:50:53.873 3190 5935 I MediaCodecSource: MediaCodecSource (video) started
12-22 13:50:53.875 5787 5787 I DRV : 20201222135053: real video focus: continuous-video
12-22 13:50:53.880 3190 5919 D NuPlayerDriver: notifyListener_l(0xb0b59380), (4, 0, 0, -1), loop setting(0, 0)
12-22 13:50:53.887 3182 3835 I OMXMaster: makeComponentInstance(OMX.google.vorbis.decoder) in android.hardwar process
12-22 13:50:53.889 3182 3182 E OMXNodeInstance: setConfig(0xa63a2a80:google.vorbis.decoder, ConfigPriority(0x6f800002)) ERROR: Undefined(0x80001001)
12-22 13:50:53.890 3190 5957 I ACodec : codec does not support config priority (err -2147483648)
12-22 13:50:53.892 3190 5957 I MediaCodec: MediaCodec will operate in async mode
12-22 13:50:53.893 5787 5787 I DRV : 20201222135053: showVideoNotif: true
12-22 13:50:53.894 5787 5787 I DRV : 20201222135053: videoTurnOn: true
12-22 13:50:53.896 5787 5787 I DRV : 20201222135053: sending broadcast: com.dailyroads.status.VIDEO_ON
12-22 13:50:53.905 5787 5787 I DRV : 20201222135053: orientation locked to 0
12-22 13:50:53.911 3190 5955 D AudioTrack: Client defaulted notificationFrames to 8173 for frameCount 24519
12-22 13:50:53.921 3190 5953 E CameraHardwareInterface: dataCallbackTimestamp: memory pool ID 37 not found
12-22 13:50:53.928 3190 5919 D NuPlayerDriver: notifyListener_l(0xb0b59380), (6, 0, 0, -1), loop setting(0, 0)
12-22 13:50:53.952 5787 5792 I zygote : Do partial code cache collection, code=59KB, data=62KB
12-22 13:50:53.954 5787 5792 I zygote : After code cache collection, code=52KB, data=58KB
12-22 13:50:53.954 5787 5792 I zygote : Increasing code cache capacity to 256KB
12-22 13:50:53.982 3190 5953 E CameraHardwareInterface: dataCallbackTimestamp: memory pool ID 37 not found
12-22 13:50:53.990 3190 5956 I NuPlayerDecoder: [audio] saw output EOS
12-22 13:50:54.030 3190 5953 E CameraHardwareInterface: dataCallbackTimestamp: memory pool ID 37 not found
12-22 13:50:54.172 3190 5953 I chatty : uid=1013(media) CameraPreviewTh identical 3 lines
12-22 13:50:54.220 3190 5953 E CameraHardwareInterface: dataCallbackTimestamp: memory pool ID 37 not found
12-22 13:50:54.244 3190 5955 D AudioTrack: stop() called with 26080 frames delivered
12-22 13:50:54.266 3190 5953 E CameraHardwareInterface: dataCallbackTimestamp: memory pool ID 37 not found
12-22 13:50:54.464 3190 5953 I chatty : uid=1013(media) CameraPreviewTh identical 4 lines
12-22 13:50:54.516 3190 5953 E CameraHardwareInterface: dataCallbackTimestamp: memory pool ID 37 not found
12-22 13:50:54.563 3190 5919 D NuPlayerDriver: notifyListener_l(0xb0b59380), (2, 0, 0, -1), loop setting(0, 0)
12-22 13:50:54.568 3190 5953 E CameraHardwareInterface: dataCallbackTimestamp: memory pool ID 37 not found
12-22 13:50:54.799 3190 5953 I chatty : uid=1013(media) CameraPreviewTh identical 5 lines
12-22 13:50:54.845 3190 5953 E CameraHardwareInterface: dataCallbackTimestamp: memory pool ID 37 not found
12-22 13:50:54.878 5787 5961 I DRV : 20201222135054: cleanupThreadVideo: total=11, freeDR=3061, freeCard=63, minSize=17, remainingMin=4 => false, retry=0
12-22 13:50:54.886 5787 5961 I DRV : 20201222135054: cleanupThread empty folder skipped: Videos
12-22 13:50:54.888 5787 5961 I DRV : 20201222135054: cleanupThread empty folder skipped: Photos
12-22 13:50:54.892 3190 5953 E CameraHardwareInterface: dataCallbackTimestamp: memory pool ID 37 not found
12-22 13:50:54.893 5787 5961 I DRV : 20201222135054: cleanupThread empty folder skipped: Upload
12-22 13:50:54.938 3190 5953 E CameraHardwareInterface: dataCallbackTimestamp: memory pool ID 37 not found
12-22 13:50:56.783 3190 5953 I chatty : uid=1013(media) CameraPreviewTh identical 40 lines
12-22 13:50:56.830 3190 5953 E CameraHardwareInterface: dataCallbackTimestamp: memory pool ID 37 not found
12-22 13:50:56.872 3190 5944 W CameraSource: Timed out waiting for incoming camera video frames: 0 us
12-22 13:50:56.876 3190 5953 E CameraHardwareInterface: dataCallbackTimestamp: memory pool ID 37 not found
12-22 13:50:57.430 3296 3296 W WindowManager: removeWindowToken: Attempted to remove non-existing token: android.os.Binder@a18c0c4
12-22 13:50:59.821 3190 5953 I chatty : uid=1013(media) CameraPreviewTh identical 63 lines
12-22 13:50:59.867 3190 5953 E CameraHardwareInterface: dataCallbackTimestamp: memory pool ID 37 not found
12-22 13:50:59.873 3190 5944 W CameraSource: Timed out waiting for incoming camera video frames: 0 us
12-22 13:50:59.913 3190 5953 E CameraHardwareInterface: dataCallbackTimestamp: memory pool ID 37 not found
12-22 13:51:02.824 3190 5953 I chatty : uid=1013(media) CameraPreviewTh identical 63 lines
12-22 13:51:02.870 3190 5953 E CameraHardwareInterface: dataCallbackTimestamp: memory pool ID 37 not found
12-22 13:51:02.873 3190 5944 W CameraSource: Timed out waiting for incoming camera video frames: 0 us
12-22 13:51:02.916 3190 5953 E CameraHardwareInterface: dataCallbackTimestamp: memory pool ID 37 not found
12-22 13:51:04.582 3190 5953 I chatty : uid=1013(media) CameraPreviewTh identical 36 lines
12-22 13:51:04.628 3190 5953 E CameraHardwareInterface: dataCallbackTimestamp: memory pool ID 37 not found
12-22 13:51:04.638 5787 5787 I DRV : 20201222135104: videoTurnOn: false
12-22 13:51:04.642 3072 3869 D audio_hw_primary: found out /dev/snd/pcmC0D1p
12-22 13:51:04.647 5787 5787 I DRV : 20201222135104: sending broadcast: com.dailyroads.status.VIDEO_OFF
12-22 13:51:04.651 5787 5787 I DRV : 20201222135104: stopVideoCapture: true
12-22 13:51:04.653 5787 5787 I DRV : 20201222135104: stopVideoRecording: 1, true, android.media.MediaRecorder@3c0fee
12-22 13:51:04.674 3190 5953 E CameraHardwareInterface: dataCallbackTimestamp: memory pool ID 37 not found
12-22 13:51:04.698 3183 3249 D AudioFlinger: mixer(0xad083580) throttle end: throttle time(22)
12-22 13:51:04.720 3190 5953 E CameraHardwareInterface: dataCallbackTimestamp: memory pool ID 37 not found
12-22 13:51:04.753 3911 5962 I GmscoreIpa: Starting mediastore instant index [CONTEXT service_id=255 ]
12-22 13:51:04.767 3190 5953 E CameraHardwareInterface: dataCallbackTimestamp: memory pool ID 37 not found
12-22 13:51:05.783 3190 5953 I chatty : uid=1013(media) CameraPreviewTh identical 22 lines
12-22 13:51:05.829 3190 5953 E CameraHardwareInterface: dataCallbackTimestamp: memory pool ID 37 not found
12-22 13:51:05.873 3190 5944 W CameraSource: Timed out waiting for incoming camera video frames: 0 us
12-22 13:51:05.875 3190 5953 E CameraHardwareInterface: dataCallbackTimestamp: memory pool ID 37 not found
12-22 13:51:08.784 3190 5953 I chatty : uid=1013(media) CameraPreviewTh identical 63 lines
12-22 13:51:08.831 3190 5953 E CameraHardwareInterface: dataCallbackTimestamp: memory pool ID 37 not found
12-22 13:51:08.873 3190 5944 W CameraSource: Timed out waiting for incoming camera video frames: 0 us
12-22 13:51:08.877 3190 5953 E CameraHardwareInterface: dataCallbackTimestamp: memory pool ID 37 not found
12-22 13:51:11.783 3190 5953 I chatty : uid=1013(media) CameraPreviewTh identical 63 lines
12-22 13:51:11.829 3190 5953 E CameraHardwareInterface: dataCallbackTimestamp: memory pool ID 37 not found
12-22 13:51:11.873 3190 5944 W CameraSource: Timed out waiting for incoming camera video frames: 0 us
12-22 13:51:11.876 3190 5953 E CameraHardwareInterface: dataCallbackTimestamp: memory pool ID 37 not found
12-22 13:51:14.782 3190 5953 I chatty : uid=1013(media) CameraPreviewTh identical 63 lines
12-22 13:51:14.828 3190 5953 E CameraHardwareInterface: dataCallbackTimestamp: memory pool ID 37 not found
12-22 13:51:14.874 3190 5944 W CameraSource: Timed out waiting for incoming camera video frames: 0 us
12-22 13:51:14.874 3190 5953 E CameraHardwareInterface: dataCallbackTimestamp: memory pool ID 37 not found
12-22 13:51:17.783 3190 5953 I chatty : uid=1013(media) CameraPreviewTh identical 63 lines
12-22 13:51:17.829 3190 5953 E CameraHardwareInterface: dataCallbackTimestamp: memory pool ID 37 not found
12-22 13:51:17.874 3190 5944 W CameraSource: Timed out waiting for incoming camera video frames: 0 us
12-22 13:51:17.875 3190 5953 E CameraHardwareInterface: dataCallbackTimestamp: memory pool ID 37 not found
12-22 13:51:20.827 3190 5953 I chatty : uid=1013(media) CameraPreviewTh identical 64 lines
12-22 13:51:20.873 3190 5953 E CameraHardwareInterface: dataCallbackTimestamp: memory pool ID 37 not found
12-22 13:51:20.874 3190 5944 W CameraSource: Timed out waiting for incoming camera video frames: 0 us
12-22 13:51:20.920 3190 5953 E CameraHardwareInterface: dataCallbackTimestamp: memory pool ID 37 not found
12-22 13:51:23.827 3190 5953 I chatty : uid=1013(media) CameraPreviewTh identical 63 lines
12-22 13:51:23.873 3190 5953 E CameraHardwareInterface: dataCallbackTimestamp: memory pool ID 37 not found
12-22 13:51:23.874 3190 5944 W CameraSource: Timed out waiting for incoming camera video frames: 0 us
12-22 13:51:23.919 3190 5953 E CameraHardwareInterface: dataCallbackTimestamp: memory pool ID 37 not found
12-22 13:51:26.682 3296 3314 D AutofillManagerService: onBackKeyPressed()
12-22 13:51:26.824 3190 5953 I chatty : uid=1013(media) CameraPreviewTh identical 63 lines
12-22 13:51:26.870 3190 5953 E CameraHardwareInterface: dataCallbackTimestamp: memory pool ID 37 not found
12-22 13:51:26.874 3190 5944 W CameraSource: Timed out waiting for incoming camera video frames: 0 us
12-22 13:51:26.916 3190 5953 E CameraHardwareInterface: dataCallbackTimestamp: memory pool ID 37 not found
12-22 13:51:29.122 3296 3314 I chatty : uid=1000(system) android.ui identical 5 lines
12-22 13:51:29.292 3296 3314 D AutofillManagerService: onBackKeyPressed()
12-22 13:51:29.427 3296 3319 D AutofillManagerService: Close system dialogs
12-22 13:51:29.438 3296 3314 I ActivityManager: START u0 {act=android.intent.action.MAIN cat=[android.intent.category.HOME] flg=0x10200000 cmp=org.lineageos.trebuchet/com.android.launcher3.searchlauncher.SearchLauncher (has extras)} from uid 1000
12-22 13:51:29.527 3296 3314 W Looper : Dispatch took 104ms on android.ui, h=Handler (com.android.server.policy.PhoneWindowManager$PolicyHandler) {8bd7fd5} cb=null msg=20
12-22 13:51:29.528 3296 3314 D AutofillManagerService: onBackKeyPressed()
12-22 13:51:29.541 3296 5755 W ActivityManager: Unable to start service Intent { act=com.android.launcher3.WINDOW_OVERLAY dat=app://org.lineageos.trebuchet:10026?v=7&cv=9 pkg=com.google.android.googlequicksearchbox } U=0: not found
12-22 13:51:29.603 3296 3314 D AutofillManagerService: onBackKeyPressed()
12-22 13:51:29.636 3981 3981 W ViewRootImpl[SearchLauncher]: Dropping event due to no window focus: KeyEvent { action=ACTION_DOWN, keyCode=KEYCODE_BACK, scanCode=158, metaState=0, flags=0x8, repeatCount=0, eventTime=303915, downTime=303915, deviceId=7, source=0x101 }
12-22 13:51:29.553 3190 5953 I chatty : uid=1013(media) CameraPreviewTh identical 57 lines
12-22 13:51:29.602 3190 5953 E CameraHardwareInterface: dataCallbackTimestamp: memory pool ID 37 not found
12-22 13:51:29.638 3981 4010 W zygote : Checksum mismatch for dex Trebuchet.apk
12-22 13:51:29.639 3981 3981 W ViewRootImpl[SearchLauncher]: Cancelling event due to no window focus: KeyEvent { action=ACTION_UP, keyCode=KEYCODE_BACK, scanCode=158, metaState=0, flags=0x28, repeatCount=0, eventTime=304075, downTime=303915, deviceId=7, source=0x101 }
12-22 13:51:29.640 3981 3981 I chatty : uid=10026(org.lineageos.trebuchet) identical 7 lines
12-22 13:51:29.640 3981 3981 W ViewRootImpl[SearchLauncher]: Cancelling event due to no window focus: KeyEvent { action=ACTION_UP, keyCode=KEYCODE_BACK, scanCode=158, metaState=0, flags=0x28, repeatCount=0, eventTime=304075, downTime=303915, deviceId=7, source=0x101 }
12-22 13:51:29.642 3981 3981 W ViewRootImpl[SearchLauncher]: Dropping event due to no window focus: KeyEvent { action=ACTION_DOWN, keyCode=KEYCODE_BACK, scanCode=158, metaState=0, flags=0x8, repeatCount=0, eventTime=305360, downTime=305360, deviceId=7, source=0x101 }
12-22 13:51:29.638 3981 4010 W zygote : Checksum mismatch for dex Trebuchet.apk
12-22 13:51:29.651 3190 5953 E CameraHardwareInterface: dataCallbackTimestamp: memory pool ID 37 not found
12-22 13:51:29.653 3981 3981 W ViewRootImpl[SearchLauncher]: Cancelling event due to no window focus: KeyEvent { action=ACTION_UP, keyCode=KEYCODE_BACK, scanCode=158, metaState=0, flags=0x28, repeatCount=0, eventTime=305405, downTime=305360, deviceId=7, source=0x101 }
12-22 13:51:29.688 3981 3986 I zygote : Do partial code cache collection, code=62KB, data=57KB
12-22 13:51:29.689 3981 3986 I zygote : After code cache collection, code=62KB, data=57KB
12-22 13:51:29.689 3981 3986 I zygote : Increasing code cache capacity to 256KB
12-22 13:51:29.699 3190 5953 E CameraHardwareInterface: dataCallbackTimestamp: memory pool ID 37 not found
12-22 13:51:29.654 3981 3981 I chatty : uid=10026(org.lineageos.trebuchet) identical 7 lines
12-22 13:51:29.654 3981 3981 W ViewRootImpl[SearchLauncher]: Cancelling event due to no window focus: KeyEvent { action=ACTION_UP, keyCode=KEYCODE_BACK, scanCode=158, metaState=0, flags=0x28, repeatCount=0, eventTime=305405, downTime=305360, deviceId=7, source=0x101 }
12-22 13:51:29.760 3296 3314 D AutofillManagerService: onBackKeyPressed()
12-22 13:51:29.796 3190 5953 I chatty : uid=1013(media) CameraPreviewTh identical 2 lines
12-22 13:51:29.845 3190 5953 E CameraHardwareInterface: dataCallbackTimestamp: memory pool ID 37 not found
12-22 13:51:29.875 3190 5944 W CameraSource: Timed out waiting for incoming camera video frames: 0 us
12-22 13:51:29.894 3190 5953 E CameraHardwareInterface: dataCallbackTimestamp: memory pool ID 37 not found
12-22 13:51:29.918 3296 3314 D AutofillManagerService: onBackKeyPressed()
12-22 13:51:29.959 3296 3313 W ActivityManager: Activity pause timeout for ActivityRecord{9884e1a u0 com.dailyroads.v.pro/com.dailyroads.activities.Voyager t207}
12-22 13:51:29.987 3190 5953 I chatty : uid=1013(media) CameraPreviewTh identical 2 lines
12-22 13:51:30.041 3190 5953 E CameraHardwareInterface: dataCallbackTimestamp: memory pool ID 37 not found
12-22 13:51:30.069 3296 5755 I GnssLocationProvider: WakeLock acquired by sendMessage(SET_REQUEST, 0, com.android.server.location.GnssLocationProvider$GpsRequest@57fe48e)
12-22 13:51:30.073 3296 3312 I GnssLocationProvider: WakeLock released by handleMessage(SET_REQUEST, 0, com.android.server.location.GnssLocationProvider$GpsRequest@57fe48e)
12-22 13:51:30.089 3190 5953 E CameraHardwareInterface: dataCallbackTimestamp: memory pool ID 37 not found
12-22 13:51:32.614 3296 4845 I ActivityManager: START u0 {act=android.intent.action.MAIN cat=[android.intent.category.LAUNCHER] flg=0x10200000 cmp=com.dailyroads.v.pro/.Launch bnds=[86,152][266,276]} from uid 10026
12-22 13:51:32.554 3190 5953 I chatty : uid=1013(media) CameraPreviewTh identical 53 lines
12-22 13:51:32.601 3190 5953 E CameraHardwareInterface: dataCallbackTimestamp: memory pool ID 37 not found
12-22 13:51:32.615 3072 3869 D audio_hw_primary: found out /dev/snd/pcmC0D1p
12-22 13:51:32.647 3190 5953 E CameraHardwareInterface: dataCallbackTimestamp: memory pool ID 37 not found
12-22 13:51:32.670 3183 3249 D AudioFlinger: mixer(0xad083580) throttle end: throttle time(22)
12-22 13:51:32.699 3190 5953 E CameraHardwareInterface: dataCallbackTimestamp: memory pool ID 37 not found
12-22 13:51:32.794 3190 5953 I chatty : uid=1013(media) CameraPreviewTh identical 2 lines
12-22 13:51:32.841 3190 5953 E CameraHardwareInterface: dataCallbackTimestamp: memory pool ID 37 not found
12-22 13:51:32.875 3190 5944 W CameraSource: Timed out waiting for incoming camera video frames: 0 us
12-22 13:51:32.896 3190 5953 E CameraHardwareInterface: dataCallbackTimestamp: memory pool ID 37 not found
12-22 13:51:32.942 3296 3828 I GnssLocationProvider: WakeLock acquired by sendMessage(SET_REQUEST, 0, com.android.server.location.GnssLocationProvider$GpsRequest@66949f9)
12-22 13:51:32.943 3190 5953 E CameraHardwareInterface: dataCallbackTimestamp: memory pool ID 37 not found
12-22 13:51:32.946 3296 3312 I GnssLocationProvider: WakeLock released by handleMessage(SET_REQUEST, 0, com.android.server.location.GnssLocationProvider$GpsRequest@66949f9)
12-22 13:51:32.990 3190 5953 E CameraHardwareInterface: dataCallbackTimestamp: memory pool ID 37 not found
12-22 13:51:33.084 3190 5953 I chatty : uid=1013(media) CameraPreviewTh identical 2 lines
12-22 13:51:33.131 3190 5953 E CameraHardwareInterface: dataCallbackTimestamp: memory pool ID 37 not found
12-22 13:51:33.185 3458 3499 W zygote : Checksum mismatch for dex SystemUI.apk
12-22 13:51:33.185 3458 3499 W zygote : Checksum mismatch for dex SystemUI.apk
12-22 13:51:33.186 3190 5953 E CameraHardwareInterface: dataCallbackTimestamp: memory pool ID 37 not found
12-22 13:51:35.796 3190 5953 I chatty : uid=1013(media) CameraPreviewTh identical 56 lines
12-22 13:51:35.842 3190 5953 E CameraHardwareInterface: dataCallbackTimestamp: memory pool ID 37 not found
12-22 13:51:35.875 3190 5944 W CameraSource: Timed out waiting for incoming camera video frames: 0 us
12-22 13:51:35.889 3190 5953 E CameraHardwareInterface: dataCallbackTimestamp: memory pool ID 37 not found
12-22 13:51:38.794 3190 5953 I chatty : uid=1013(media) CameraPreviewTh identical 63 lines
12-22 13:51:38.841 3190 5953 E CameraHardwareInterface: dataCallbackTimestamp: memory pool ID 37 not found
12-22 13:51:38.875 3190 5944 W CameraSource: Timed out waiting for incoming camera video frames: 0 us
12-22 13:51:38.887 3190 5953 E CameraHardwareInterface: dataCallbackTimestamp: memory pool ID 37 not found
12-22 13:51:39.810 3190 5953 I chatty : uid=1013(media) CameraPreviewTh identical 20 lines
12-22 13:51:39.856 3190 5953 E CameraHardwareInterface: dataCallbackTimestamp: memory pool ID 37 not found
12-22 13:51:39.882 3296 3386 I InputDispatcher: Application is not responding: Window{9bbe096 u0 com.dailyroads.v.pro/com.dailyroads.activities.Voyager}. It has been 5004.9ms since event, 5004.7ms since wait started. Reason: Waiting to send non-key event because the touched window has not finished processing certain input events that were delivered to it over 500.0ms ago. Wait queue length: 2. Wait queue head age: 14700.7ms.
12-22 13:51:39.884 3296 3386 I WindowManager: Input event dispatching timed out sending to com.dailyroads.v.pro/com.dailyroads.activities.Voyager. Reason: Waiting to send non-key event because the touched window has not finished processing certain input events that were delivered to it over 500.0ms ago. Wait queue length: 2. Wait queue head age: 14700.7ms.
12-22 13:51:39.902 3190 5953 E CameraHardwareInterface: dataCallbackTimestamp: memory pool ID 37 not found
12-22 13:51:40.364 3190 5953 I chatty : uid=1013(media) CameraPreviewTh identical 10 lines
12-22 13:51:40.409 3190 5953 E CameraHardwareInterface: dataCallbackTimestamp: memory pool ID 37 not found
12-22 13:51:40.415 3296 3313 I system_server: libdebuggerd_client: started dumping process 5787
12-22 13:51:40.416 3195 3195 I /system/bin/tombstoned: registered intercept for pid 5787 and type kDebuggerdJavaBacktrace
12-22 13:51:40.416 5787 5793 I zygote : Thread[3,tid=5793,WaitingInMainSignalCatcherLoop,Thread*=0xb365a000,peer=0x15a802b8,"Signal Catcher"]: reacting to signal 3
12-22 13:51:40.416 5787 5793 I zygote :
12-22 13:51:40.456 3190 5953 E CameraHardwareInterface: dataCallbackTimestamp: memory pool ID 37 not found
12-22 13:51:40.548 3190 5953 I chatty : uid=1013(media) CameraPreviewTh identical 2 lines
12-22 13:51:40.594 3190 5953 E CameraHardwareInterface: dataCallbackTimestamp: memory pool ID 37 not found
12-22 13:51:40.610 3195 3195 I /system/bin/tombstoned: received crash request for pid 5787
12-22 13:51:40.610 3195 3195 I /system/bin/tombstoned: found intercept fd 512 for pid 5787 and type kDebuggerdJavaBacktrace
12-22 13:51:40.611 5787 5793 I zygote : Wrote stack traces to '[tombstoned]'
12-22 13:51:40.614 3296 3313 I system_server: libdebuggerd_client: done dumping process 5787
12-22 13:51:40.615 3296 3313 I system_server: libdebuggerd_client: started dumping process 3296
12-22 13:51:40.615 3195 3195 I /system/bin/tombstoned: registered intercept for pid 3296 and type kDebuggerdJavaBacktrace
12-22 13:51:40.615 3296 3301 I zygote : Thread[2,tid=3301,WaitingInMainSignalCatcherLoop,Thread*=0xabb0c000,peer=0x12ec0000,"Signal Catcher"]: reacting to signal 3
12-22 13:51:40.615 3296 3301 I zygote :
12-22 13:51:40.640 3190 5953 E CameraHardwareInterface: dataCallbackTimestamp: memory pool ID 37 not found
12-22 13:51:41.192 3190 5953 I chatty : uid=1013(media) CameraPreviewTh identical 12 lines
12-22 13:51:41.238 3190 5953 E CameraHardwareInterface: dataCallbackTimestamp: memory pool ID 37 not found
12-22 13:51:41.267 3195 3195 I /system/bin/tombstoned: received crash request for pid 3296
12-22 13:51:41.267 3195 3195 I /system/bin/tombstoned: found intercept fd 512 for pid 3296 and type kDebuggerdJavaBacktrace
12-22 13:51:41.268 3296 3301 I zygote : Wrote stack traces to '[tombstoned]'
12-22 13:51:41.274 3296 3313 I system_server: libdebuggerd_client: done dumping process 3296
12-22 13:51:41.274 3296 3313 I system_server: libdebuggerd_client: started dumping process 3949
12-22 13:51:41.275 3195 3195 I /system/bin/tombstoned: registered intercept for pid 3949 and type kDebuggerdJavaBacktrace
12-22 13:51:41.275 3949 3956 I zygote : Thread[3,tid=3956,WaitingInMainSignalCatcherLoop,Thread*=0xb365a000,peer=0x13400020,"Signal Catcher"]: reacting to signal 3
12-22 13:51:41.275 3949 3956 I zygote :
12-22 13:51:41.285 3190 5953 E CameraHardwareInterface: dataCallbackTimestamp: memory pool ID 37 not found
12-22 13:51:41.331 3190 5953 E CameraHardwareInterface: dataCallbackTimestamp: memory pool ID 37 not found
12-22 13:51:41.361 3195 3195 I /system/bin/tombstoned: received crash request for pid 3949
12-22 13:51:41.361 3195 3195 I /system/bin/tombstoned: found intercept fd 512 for pid 3949 and type kDebuggerdJavaBacktrace
12-22 13:51:41.361 3949 3956 I zygote : Wrote stack traces to '[tombstoned]'
12-22 13:51:41.362 3296 3313 I system_server: libdebuggerd_client: done dumping process 3949
12-22 13:51:41.363 3296 3313 I system_server: libdebuggerd_client: started dumping process 3458
12-22 13:51:41.363 3195 3195 I /system/bin/tombstoned: registered intercept for pid 3458 and type kDebuggerdJavaBacktrace
12-22 13:51:41.363 3458 3464 I zygote : Thread[3,tid=3464,WaitingInMainSignalCatcherLoop,Thread*=0xb365a000,peer=0x13a00088,"Signal Catcher"]: reacting to signal 3
12-22 13:51:41.363 3458 3464 I zygote :
12-22 13:51:41.377 3190 5953 E CameraHardwareInterface: dataCallbackTimestamp: memory pool ID 37 not found
12-22 13:51:41.469 3190 5953 I chatty : uid=1013(media) CameraPreviewTh identical 2 lines
12-22 13:51:41.515 3190 5953 E CameraHardwareInterface: dataCallbackTimestamp: memory pool ID 37 not found
12-22 13:51:41.546 3195 3195 I /system/bin/tombstoned: received crash request for pid 3458
12-22 13:51:41.546 3195 3195 I /system/bin/tombstoned: found intercept fd 512 for pid 3458 and type kDebuggerdJavaBacktrace
12-22 13:51:41.546 3458 3464 I zygote : Wrote stack traces to '[tombstoned]'
12-22 13:51:41.549 3296 3313 I system_server: libdebuggerd_client: done dumping process 3458
12-22 13:51:41.549 3296 3313 I system_server: libdebuggerd_client: started dumping process 3104
12-22 13:51:41.550 3195 3195 I /system/bin/tombstoned: registered intercept for pid 3104 and type kDebuggerdNativeBacktrace
12-22 13:51:41.550 3104 3104 I libc : Requested dump for tid 3104 (surfaceflinger)
12-22 13:51:41.564 3190 5953 E CameraHardwareInterface: dataCallbackTimestamp: memory pool ID 37 not found
12-22 13:51:41.584 5969 5969 E cutils-trace: Error opening trace file: Permission denied (13)
12-22 13:51:41.608 5970 5970 I crash_dump32: obtaining output fd from tombstoned, type: kDebuggerdNativeBacktrace
12-22 13:51:41.609 3195 3195 I /system/bin/tombstoned: received crash request for pid 3104
12-22 13:51:41.609 3195 3195 I /system/bin/tombstoned: found intercept fd 512 for pid 3104 and type kDebuggerdNativeBacktrace
12-22 13:51:41.610 5970 5970 I crash_dump32: performing dump of process 3104 (target tid = 3104)
12-22 13:51:41.875 3190 5944 W CameraSource: Timed out waiting for incoming camera video frames: 0 us
12-22 13:51:41.982 3296 3313 I system_server: libdebuggerd_client: done dumping process 3104
12-22 13:51:41.983 3296 3313 I system_server: libdebuggerd_client: started dumping process 3182
12-22 13:51:41.983 3195 3195 I /system/bin/tombstoned: registered intercept for pid 3182 and type kDebuggerdNativeBacktrace
12-22 13:51:41.984 3195 3195 I /system/bin/tombstoned: received crash request for pid 3182
12-22 13:51:41.988 3195 3195 I /system/bin/tombstoned: found intercept fd 512 for pid 3182 and type kDebuggerdNativeBacktrace
12-22 13:51:41.995 3190 5953 E CameraHardwareInterface: dataCallbackTimestamp: memory pool ID 37 not found
12-22 13:51:42.088 3190 5953 I chatty : uid=1013(media) CameraPreviewTh identical 2 lines
12-22 13:51:42.135 3190 5953 E CameraHardwareInterface: dataCallbackTimestamp: memory pool ID 37 not found
12-22 13:51:42.179 3296 3313 I system_server: libdebuggerd_client: done dumping process 3182
12-22 13:51:42.179 3296 3313 I system_server: libdebuggerd_client: started dumping process 3183
12-22 13:51:42.179 3195 3195 I /system/bin/tombstoned: registered intercept for pid 3183 and type kDebuggerdNativeBacktrace
12-22 13:51:42.180 3183 3183 I libc : Requested dump for tid 3183 (audioserver)
12-22 13:51:42.181 3190 5953 E CameraHardwareInterface: dataCallbackTimestamp: memory pool ID 37 not found
12-22 13:51:42.205 5972 5972 E cutils-trace: Error opening trace file: Permission denied (13)
12-22 13:51:42.221 5973 5973 I crash_dump32: obtaining output fd from tombstoned, type: kDebuggerdNativeBacktrace
12-22 13:51:42.222 3195 3195 I /system/bin/tombstoned: received crash request for pid 3183
12-22 13:51:42.222 3195 3195 I /system/bin/tombstoned: found intercept fd 512 for pid 3183 and type kDebuggerdNativeBacktrace
12-22 13:51:42.222 5973 5973 I crash_dump32: performing dump of process 3183 (target tid = 3183)
12-22 13:51:42.228 3190 5953 E CameraHardwareInterface: dataCallbackTimestamp: memory pool ID 37 not found
12-22 13:51:42.321 3190 5953 I chatty : uid=1013(media) CameraPreviewTh identical 2 lines
12-22 13:51:42.367 3190 5953 E CameraHardwareInterface: dataCallbackTimestamp: memory pool ID 37 not found
12-22 13:51:42.376 3296 3313 I system_server: libdebuggerd_client: done dumping process 3183
12-22 13:51:42.377 3296 3313 I system_server: libdebuggerd_client: started dumping process 3184
12-22 13:51:42.378 3195 3195 I /system/bin/tombstoned: registered intercept for pid 3184 and type kDebuggerdNativeBacktrace
12-22 13:51:42.398 5976 5976 E cutils-trace: Error opening trace file: Permission denied (13)
12-22 13:51:42.406 5977 5977 I crash_dump32: obtaining output fd from tombstoned, type: kDebuggerdNativeBacktrace
12-22 13:51:42.406 3195 3195 I /system/bin/tombstoned: received crash request for pid 3184
12-22 13:51:42.406 3195 3195 I /system/bin/tombstoned: found intercept fd 512 for pid 3184 and type kDebuggerdNativeBacktrace
12-22 13:51:42.408 5977 5977 I crash_dump32: performing dump of process 3184 (target tid = 3184)
12-22 13:51:42.413 3190 5953 E CameraHardwareInterface: dataCallbackTimestamp: memory pool ID 37 not found
12-22 13:51:42.452 3296 3313 I system_server: libdebuggerd_client: done dumping process 3184
12-22 13:51:42.452 3296 3313 I system_server: libdebuggerd_client: started dumping process 3187
12-22 13:51:42.453 3195 3195 I /system/bin/tombstoned: registered intercept for pid 3187 and type kDebuggerdNativeBacktrace
12-22 13:51:42.453 3187 3187 I libc : Requested dump for tid 3187 (mediadrmserver)
12-22 13:51:42.460 3190 5953 E CameraHardwareInterface: dataCallbackTimestamp: memory pool ID 37 not found
12-22 13:51:42.472 5980 5980 E cutils-trace: Error opening trace file: Permission denied (13)
12-22 13:51:42.479 5981 5981 I crash_dump32: obtaining output fd from tombstoned, type: kDebuggerdNativeBacktrace
12-22 13:51:42.479 3195 3195 I /system/bin/tombstoned: received crash request for pid 3187
12-22 13:51:42.479 3195 3195 I /system/bin/tombstoned: found intercept fd 512 for pid 3187 and type kDebuggerdNativeBacktrace
12-22 13:51:42.480 5981 5981 I crash_dump32: performing dump of process 3187 (target tid = 3187)
12-22 13:51:42.506 3190 5953 E CameraHardwareInterface: dataCallbackTimestamp: memory pool ID 37 not found
12-22 13:51:42.526 3296 3313 I system_server: libdebuggerd_client: done dumping process 3187
12-22 13:51:42.526 3296 3313 I system_server: libdebuggerd_client: started dumping process 3188
12-22 13:51:42.527 3195 3195 I /system/bin/tombstoned: registered intercept for pid 3188 and type kDebuggerdNativeBacktrace
12-22 13:51:42.527 3195 3195 I /system/bin/tombstoned: received crash request for pid 3188
12-22 13:51:42.527 3195 3195 I /system/bin/tombstoned: found intercept fd 512 for pid 3188 and type kDebuggerdNativeBacktrace
12-22 13:51:42.533 3190 3667 E MediaPlayerNative: error (100, 1)
12-22 13:51:42.533 2993 2993 I ServiceManager: service 'media.extractor' died
12-22 13:51:42.533 3190 3667 E MediaPlayerNative: error (100, 1)
12-22 13:51:42.533 3190 3667 E MediaPlayerNative: error (100, 1)
12-22 13:51:42.534 3296 3313 I system_server: libdebuggerd_client: done dumping process 3188
12-22 13:51:42.534 3195 3195 W /system/bin/tombstoned: crash socket received short read of length 0 (expected 12)
12-22 13:51:42.534 3296 3313 I system_server: libdebuggerd_client: started dumping process 3190
12-22 13:51:42.535 3195 3195 I /system/bin/tombstoned: registered intercept for pid 3190 and type kDebuggerdNativeBacktrace
12-22 13:51:42.541 3190 3190 I libc : Requested dump for tid 3190 (mediaserver)
12-22 13:51:42.556 3190 5953 E CameraHardwareInterface: dataCallbackTimestamp: memory pool ID 37 not found
12-22 13:51:42.570 5985 5985 E cutils-trace: Error opening trace file: Permission denied (13)
12-22 13:51:42.595 5987 5987 I crash_dump32: obtaining output fd from tombstoned, type: kDebuggerdNativeBacktrace
12-22 13:51:42.596 3195 3195 I /system/bin/tombstoned: received crash request for pid 3190
12-22 13:51:42.596 3195 3195 I /system/bin/tombstoned: found intercept fd 512 for pid 3190 and type kDebuggerdNativeBacktrace
12-22 13:51:42.596 5987 5987 I crash_dump32: performing dump of process 3190 (target tid = 3190)
12-22 13:51:42.758 5986 5986 V MediaUtils: physMem: 2094026752
12-22 13:51:42.758 5986 5986 V MediaUtils: requested limit: 418805340
12-22 13:51:42.758 5986 5986 V MediaUtils: actual limit: 418805340
12-22 13:51:42.758 5986 5986 V MediaUtils: original limits: 4294967295/4294967295
12-22 13:51:42.758 5986 5986 V MediaUtils: new limits: 418805340/4294967295
12-22 13:51:42.758 5986 5986 D vndksupport: Loading libutils.so from current namespace instead of sphal namespace.
12-22 13:51:42.758 5986 5986 W /system/bin/mediaextractor: libminijail[5986]: allowing syscall: clock_gettime
12-22 13:51:42.759 5986 5986 W /system/bin/mediaextractor: libminijail[5986]: allowing syscall: connect
12-22 13:51:42.759 5986 5986 W /system/bin/mediaextractor: libminijail[5986]: allowing syscall: fcntl64
12-22 13:51:42.759 5986 5986 W /system/bin/mediaextractor: libminijail[5986]: allowing syscall: socket
12-22 13:51:42.759 5986 5986 W /system/bin/mediaextractor: libminijail[5986]: allowing syscall: writev
12-22 13:51:42.759 5986 5986 W /system/bin/mediaextractor: libminijail[5986]: logging seccomp filter failures
12-22 13:51:42.995 3296 3313 I system_server: libdebuggerd_client: done dumping process 3190
12-22 13:51:42.995 3296 3313 I system_server: libdebuggerd_client: started dumping process 3479
12-22 13:51:42.996 3195 3195 I /system/bin/tombstoned: registered intercept for pid 3479 and type kDebuggerdNativeBacktrace
12-22 13:51:42.997 3479 3479 I libc : Requested dump for tid 3479 (sdcard)
12-22 13:51:43.010 3190 5953 E CameraHardwareInterface: dataCallbackTimestamp: memory pool ID 37 not found
12-22 13:51:43.012 5990 5990 E cutils-trace: Error opening trace file: Permission denied (13)
12-22 13:51:43.017 5991 5991 I crash_dump32: obtaining output fd from tombstoned, type: kDebuggerdNativeBacktrace
12-22 13:51:43.017 3195 3195 I /system/bin/tombstoned: received crash request for pid 3479
12-22 13:51:43.017 3195 3195 I /system/bin/tombstoned: found intercept fd 512 for pid 3479 and type kDebuggerdNativeBacktrace
12-22 13:51:43.017 5991 5991 I crash_dump32: performing dump of process 3479 (target tid = 3479)
12-22 13:51:43.043 3296 3313 I system_server: libdebuggerd_client: done dumping process 3479
12-22 13:51:43.043 3296 3313 I system_server: libdebuggerd_client: started dumping process 3516
12-22 13:51:43.043 3195 3195 I /system/bin/tombstoned: registered intercept for pid 3516 and type kDebuggerdNativeBacktrace
12-22 13:51:43.044 3516 3516 I libc : Requested dump for tid 3516 (sdcard)
12-22 13:51:43.056 3190 5953 E CameraHardwareInterface: dataCallbackTimestamp: memory pool ID 37 not found
12-22 13:51:43.058 5993 5993 E cutils-trace: Error opening trace file: Permission denied (13)
12-22 13:51:43.063 5994 5994 I crash_dump32: obtaining output fd from tombstoned, type: kDebuggerdNativeBacktrace
12-22 13:51:43.064 3195 3195 I /system/bin/tombstoned: received crash request for pid 3516
12-22 13:51:43.064 3195 3195 I /system/bin/tombstoned: found intercept fd 512 for pid 3516 and type kDebuggerdNativeBacktrace
12-22 13:51:43.064 5994 5994 I crash_dump32: performing dump of process 3516 (target tid = 3516)
12-22 13:51:43.089 3296 3313 I system_server: libdebuggerd_client: done dumping process 3516
12-22 13:51:43.089 3296 3313 I system_server: libdebuggerd_client: started dumping process 3547
12-22 13:51:43.090 3195 3195 I /system/bin/tombstoned: registered intercept for pid 3547 and type kDebuggerdNativeBacktrace
12-22 13:51:43.090 3547 3547 I libc : Requested dump for tid 3547 (sdcard)
12-22 13:51:43.103 3190 5953 E CameraHardwareInterface: dataCallbackTimestamp: memory pool ID 37 not found
12-22 13:51:43.105 5996 5996 E cutils-trace: Error opening trace file: Permission denied (13)
12-22 13:51:43.112 5997 5997 I crash_dump32: obtaining output fd from tombstoned, type: kDebuggerdNativeBacktrace
12-22 13:51:43.113 3195 3195 I /system/bin/tombstoned: received crash request for pid 3547
12-22 13:51:43.113 3195 3195 I /system/bin/tombstoned: found intercept fd 512 for pid 3547 and type kDebuggerdNativeBacktrace
12-22 13:51:43.113 5997 5997 I crash_dump32: performing dump of process 3547 (target tid = 3547)
12-22 13:51:43.144 3296 3313 I system_server: libdebuggerd_client: done dumping process 3547
12-22 13:51:43.149 3296 3313 E ActivityManager: ANR in com.dailyroads.v.pro (com.dailyroads.v.pro/com.dailyroads.activities.Voyager)
12-22 13:51:43.149 3296 3313 E ActivityManager: PID: 5787
12-22 13:51:43.149 3296 3313 E ActivityManager: Reason: Input dispatching timed out (Waiting to send non-key event because the touched window has not finished processing certain input events that were delivered to it over 500.0ms ago. Wait queue length: 2. Wait queue head age: 14700.7ms.)
12-22 13:51:43.149 3296 3313 E ActivityManager: Load: 0.77 / 0.95 / 0.5
12-22 13:51:43.149 3296 3313 E ActivityManager: CPU usage from 284137ms to 0ms ago (2020-12-22 13:46:55.784 to 2020-12-22 13:51:39.921):
