12-22 13:49:12.536 3190 5738 D NuPlayerDriver: notifyResetComplete(0xb2627700)
12-22 13:49:12.537 3190 3647 D NuPlayerDriver: updateMetrics(0xb2627700) from destructor at state 0
12-22 13:49:12.537 5595 5595 I DRV : 20201222134912: photoTurnOn: false
12-22 13:49:12.539 5595 5595 I DRV : 20201222134912: sending broadcast: com.dailyroads.status.PHOTO_OFF
12-22 13:49:12.545 5595 5595 I DRV : 20201222134912: onDestroy 0, auto
12-22 13:49:12.547 5595 5595 I DRV : 20201222134912: unregister sensors
12-22 13:49:12.548 5595 5595 I DRV : 20201222134912: onDestroy finishing
12-22 13:49:12.552 5595 5595 I DRV : 20201222134912: unbinding service...
12-22 13:49:12.555 5595 5595 D IabHelper: Disposing.
12-22 13:49:12.555 5595 5595 D IabHelper: Unbinding from service.
12-22 13:49:14.581 5595 5595 I DRV : 20201222134914: app terminated
12-22 13:49:14.582 5595 5595 I Process : Sending signal. PID: 5595 SIG: 9
12-22 13:49:14.680 3296 4845 I ActivityManager: Process com.dailyroads.v.pro (pid 5595) has died: cch CEM
12-22 13:49:14.680 3296 3315 W system_server: kill(-5595, 9) failed: No such process
12-22 13:49:14.721 3296 3321 W ActivityManager: setHasOverlayUi called on unknown pid: 5595
12-22 13:49:14.724 3296 3315 W system_server: kill(-5595, 9) failed: No such process
12-22 13:49:14.725 3296 3315 I system_server: Successfully killed process cgroup uid 10086 pid 5595 in 44ms
12-22 13:49:16.875 3761 4308 I NetworkScheduler.Stats: Task com.google.android.gms/com.google.android.gms.ads.jams.NegotiationService started execution. cause:4 exec_start_elapsed_seconds: 174 [CONTEXT service_id=218 ]
12-22 13:49:16.891 3761 4301 I NetworkScheduler.Stats: Task com.google.android.gms/com.google.android.gms.ads.jams.NegotiationService finished executing. cause:4 result: 1 elapsed_millis: 89 uptime_millis: 89 exec_start_elapsed_seconds: 174 [CONTEXT service_id=218 ]
12-22 13:49:17.211 3761 5316 W zygote : Long monitor contention with owner netscheduler-queue-handler (4307) at int askw.m(askn, abuu)(:com.google.android.gms@204516015@20.45.16 (040300-344294571):1) waiters=0 in int askw.v(ashy) for 304ms
12-22 13:49:17.219 3761 5316 I NetworkScheduler.Stats: Task com.google.android.gms/com.google.android.gms.clearcut.uploader.QosUploaderService started execution. cause:5 exec_start_elapsed_seconds: 174 [CONTEXT service_id=218 ]
12-22 13:49:17.236 3761 5316 I NetworkScheduler.Stats: Task com.google.android.gms/com.google.android.gms.telephonyspam.sync.SpamListSyncTaskService started execution. cause:5 exec_start_elapsed_seconds: 174 [CONTEXT service_id=218 ]
12-22 13:49:17.243 3911 5461 I TelephonySpamChimeraSer: Running Telephony Spam Chimera Service [CONTEXT service_id=150 ]
12-22 13:49:17.268 3911 5461 I TelephonySpamChimeraSer: Cleaning SIP Header local table of old entries [CONTEXT service_id=150 ]
12-22 13:49:17.272 3911 5461 I SpamListSync: Call spam module disabled. Skipping cleaning cache sip header table. [CONTEXT service_id=150 ]
12-22 13:49:17.273 3911 5461 I TelephonySpamChimeraSer: Syncing Call Spam List [CONTEXT service_id=150 ]
12-22 13:49:17.275 3911 5461 I SpamListSync: SpamListSyncChimeraService.syncSpamList called with tag: telephonyspam.SpamListSyncOneOffTask, extras: Bundle[{SpamList Type=0, Action=1.0}] [CONTEXT service_id=150 ]
12-22 13:49:17.277 3911 5461 I SpamListSync: Call spam module disabled. Skipping spam list syncing. [CONTEXT service_id=150 ]
12-22 13:49:17.285 3761 4308 I NetworkScheduler.Stats: Task com.google.android.gms/com.google.android.gms.telephonyspam.sync.SpamListSyncTaskService finished executing. cause:5 result: 1 elapsed_millis: 156 uptime_millis: 156 exec_start_elapsed_seconds: 174 [CONTEXT service_id=218 ]
12-22 13:49:17.640 3761 4301 I DynamiteModule: Considering local module com.google.android.gms.cronet_dynamite:0 and remote module com.google.android.gms.cronet_dynamite:1311
12-22 13:49:17.640 3761 4301 I DynamiteModule: Selected remote version of com.google.android.gms.cronet_dynamite, version >= 1311
12-22 13:49:17.656 3761 4301 W zygote : Unsupported class loader
12-22 13:49:17.659 3761 4301 W zygote : Skipping duplicate class check due to unsupported classloader
12-22 13:49:17.794 3761 4301 I cr_CronetLibraryLoader: Cronet version: 85.0.4183.127, arch: armv7l
12-22 13:49:17.822 3761 5764 W ResourceType: ResTable_typeSpec entry count inconsistent: given 67, previously 69
12-22 13:49:17.822 3761 5764 W ResourceType: ResTable_typeSpec entry count inconsistent: given 5399, previously 5400
12-22 13:49:17.847 3761 4301 I zygote : Deoptimizing void ccsf.Q(int, java.util.List, ccou) due to JIT inline cache
12-22 13:49:18.749 3761 4308 I NetworkScheduler.Stats: Task com.google.android.gms/com.google.android.gms.clearcut.uploader.QosUploaderService finished executing. cause:5 result: 1 elapsed_millis: 1754 uptime_millis: 1754 exec_start_elapsed_seconds: 174 [CONTEXT service_id=218 ]
12-22 13:49:53.380 3296 4845 I ActivityManager: START u0 {act=android.intent.action.MAIN cat=[android.intent.category.LAUNCHER] flg=0x10200000 cmp=com.dailyroads.v.pro/.Launch bnds=[86,152][266,276]} from uid 10026
12-22 13:49:53.382 3072 3869 D audio_hw_primary: found out /dev/snd/pcmC0D1p
12-22 13:49:53.409 3296 3346 W WindowManager: Token{c41af99 ActivityRecord{22460e0 u0 com.dailyroads.v.pro/.Launch t207}} failed creating starting window
12-22 13:49:53.409 3296 3346 W WindowManager: android.view.InflateException: Binary XML file line #32: Failed to resolve attribute at index 1: TypedValue{t=0x2/d=0x101005a a=-1}
12-22 13:49:53.409 3296 3346 W WindowManager: Caused by: java.lang.UnsupportedOperationException: Failed to resolve attribute at index 1: TypedValue{t=0x2/d=0x101005a a=-1}
12-22 13:49:53.409 3296 3346 W WindowManager: at android.content.res.TypedArray.getLayoutDimension(TypedArray.java:771)
12-22 13:49:53.409 3296 3346 W WindowManager: at android.view.ViewGroup$LayoutParams.setBaseAttributes(ViewGroup.java:7555)
12-22 13:49:53.409 3296 3346 W WindowManager: at android.view.ViewGroup$MarginLayoutParams.(ViewGroup.java:7746)
12-22 13:49:53.409 3296 3346 W WindowManager: at android.widget.LinearLayout$LayoutParams.(LinearLayout.java:1976)
12-22 13:49:53.409 3296 3346 W WindowManager: at android.widget.LinearLayout.generateLayoutParams(LinearLayout.java:1874)
12-22 13:49:53.409 3296 3346 W WindowManager: at android.widget.LinearLayout.generateLayoutParams(LinearLayout.java:1872)
12-22 13:49:53.409 3296 3346 W WindowManager: at android.view.LayoutInflater.rInflate(LayoutInflater.java:865)
12-22 13:49:53.409 3296 3346 W WindowManager: at android.view.LayoutInflater.rInflateChildren(LayoutInflater.java:824)
12-22 13:49:53.409 3296 3346 W WindowManager: at android.view.LayoutInflater.inflate(LayoutInflater.java:515)
12-22 13:49:53.409 3296 3346 W WindowManager: at android.view.LayoutInflater.inflate(LayoutInflater.java:423)
12-22 13:49:53.409 3296 3346 W WindowManager: at android.view.LayoutInflater.inflate(LayoutInflater.java:374)
12-22 13:49:53.409 3296 3346 W WindowManager: at com.android.internal.policy.DecorView.onResourcesLoaded(DecorView.java:1933)
12-22 13:49:53.409 3296 3346 W WindowManager: at com.android.internal.policy.PhoneWindow.generateLayout(PhoneWindow.java:2586)
12-22 13:49:53.409 3296 3346 W WindowManager: at com.android.internal.policy.PhoneWindow.installDecor(PhoneWindow.java:2659)
12-22 13:49:53.409 3296 3346 W WindowManager: at com.android.internal.policy.PhoneWindow.getDecorView(PhoneWindow.java:2067)
12-22 13:49:53.409 3296 3346 W WindowManager: at com.android.server.policy.PhoneWindowManager.addSplashScreen(PhoneWindowManager.java:3393)
12-22 13:49:53.409 3296 3346 W WindowManager: at com.android.server.wm.SplashScreenStartingData.createStartingSurface(SplashScreenStartingData.java:55)
12-22 13:49:53.409 3296 3346 W WindowManager: at com.android.server.wm.AppWindowContainerController.lambda$-com_android_server_wm_AppWindowContainerController_4735(AppWindowContainerController.java:145)
12-22 13:49:53.409 3296 3346 W WindowManager: at com.android.server.wm.-$Lambda$aEpJ2RCAIjecjyIIYTv6ricEwh4.$m$4(Unknown Source:4)
12-22 13:49:53.409 3296 3346 W WindowManager: at com.android.server.wm.-$Lambda$aEpJ2RCAIjecjyIIYTv6ricEwh4.run(Unknown Source:27)
12-22 13:49:53.409 3296 3346 W WindowManager: at android.os.Handler.handleCallback(Handler.java:790)
12-22 13:49:53.409 3296 3346 W WindowManager: at android.os.Handler.dispatchMessage(Handler.java:99)
12-22 13:49:53.409 3296 3346 W WindowManager: at android.os.Looper.loop(Looper.java:164)
12-22 13:49:53.409 3296 3346 W WindowManager: at android.os.HandlerThread.run(HandlerThread.java:65)
12-22 13:49:53.409 3296 3346 W WindowManager: at com.android.server.ServiceThread.run(ServiceThread.java:46)
12-22 13:49:53.453 3296 4845 I ActivityManager: Start proc 5787:com.dailyroads.v.pro/u0a86 for activity com.dailyroads.v.pro/.Launch
12-22 13:49:53.554 3296 3828 W ActivityManager: Slow operation: 83ms so far, now at attachApplicationLocked: after mServices.attachApplicationLocked
12-22 13:49:53.587 3458 3499 W zygote : Checksum mismatch for dex SystemUI.apk
12-22 13:49:53.587 3458 3499 W zygote : Checksum mismatch for dex SystemUI.apk
12-22 13:49:53.596 5787 5787 I MultiDex: VM with version 2.1.0 has multidex support
12-22 13:49:53.597 5787 5787 I MultiDex: Installing application
12-22 13:49:53.597 5787 5787 I MultiDex: VM has multidex support, MultiDex support library is disabled.
12-22 13:49:53.673 5787 5787 D NetworkSecurityConfig: No Network Security Config specified, using platform default
12-22 13:49:53.734 5787 5787 I FIAM.Headless: Starting InAppMessaging runtime with Instance ID dyc0VKHD1lY
12-22 13:49:53.749 5787 5787 W Settings: Setting airplane_mode_on has moved from android.provider.Settings.System to android.provider.Settings.Global, returning read-only value.
12-22 13:49:53.789 5787 5787 D FirebaseApp: com.google.firebase.auth.FirebaseAuth is not linked. Skipping initialization.
12-22 13:49:53.789 5787 5787 D FirebaseApp: com.google.firebase.crash.FirebaseCrash is not linked. Skipping initialization.
12-22 13:49:53.790 5787 5787 I FirebaseInitProvider: FirebaseApp initialization successful
12-22 13:49:53.806 3296 3306 I zygote : Background concurrent copying GC freed 62178(3MB) AllocSpace objects, 19(956KB) LOS objects, 49% free, 9MB/19MB, paused 922us total 167.030ms
12-22 13:49:53.818 3296 3304 W WindowManager: cleaning up leaked reference: keyguard
12-22 13:49:53.840 5787 5825 D vndksupport: Loading /vendor/lib/egl/libGLES_mali.so from current namespace instead of sphal namespace.
12-22 13:49:53.856 5787 5787 D y : Get boolean:license_accepted true
12-22 13:49:53.860 3296 4845 I ActivityManager: START u0 {cmp=com.dailyroads.v.pro/com.dailyroads.activities.IntroActivity} from uid 10086
12-22 13:49:53.869 5787 5825 D libEGL : loaded /vendor/lib/egl/libGLES_mali.so
12-22 13:49:53.892 3296 3346 W WindowManager: Token{16d4fa4 ActivityRecord{a379e37 u0 com.dailyroads.v.pro/com.dailyroads.activities.IntroActivity t207}} failed creating starting window
12-22 13:49:53.892 3296 3346 W WindowManager: android.view.InflateException: Binary XML file line #32: Failed to resolve attribute at index 1: TypedValue{t=0x2/d=0x101005a a=-1}
12-22 13:49:53.892 3296 3346 W WindowManager: Caused by: java.lang.UnsupportedOperationException: Failed to resolve attribute at index 1: TypedValue{t=0x2/d=0x101005a a=-1}
12-22 13:49:53.892 3296 3346 W WindowManager: at android.content.res.TypedArray.getLayoutDimension(TypedArray.java:771)
12-22 13:49:53.892 3296 3346 W WindowManager: at android.view.ViewGroup$LayoutParams.setBaseAttributes(ViewGroup.java:7555)
12-22 13:49:53.892 3296 3346 W WindowManager: at android.view.ViewGroup$MarginLayoutParams.(ViewGroup.java:7746)
12-22 13:49:53.892 3296 3346 W WindowManager: at android.widget.LinearLayout$LayoutParams.(LinearLayout.java:1976)
12-22 13:49:53.892 3296 3346 W WindowManager: at android.widget.LinearLayout.generateLayoutParams(LinearLayout.java:1874)
12-22 13:49:53.892 3296 3346 W WindowManager: at android.widget.LinearLayout.generateLayoutParams(LinearLayout.java:1872)
12-22 13:49:53.892 3296 3346 W WindowManager: at android.view.LayoutInflater.rInflate(LayoutInflater.java:865)
12-22 13:49:53.892 3296 3346 W WindowManager: at android.view.LayoutInflater.rInflateChildren(LayoutInflater.java:824)
12-22 13:49:53.892 3296 3346 W WindowManager: at android.view.LayoutInflater.inflate(LayoutInflater.java:515)
12-22 13:49:53.892 3296 3346 W WindowManager: at android.view.LayoutInflater.inflate(LayoutInflater.java:423)
12-22 13:49:53.892 3296 3346 W WindowManager: at android.view.LayoutInflater.inflate(LayoutInflater.java:374)
12-22 13:49:53.892 3296 3346 W WindowManager: at com.android.internal.policy.DecorView.onResourcesLoaded(DecorView.java:1933)
12-22 13:49:53.892 3296 3346 W WindowManager: at com.android.internal.policy.PhoneWindow.generateLayout(PhoneWindow.java:2586)
12-22 13:49:53.892 3296 3346 W WindowManager: at com.android.internal.policy.PhoneWindow.installDecor(PhoneWindow.java:2659)
12-22 13:49:53.892 3296 3346 W WindowManager: at com.android.internal.policy.PhoneWindow.getDecorView(PhoneWindow.java:2067)
12-22 13:49:53.892 3296 3346 W WindowManager: at com.android.server.policy.PhoneWindowManager.addSplashScreen(PhoneWindowManager.java:3393)
12-22 13:49:53.892 3296 3346 W WindowManager: at com.android.server.wm.SplashScreenStartingData.createStartingSurface(SplashScreenStartingData.java:55)
12-22 13:49:53.892 3296 3346 W WindowManager: at com.android.server.wm.AppWindowContainerController.lambda$-com_android_server_wm_AppWindowContainerController_4735(AppWindowContainerController.java:145)
12-22 13:49:53.892 3296 3346 W WindowManager: at com.android.server.wm.-$Lambda$aEpJ2RCAIjecjyIIYTv6ricEwh4.$m$4(Unknown Source:4)
12-22 13:49:53.892 3296 3346 W WindowManager: at com.android.server.wm.-$Lambda$aEpJ2RCAIjecjyIIYTv6ricEwh4.run(Unknown Source:27)
12-22 13:49:53.892 3296 3346 W WindowManager: at android.os.Handler.handleCallback(Handler.java:790)
12-22 13:49:53.892 3296 3346 W WindowManager: at android.os.Handler.dispatchMessage(Handler.java:99)
12-22 13:49:53.892 3296 3346 W WindowManager: at android.os.Looper.loop(Looper.java:164)
12-22 13:49:53.892 3296 3346 W WindowManager: at android.os.HandlerThread.run(HandlerThread.java:65)
12-22 13:49:53.892 3296 3346 W WindowManager: at com.android.server.ServiceThread.run(ServiceThread.java:46)
12-22 13:49:53.971 5787 5803 I FA : App measurement is starting up, version: 14710
12-22 13:49:53.971 5787 5803 I FA : To enable debug logging run: adb shell setprop log.tag.FA VERBOSE
12-22 13:49:53.972 5787 5803 I FA : To enable faster debug mode event logging run:
12-22 13:49:53.972 5787 5803 I FA : adb shell setprop debug.firebase.analytics.app com.dailyroads.v.pro
12-22 13:49:54.046 5787 5787 I FIAM.Headless: Setting display event listener
12-22 13:49:54.065 5787 5787 I FIAM.Headless: went foreground
12-22 13:49:54.068 5787 5803 I FA : Tag Manager is not found and thus will not be used
12-22 13:49:54.069 5787 5810 I FIAM.Headless: Forcing fetch from service rather than cache. Test Device: false | App Fresh Install: true
12-22 13:49:54.071 5787 5810 W FIAM.Headless: Recoverable exception while reading cache: /data/user/0/com.dailyroads.v.pro/files/fiam_impressions_store_file (No such file or directory)
12-22 13:49:54.072 3296 3828 I ActivityManager: START u0 {cmp=com.dailyroads.v.pro/com.dailyroads.activities.Voyager} from uid 10086
12-22 13:49:54.074 5787 5810 I FIAM.Headless: Fetching campaigns from service.
12-22 13:49:54.112 3296 3346 W WindowManager: Token{8f15d4b ActivityRecord{9884e1a u0 com.dailyroads.v.pro/com.dailyroads.activities.Voyager t207}} failed creating starting window
12-22 13:49:54.112 3296 3346 W WindowManager: android.view.InflateException: Binary XML file line #32: Failed to resolve attribute at index 1: TypedValue{t=0x2/d=0x101005a a=-1}
12-22 13:49:54.112 3296 3346 W WindowManager: Caused by: java.lang.UnsupportedOperationException: Failed to resolve attribute at index 1: TypedValue{t=0x2/d=0x101005a a=-1}
12-22 13:49:54.112 3296 3346 W WindowManager: at android.content.res.TypedArray.getLayoutDimension(TypedArray.java:771)
12-22 13:49:54.112 3296 3346 W WindowManager: at android.view.ViewGroup$LayoutParams.setBaseAttributes(ViewGroup.java:7555)
12-22 13:49:54.112 3296 3346 W WindowManager: at android.view.ViewGroup$MarginLayoutParams.(ViewGroup.java:7746)
12-22 13:49:54.112 3296 3346 W WindowManager: at android.widget.LinearLayout$LayoutParams.(LinearLayout.java:1976)
12-22 13:49:54.112 3296 3346 W WindowManager: at android.widget.LinearLayout.generateLayoutParams(LinearLayout.java:1874)
12-22 13:49:54.112 3296 3346 W WindowManager: at android.widget.LinearLayout.generateLayoutParams(LinearLayout.java:1872)
12-22 13:49:54.112 3296 3346 W WindowManager: at android.view.LayoutInflater.rInflate(LayoutInflater.java:865)
12-22 13:49:54.112 3296 3346 W WindowManager: at android.view.LayoutInflater.rInflateChildren(LayoutInflater.java:824)
12-22 13:49:54.112 3296 3346 W WindowManager: at android.view.LayoutInflater.inflate(LayoutInflater.java:515)
12-22 13:49:54.112 3296 3346 W WindowManager: at android.view.LayoutInflater.inflate(LayoutInflater.java:423)
12-22 13:49:54.112 3296 3346 W WindowManager: at android.view.LayoutInflater.inflate(LayoutInflater.java:374)
12-22 13:49:54.112 3296 3346 W WindowManager: at com.android.internal.policy.DecorView.onResourcesLoaded(DecorView.java:1933)
12-22 13:49:54.112 3296 3346 W WindowManager: at com.android.internal.policy.PhoneWindow.generateLayout(PhoneWindow.java:2586)
12-22 13:49:54.112 3296 3346 W WindowManager: at com.android.internal.policy.PhoneWindow.installDecor(PhoneWindow.java:2659)
12-22 13:49:54.112 3296 3346 W WindowManager: at com.android.internal.policy.PhoneWindow.getDecorView(PhoneWindow.java:2067)
12-22 13:49:54.112 3296 3346 W WindowManager: at com.android.server.policy.PhoneWindowManager.addSplashScreen(PhoneWindowManager.java:3393)
12-22 13:49:54.112 3296 3346 W WindowManager: at com.android.server.wm.SplashScreenStartingData.createStartingSurface(SplashScreenStartingData.java:55)
12-22 13:49:54.112 3296 3346 W WindowManager: at com.android.server.wm.AppWindowContainerController.lambda$-com_android_server_wm_AppWindowContainerController_4735(AppWindowContainerController.java:145)
12-22 13:49:54.112 3296 3346 W WindowManager: at com.android.server.wm.-$Lambda$aEpJ2RCAIjecjyIIYTv6ricEwh4.$m$4(Unknown Source:4)
12-22 13:49:54.112 3296 3346 W WindowManager: at com.android.server.wm.-$Lambda$aEpJ2RCAIjecjyIIYTv6ricEwh4.run(Unknown Source:27)
12-22 13:49:54.112 3296 3346 W WindowManager: at android.os.Handler.handleCallback(Handler.java:790)
12-22 13:49:54.112 3296 3346 W WindowManager: at android.os.Handler.dispatchMessage(Handler.java:99)
12-22 13:49:54.112 3296 3346 W WindowManager: at android.os.Looper.loop(Looper.java:164)
12-22 13:49:54.112 3296 3346 W WindowManager: at android.os.HandlerThread.run(HandlerThread.java:65)
12-22 13:49:54.112 3296 3346 W WindowManager: at com.android.server.ServiceThread.run(ServiceThread.java:46)
12-22 13:49:54.154 5787 5787 I FIAM.Headless: Removing display event listener
12-22 13:49:54.208 3190 3647 D Camera_Factory: CameraFactory::get_camera_info
12-22 13:49:54.208 3190 3647 D Camera_Factory: CameraFactory::getCameraInfo: id = 0, info = 0xb0305520
12-22 13:49:54.208 3190 3647 D Camera_Factory: CameraFactory::getCameraNum: 1
12-22 13:49:54.208 3190 3647 D CameraHardware: CameraHardware::getCameraInfo
12-22 13:49:54.231 5787 5787 I AppCompatViewInflater: app:theme is now deprecated. Please move to using android:theme instead.
12-22 13:49:54.305 5787 5787 I DRV : 20201222134954: ===========================================================================
12-22 13:49:54.307 5787 5787 I DRV : 20201222134954: onCreate
12-22 13:49:54.314 5787 5787 I DRV : 20201222134954: register sensors
12-22 13:49:54.318 5787 5787 I DRV : 20201222134954: accelerometer not available
12-22 13:49:54.320 5787 5787 I DRV : 20201222134954: magnetic sensor not available
12-22 13:49:54.327 5787 5787 I DRV : 20201222134954: capture sound initial volume: 3
12-22 13:49:54.336 5787 5787 D IabHelper: IAB helper created.
12-22 13:49:54.336 5787 5787 D IabHelper: Starting in-app billing setup.
12-22 13:49:54.372 5787 5787 I FIAM.Headless: Setting display event listener
12-22 13:49:54.380 5787 5787 I DRV : 20201222134954: handleOrientation: auto -> full sensor
12-22 13:49:54.386 5787 5787 I DRV : 20201222134954: screenRotation: 0, false, true
12-22 13:49:54.391 5787 5787 I DRV : 20201222134954: onResume 0, auto
12-22 13:49:54.400 5787 5787 I DRV : 20201222134954: camera mode: sunny
12-22 13:49:54.401 5787 5787 I DRV : 20201222134954: capture sound volume: -1, true
12-22 13:49:54.419 5787 5787 I DRV : 20201222134954: total photos/videos: 0/2
12-22 13:49:54.438 5787 5836 D OpenGLRenderer: HWUI GL Pipeline
12-22 13:49:54.448 5787 5810 W FIAM.Headless: Service fetch error: PERMISSION_DENIED: Firebase In-App Messaging API has not been used in project 812702045943 before or it is disabled. Enable it by visiting https://console.developers.google.com/apis/api/firebaseinappmessaging.googleapis.com/overview?project=812702045943 then retry. If you enabled this API recently, wait a few minutes for the action to propagate to our systems and retry.
12-22 13:49:54.461 5787 5787 D IabHelper: Billing service connected.
12-22 13:49:54.461 5787 5787 D IabHelper: Checking for in-app billing 3 support.
12-22 13:49:54.464 4660 5217 I Finsky : [191] irv.a(13): com.dailyroads.v.pro: Account determined from installer data - [ajWkppanizvR6bTSz4OYc5PdexDyVqJkeekeYs-JLLg]
12-22 13:49:54.466 4660 5217 I Finsky : [191] irv.a(55): Billing preferred account via installer for com.dailyroads.v.pro: [ajWkppanizvR6bTSz4OYc5PdexDyVqJkeekeYs-JLLg]
12-22 13:49:54.469 5787 5787 D IabHelper: In-app billing version 3 supported for com.dailyroads.v.pro
12-22 13:49:54.471 4660 4673 I Finsky : [128] irv.a(13): com.dailyroads.v.pro: Account determined from installer data - [ajWkppanizvR6bTSz4OYc5PdexDyVqJkeekeYs-JLLg]
12-22 13:49:54.474 4660 4673 I Finsky : [128] irv.a(55): Billing preferred account via installer for com.dailyroads.v.pro: [ajWkppanizvR6bTSz4OYc5PdexDyVqJkeekeYs-JLLg]
12-22 13:49:54.481 5787 5787 D IabHelper: Subscriptions AVAILABLE.
12-22 13:49:54.481 5787 5787 D IabHelper: Starting async operation: refresh inventory
12-22 13:49:54.483 5787 5838 D IabHelper: Querying owned items, item type: inapp
12-22 13:49:54.483 5787 5838 D IabHelper: Package name: com.dailyroads.v.pro
12-22 13:49:54.484 5787 5838 D IabHelper: Calling getPurchases with continuation token: null
12-22 13:49:54.488 4660 5217 I Finsky : [191] irv.a(13): com.dailyroads.v.pro: Account determined from installer data - [ajWkppanizvR6bTSz4OYc5PdexDyVqJkeekeYs-JLLg]
12-22 13:49:54.492 4660 5217 I Finsky : [191] irv.a(55): Billing preferred account via installer for com.dailyroads.v.pro: [ajWkppanizvR6bTSz4OYc5PdexDyVqJkeekeYs-JLLg]
12-22 13:49:54.509 5787 5838 D IabHelper: Owned items response: 0
12-22 13:49:54.509 5787 5838 D IabHelper: Continuation token: null
12-22 13:49:54.509 5787 5838 D IabHelper: Querying SKU details.
12-22 13:49:54.512 4660 5217 I Finsky : [191] irv.a(13): com.dailyroads.v.pro: Account determined from installer data - [ajWkppanizvR6bTSz4OYc5PdexDyVqJkeekeYs-JLLg]
12-22 13:49:54.514 4660 5217 I Finsky : [191] irv.a(55): Billing preferred account via installer for com.dailyroads.v.pro: [ajWkppanizvR6bTSz4OYc5PdexDyVqJkeekeYs-JLLg]
12-22 13:49:54.531 5787 5838 D IabHelper: Got sku details: SkuDetails:{"productId":"ovrl_100","type":"inapp","price":"£1.99","price_amount_micros":1990000,"price_currency_code":"GBP","title":"100 video conversion credits (DailyRoads Voyager Pro)","description":"100 video conversion credits","skuDetailsToken":"AEuhp4JU5SiKvk0dHHqzxudmXzOIBYmG0bbNOFCSObvjpPEIZZcWFk53iOnCO3gHk4A="}
12-22 13:49:54.531 5787 5838 D IabHelper: Got sku details: SkuDetails:{"productId":"ovrl_50","type":"inapp","price":"£1.49","price_amount_micros":1490000,"price_currency_code":"GBP","title":"50 video conversion credits (DailyRoads Voyager Pro)","description":"50 video conversion credits","skuDetailsToken":"AEuhp4IQZr-4Vrm-2BDhxFoRySFn71b0EVpK2YeL-B8UaoH5thhtcjkAFPsPwddRDV8="}
12-22 13:49:54.532 5787 5838 D IabHelper: Got sku details: SkuDetails:{"productId":"ovrl_month","type":"inapp","price":"£1.49","price_amount_micros":1490000,"price_currency_code":"GBP","title":"unlimited video credits for 30 days (DailyRoads Voyager Pro)","description":"unlimited number of video conversions for 30 days","skuDetailsToken":"AEuhp4L9p994EAH9tHcJCGXFQBnEASa4am8NmSI5ACbAK0DFc2HXNwINuJpHuq8ZoJE="}
12-22 13:49:54.532 5787 5838 D IabHelper: Querying owned items, item type: subs
12-22 13:49:54.532 5787 5838 D IabHelper: Package name: com.dailyroads.v.pro
12-22 13:49:54.532 5787 5838 D IabHelper: Calling getPurchases with continuation token: null
12-22 13:49:54.535 4660 5217 I Finsky : [191] irv.a(13): com.dailyroads.v.pro: Account determined from installer data - [ajWkppanizvR6bTSz4OYc5PdexDyVqJkeekeYs-JLLg]
12-22 13:49:54.537 4660 5217 I Finsky : [191] irv.a(55): Billing preferred account via installer for com.dailyroads.v.pro: [ajWkppanizvR6bTSz4OYc5PdexDyVqJkeekeYs-JLLg]
12-22 13:49:54.540 5787 5838 D IabHelper: Owned items response: 0
12-22 13:49:54.540 5787 5838 D IabHelper: Continuation token: null
12-22 13:49:54.540 5787 5838 D IabHelper: Querying SKU details.
12-22 13:49:54.543 4660 5217 I Finsky : [191] irv.a(13): com.dailyroads.v.pro: Account determined from installer data - [ajWkppanizvR6bTSz4OYc5PdexDyVqJkeekeYs-JLLg]
12-22 13:49:54.545 4660 5217 I Finsky : [191] irv.a(55): Billing preferred account via installer for com.dailyroads.v.pro: [ajWkppanizvR6bTSz4OYc5PdexDyVqJkeekeYs-JLLg]
12-22 13:49:54.560 5787 5838 D IabHelper: Ending async operation: refresh inventory
12-22 13:49:54.572 5787 5836 I : PLATFORM VERSION : JB-MR-2
12-22 13:49:54.572 5787 5836 D vndksupport: Loading /vendor/lib/hw/gralloc.exynos5.so from current namespace instead of sphal namespace.
12-22 13:49:54.575 5787 5787 I DRV : 20201222134954: surfaceCreated 0, auto
12-22 13:49:54.578 5787 5787 I DRV : 20201222134954: releaseCamera
12-22 13:49:54.582 5787 5836 I com.dailyroads.v.pro: android::hardware::configstore::V1_0::ISurfaceFlingerConfigs::hasWideColorDisplay retrieved: 0
12-22 13:49:54.582 5787 5836 I OpenGLRenderer: Initialized EGL, version 1.4
12-22 13:49:54.583 5787 5836 D OpenGLRenderer: Swap behavior 1
12-22 13:49:54.583 5787 5787 I DRV : 20201222134954: acquiring wakelock
12-22 13:49:54.629 5787 5836 D vndksupport: Loading /vendor/lib/hw/android.hardware.graphics.mapper@2.0-impl.so from current namespace instead of sphal namespace.
12-22 13:49:54.630 5787 5836 D vndksupport: Loading /vendor/lib/hw/gralloc.exynos5.so from current namespace instead of sphal namespace.
12-22 13:49:54.631 5787 5787 I DRV : 20201222134954: GPS: trying to bind to service...
12-22 13:49:54.640 5787 5787 I DRV : 20201222134954: GPS: bind finished
12-22 13:49:54.645 5787 5787 I DRV : 20201222134954: dpiScale: 1.16
12-22 13:49:54.647 5787 5787 I DRV : 20201222134954: video HQ res/codec/format: 176x144/H.264 (AVC)/mp4
12-22 13:49:54.650 5787 5787 I DRV : 20201222134954: reinitialize: null
12-22 13:49:54.656 5787 5787 I DRV : 20201222134954: automatic start: false, false, false
12-22 13:49:54.660 5787 5787 I DRV : 20201222134954: initializeCamera false
12-22 13:49:54.662 5787 5787 I DRV : 20201222134954: surfHolder OK
12-22 13:49:54.664 5787 5787 I DRV : 20201222134954: waiting for surfaceChanged...
12-22 13:49:54.666 5787 5787 I DRV : 20201222134954: surfaceChanged 0, auto (1280x636)
12-22 13:49:54.668 5787 5787 I DRV : 20201222134954: setting initial preview size
12-22 13:49:54.670 5787 5787 I DRV : 20201222134954: reinitialize: null
12-22 13:49:54.673 5787 5787 I DRV : 20201222134954: initializeCamera false
12-22 13:49:54.676 5787 5787 I DRV : 20201222134954: surfHolder OK
12-22 13:49:54.679 5787 5787 I DRV : 20201222134954: openCamera 0
12-22 13:49:54.682 3190 3647 I CameraService: CameraService::connect call (PID -1 "com.dailyroads.v.pro", camera ID 0) for HAL version default and Camera API version 1
12-22 13:49:54.685 3190 3647 D Camera_Factory: CameraFactory::get_camera_info
12-22 13:49:54.685 3190 3647 D Camera_Factory: CameraFactory::getCameraInfo: id = 0, info = 0xb03053d8
12-22 13:49:54.685 3190 3647 D Camera_Factory: CameraFactory::getCameraNum: 1
12-22 13:49:54.685 3190 3647 D CameraHardware: CameraHardware::getCameraInfo
12-22 13:49:54.686 3190 3647 D NuPlayerDriver: NuPlayerDriver(0xb2627770) created, clientPid(5787)
12-22 13:49:54.705 3190 5853 D NuPlayerDriver: notifyListener_l(0xb2627770), (1, 0, 0, -1), loop setting(0, 0)
12-22 13:49:54.706 3190 3647 D NuPlayerDriver: NuPlayerDriver(0xb26277e0) created, clientPid(5787)
12-22 13:49:54.724 3190 5855 D NuPlayerDriver: notifyListener_l(0xb26277e0), (1, 0, 0, -1), loop setting(0, 0)
12-22 13:49:54.725 3190 3647 D NuPlayerDriver: NuPlayerDriver(0xb26274d0) created, clientPid(5787)
12-22 13:49:54.739 3190 5857 D NuPlayerDriver: notifyListener_l(0xb26274d0), (1, 0, 0, -1), loop setting(0, 0)
12-22 13:49:54.748 3190 3647 I CameraHardwareInterface: Opening camera 0
12-22 13:49:54.748 3190 3647 I CamDev@1.0-impl: Opening camera 0
12-22 13:49:54.748 3190 3647 D Camera_Factory: CameraFactory::get_camera_info
12-22 13:49:54.748 3190 3647 D Camera_Factory: CameraFactory::getCameraInfo: id = 0, info = 0xb03053bc
12-22 13:49:54.748 3190 3647 D Camera_Factory: CameraFactory::getCameraNum: 1
12-22 13:49:54.748 3190 3647 D CameraHardware: CameraHardware::getCameraInfo
12-22 13:49:54.748 3190 3647 D Camera_Factory: CameraFactory::device_open: name = 0
12-22 13:49:54.748 3190 3647 D Camera_Factory: CameraFactory::cameraDeviceOpen: id = 0
12-22 13:49:54.748 3190 3647 D Camera_Factory: CameraFactory::getCameraNum: 1
12-22 13:49:54.748 3190 3647 D CameraHardware: CameraHardware::connectCamera
12-22 13:49:54.748 3190 3647 D CameraHardware: CameraHardware::setCallbacks
12-22 13:49:54.748 3190 3647 D CameraHardware: CameraHardware::enableMsgType: 3085
12-22 13:49:54.749 3190 3647 D CameraHardware: CameraHardware::getParameters
12-22 13:49:54.749 3190 3647 D CameraHardware: CameraHardware::putParameters
12-22 13:49:54.751 3190 3649 D Camera_Factory: CameraFactory::get_camera_info
12-22 13:49:54.751 3190 3649 D Camera_Factory: CameraFactory::getCameraInfo: id = 0, info = 0xb010b520
12-22 13:49:54.751 3190 3649 D Camera_Factory: CameraFactory::getCameraNum: 1
12-22 13:49:54.751 3190 3649 D CameraHardware: CameraHardware::getCameraInfo
12-22 13:49:54.754 3190 3649 D CameraHardware: CameraHardware::getParameters
12-22 13:49:54.754 3190 3649 D CameraHardware: CameraHardware::putParameters
12-22 13:49:54.756 5787 5787 I DRV : 20201222134954: zoom 0
12-22 13:49:54.759 3190 3649 D CameraHardware: CameraHardware::setParameters
12-22 13:49:54.760 3190 3649 D CameraHardware: Trivially accept it. No changes detected
12-22 13:49:54.762 5787 5787 I DRV : 20201222134954: camera parameters: antibanding=auto;antibanding-values=auto;effect=none;effect-values=none;exposure-compensation=6;exposure-compensation-step=0.5;flash-mode=off;flash-mode-values=off;focal-length=4;focus-mode=fixed;focus-mode-values=fixed;horizontal-view-angle=90;jpeg-quality=90;jpeg-thumbnail-size-values=640x480,0x0;max-video-continuous-zoom=0;max-zoom=100;picture-format=jpeg;picture-format-values=jpeg;picture-size=1280x720;picture-size-values=176x144,240x160,320x200,320x240,352x288,432x320,480x320,640x360,640x480,800x600,960x720,1280x720;preferred-preview-size-for-video=640x480;preview-format=yuv422sp;preview-format-values=yuv422i-yuyv,yuv422sp,yuv420sp,yuv420p;preview-fps-range-values=(5,5),(10,10),(15,15),(25,25),(30,30),(31,31),(60,60);preview-frame-rate=60;preview-frame-rate-values=5,10,15,25,30,31,60;preview-size=800x600;preview-size-values=176x144,240x160,320x200,320x240,352x288,432x320,480x320,640x360,640x480,800x600,960x720,1280x720;recording-hint=false;rotation=0;rotation-values=0;scene-mode=auto;scene-mode-values=auto;smooth-zoom-supported=false;vertical-view-angle=90;video-frame-format=yuv420p;video-size=640x360;video-size-values=176x144,240x160,320x200,320x240,352x288,432x320,480x320,640x360,640x480,800x600,960x720,1280x720;whitebalance=auto;whitebalance-values=auto;zoom-ratios=100;zoom-supported=false;zoom=0
12-22 13:49:54.764 5787 5787 I DRV : 20201222134954: determinePreviewSize
12-22 13:49:54.769 5787 5787 I DRV : 20201222134954: supported preview sizes: 176x144, 240x160, 320x200, 320x240, 352x288, 432x320, 480x320, 640x360, 640x480, 800x600, 960x720, 1280x720
12-22 13:49:54.772 5787 5787 I DRV : 20201222134954: getOptimalPreviewSize: 1280x636, 2.01
12-22 13:49:54.778 5787 5787 I DRV : 20201222134954: previewSizes: 176x144 (1.22), 240x160 (1.5), 320x200 (1.6), 320x240 (1.33), 352x288 (1.22), 432x320 (1.35), 480x320 (1.5), 640x360 (1.78), 640x480 (1.33), 800x600 (1.33), 960x720 (1.33), 1280x720 (1.78)
12-22 13:49:54.781 5787 5787 I DRV : 20201222134954: getOptimalPreviewSize: no preview size matches the aspect ratio
12-22 13:49:54.785 5787 5787 I DRV : 20201222134954: getOptimalPreviewSize: 800x600
12-22 13:49:54.788 3190 3649 D Camera_Factory: CameraFactory::get_camera_info
12-22 13:49:54.788 3190 3649 D Camera_Factory: CameraFactory::getCameraInfo: id = 0, info = 0xb010b520
12-22 13:49:54.788 3190 3649 D Camera_Factory: CameraFactory::getCameraNum: 1
12-22 13:49:54.788 3190 3649 D CameraHardware: CameraHardware::getCameraInfo
12-22 13:49:54.790 5787 5787 I DRV : 20201222134954: camera 0 back getOrientationDegrees: 0, 0, 0
12-22 13:49:54.801 5787 5787 I DRV : 20201222134954: setPhotoCameraParams: true
12-22 13:49:54.804 5787 5787 I DRV : 20201222134954: camera previewSize (800x600)
12-22 13:49:54.805 5787 5787 I DRV : 20201222134954: camera pictureSize (1280x720)
12-22 13:49:54.807 5787 5787 I DRV : 20201222134954: setCommonCameraParams: true
12-22 13:49:54.816 5787 5787 I DRV : 20201222134954: setCommonCameraParams sunny: scene=no, white_balance=no, exposure_compensation=no, antibanding=no
12-22 13:49:54.818 5787 5787 I DRV : 20201222134954: initializeCamera setParameters
12-22 13:49:54.820 3190 3649 D CameraHardware: CameraHardware::setParameters
12-22 13:49:54.821 3190 3649 D CameraHardware: Trivially accept it. No changes detected
12-22 13:49:54.822 5787 5787 I DRV : 20201222134954: starting preview
12-22 13:49:54.824 3190 3649 D CameraHardware: CameraHardware::isPreviewEnabled: 0
12-22 13:49:54.825 3190 3647 D CameraHardware: CameraHardware::isPreviewEnabled: 0
12-22 13:49:54.825 3190 3647 I CameraHardwareInterface: Destroying camera 0
12-22 13:49:54.826 3190 3647 D CameraHardware: CameraHardware::setPreviewWindow: preview_stream_ops: 0xb2639104
12-22 13:49:54.826 3190 3647 D CameraHardware: CameraHardware::startPreview
12-22 13:49:54.826 3190 3647 D CameraHardware: CameraHardware::startPreviewLocked
12-22 13:49:54.826 3190 3647 D CameraHardware: CameraHardware::startPreviewLocked: Open, 800x600
12-22 13:49:54.900 3190 3647 D V4L2Camera: V4L2Camera::EnumFrameFormats
12-22 13:49:54.900 3190 3647 D V4L2Camera: { pixelformat = 'YUYV', description = 'YUV 4:2:2 (YUYV)' }
12-22 13:49:54.900 3190 3647 D V4L2Camera: V4L2Camera::EnumFrameSizes: pixfmt: 0x56595559
12-22 13:49:54.900 3190 3647 D V4L2Camera: { discrete: width = 1280, height = 720 }
12-22 13:49:54.900 3190 3647 D V4L2Camera: V4L2Camera::EnumFrameIntervals: pixfmt: 0x56595559, w:1280, h:720
12-22 13:49:54.900 3190 3647 D V4L2Camera: Time interval between frame:
12-22 13:49:54.900 3190 3647 D V4L2Camera: 1/10
12-22 13:49:54.900 3190 3647 D V4L2Camera: 1/5
12-22 13:49:54.900 3190 3647 D V4L2Camera: { discrete: width = 960, height = 720 }
12-22 13:49:54.900 3190 3647 D V4L2Camera: V4L2Camera::EnumFrameIntervals: pixfmt: 0x56595559, w:960, h:720
12-22 13:49:54.900 3190 3647 D V4L2Camera: Time interval between frame:
12-22 13:49:54.900 3190 3647 D V4L2Camera: 1/10
12-22 13:49:54.900 3190 3647 D V4L2Camera: 1/5
12-22 13:49:54.900 3190 3647 D V4L2Camera: { discrete: width = 800, height = 600 }
12-22 13:49:54.900 3190 3647 D V4L2Camera: V4L2Camera::EnumFrameIntervals: pixfmt: 0x56595559, w:800, h:600
12-22 13:49:54.900 3190 3647 D V4L2Camera: Time interval between frame:
12-22 13:49:54.900 3190 3647 D V4L2Camera: 1/15
12-22 13:49:54.900 3190 3647 D V4L2Camera: { discrete: width = 640, height = 360 }
12-22 13:49:54.900 3190 3647 D V4L2Camera: V4L2Camera::EnumFrameIntervals: pixfmt: 0x56595559, w:640, h:360
12-22 13:49:54.900 3190 3647 D V4L2Camera: Time interval between frame:
12-22 13:49:54.900 3190 3647 D V4L2Camera: 1/31
12-22 13:49:54.900 3190 3647 D V4L2Camera: { discrete: width = 640, height = 480 }
12-22 13:49:54.900 3190 3647 D V4L2Camera: V4L2Camera::EnumFrameIntervals: pixfmt: 0x56595559, w:640, h:480
12-22 13:49:54.901 3190 3647 D V4L2Camera: Time interval between frame:
12-22 13:49:54.901 3190 3647 D V4L2Camera: 1/30
12-22 13:49:54.901 3190 3647 D V4L2Camera: 1/15
12-22 13:49:54.901 3190 3647 D V4L2Camera: { discrete: width = 352, height = 288 }
12-22 13:49:54.901 3190 3647 D V4L2Camera: V4L2Camera::EnumFrameIntervals: pixfmt: 0x56595559, w:352, h:288
12-22 13:49:54.901 3190 3647 D V4L2Camera: Time interval between frame:
12-22 13:49:54.901 3190 3647 D V4L2Camera: 1/30
12-22 13:49:54.901 3190 3647 D V4L2Camera: 1/15
12-22 13:49:54.901 3190 3647 D V4L2Camera: { discrete: width = 320, height = 240 }
12-22 13:49:54.901 3190 3647 D V4L2Camera: V4L2Camera::EnumFrameIntervals: pixfmt: 0x56595559, w:320, h:240
12-22 13:49:54.901 3190 3647 D V4L2Camera: Time interval between frame:
12-22 13:49:54.901 3190 3647 D V4L2Camera: 1/30
12-22 13:49:54.901 3190 3647 D V4L2Camera: 1/15
12-22 13:49:54.901 3190 3647 D V4L2Camera: { pixelformat = 'MJPG', description = 'MJPEG' }
12-22 13:49:54.901 3190 3647 D V4L2Camera: V4L2Camera::EnumFrameSizes: pixfmt: 0x47504a4d
12-22 13:49:54.901 3190 3647 D V4L2Camera: { discrete: width = 1280, height = 720 }
12-22 13:49:54.901 3190 3647 D V4L2Camera: V4L2Camera::EnumFrameIntervals: pixfmt: 0x47504a4d, w:1280, h:720
12-22 13:49:54.901 3190 3647 D V4L2Camera: Time interval between frame:
12-22 13:49:54.901 3190 3647 D V4L2Camera: 1/30
12-22 13:49:54.901 3190 3647 D V4L2Camera: 1/25
12-22 13:49:54.901 3190 3647 D V4L2Camera: 1/15
12-22 13:49:54.901 3190 3647 D V4L2Camera: { discrete: width = 960, height = 720 }
12-22 13:49:54.901 3190 3647 D V4L2Camera: V4L2Camera::EnumFrameIntervals: pixfmt: 0x47504a4d, w:960, h:720
12-22 13:49:54.901 3190 3647 D V4L2Camera: Time interval between frame:
12-22 13:49:54.901 3190 3647 D V4L2Camera: 1/30
12-22 13:49:54.901 3190 3647 D V4L2Camera: 1/25
12-22 13:49:54.901 3190 3647 D V4L2Camera: 1/15
12-22 13:49:54.901 3190 3647 D V4L2Camera: { discrete: width = 800, height = 600 }
12-22 13:49:54.901 3190 3647 D V4L2Camera: V4L2Camera::EnumFrameIntervals: pixfmt: 0x47504a4d, w:800, h:600
12-22 13:49:54.901 3190 3647 D V4L2Camera: Time interval between frame:
12-22 13:49:54.901 3190 3647 D V4L2Camera: 1/30
12-22 13:49:54.901 3190 3647 D V4L2Camera: { discrete: width = 640, height = 360 }
12-22 13:49:54.901 3190 3647 D V4L2Camera: V4L2Camera::EnumFrameIntervals: pixfmt: 0x47504a4d, w:640, h:360
12-22 13:49:54.901 3190 3647 D V4L2Camera: Time interval between frame:
12-22 13:49:54.901 3190 3647 D V4L2Camera: 1/60
12-22 13:49:54.901 3190 3647 D V4L2Camera: { discrete: width = 640, height = 480 }
12-22 13:49:54.901 3190 3647 D V4L2Camera: V4L2Camera::EnumFrameIntervals: pixfmt: 0x47504a4d, w:640, h:480
12-22 13:49:54.901 3190 3647 D V4L2Camera: Time interval between frame:
12-22 13:49:54.901 3190 3647 D V4L2Camera: 1/30
12-22 13:49:54.901 3190 3647 D V4L2Camera: 1/15
12-22 13:49:54.901 3190 3647 D V4L2Camera: { discrete: width = 352, height = 288 }
12-22 13:49:54.901 3190 3647 D V4L2Camera: V4L2Camera::EnumFrameIntervals: pixfmt: 0x47504a4d, w:352, h:288
12-22 13:49:54.901 3190 3647 D V4L2Camera: Time interval between frame:
12-22 13:49:54.901 3190 3647 D V4L2Camera: 1/30
12-22 13:49:54.901 3190 3647 D V4L2Camera: 1/15
12-22 13:49:54.901 3190 3647 D V4L2Camera: { discrete: width = 320, height = 240 }
12-22 13:49:54.901 3190 3647 D V4L2Camera: V4L2Camera::EnumFrameIntervals: pixfmt: 0x47504a4d, w:320, h:240
12-22 13:49:54.901 3190 3647 D V4L2Camera: Time interval between frame:
12-22 13:49:54.901 3190 3647 D V4L2Camera: 1/30
12-22 13:49:54.902 3190 3647 D V4L2Camera: 1/15
12-22 13:49:54.902 3190 3647 D CameraHardware: CameraHardware::startPreviewLocked: Init
12-22 13:49:54.902 3190 3647 D V4L2Camera: V4L2Camera::Init
12-22 13:49:54.902 3190 3647 D V4L2Camera: Trying format: (800 x 600), Fps: 15 [difArea:0, difFps:45, cDifArea:-1, cDifFps:-1]
12-22 13:49:54.902 3190 3647 D V4L2Camera: Trying format: (800 x 600), Fps: 30 [difArea:0, difFps:30, cDifArea:0, cDifFps:45]
12-22 13:49:54.902 3190 3647 D V4L2Camera: Trying format: (960 x 720), Fps: 5 [difArea:211200, difFps:55, cDifArea:0, cDifFps:30]
12-22 13:49:54.902 3190 3647 D V4L2Camera: Trying format: (960 x 720), Fps: 10 [difArea:211200, difFps:50, cDifArea:0, cDifFps:30]
12-22 13:49:54.902 3190 3647 D V4L2Camera: Trying format: (960 x 720), Fps: 15 [difArea:211200, difFps:45, cDifArea:0, cDifFps:30]
12-22 13:49:54.902 3190 3647 D V4L2Camera: Trying format: (960 x 720), Fps: 25 [difArea:211200, difFps:35, cDifArea:0, cDifFps:30]
12-22 13:49:54.902 3190 3647 D V4L2Camera: Trying format: (960 x 720), Fps: 30 [difArea:211200, difFps:30, cDifArea:0, cDifFps:30]
12-22 13:49:54.902 3190 3647 D V4L2Camera: Trying format: (1280 x 720), Fps: 5 [difArea:441600, difFps:55, cDifArea:0, cDifFps:30]
12-22 13:49:54.902 3190 3647 D V4L2Camera: Trying format: (1280 x 720), Fps: 10 [difArea:441600, difFps:50, cDifArea:0, cDifFps:30]
12-22 13:49:54.902 3190 3647 D V4L2Camera: Trying format: (1280 x 720), Fps: 15 [difArea:441600, difFps:45, cDifArea:0, cDifFps:30]
12-22 13:49:54.902 3190 3647 D V4L2Camera: Trying format: (1280 x 720), Fps: 25 [difArea:441600, difFps:35, cDifArea:0, cDifFps:30]
12-22 13:49:54.902 3190 3647 D V4L2Camera: Trying format: (1280 x 720), Fps: 30 [difArea:441600, difFps:30, cDifArea:0, cDifFps:30]
12-22 13:49:54.902 3190 3647 D V4L2Camera: Selected format: (800 x 600), Fps: 30
12-22 13:49:55.012 3190 3647 I V4L2Camera: Cropping from origin: 0x0 - size: 800x600 (offset:0)
12-22 13:49:55.068 3190 3647 I V4L2Camera: Actual format: (800 x 600), Fps: 15, pixfmt: 'YUYV', bytesperline: 1600
12-22 13:49:55.081 3190 3647 D CameraHardware: CameraHardware::startPreviewLocked: effective size: 800x600
12-22 13:49:55.081 3190 3647 D CameraHardware: CameraHardware::initHeapLocked
12-22 13:49:55.081 3190 3647 D CameraHardware: CameraHardware::initHeapLocked: preview size=800x600
12-22 13:49:55.081 3190 3647 D CameraHardware: CameraHardware::initHeapLocked: picture size=1280x720
12-22 13:49:55.081 3190 3647 D CameraHardware: CameraHardware::initHeapLocked: video size=640x360
12-22 13:49:55.081 3190 3647 D CameraHardware: CameraHardware::initHeapLocked: OK
12-22 13:49:55.081 3190 3647 D CameraHardware: CameraHardware::startPreviewLocked: StartStreaming
12-22 13:49:55.126 3190 3647 D CameraHardware: CameraHardware::setPreviewWindow - Negotiating preview format
12-22 13:49:55.126 3190 3647 D CameraHardware: CameraHardware::NegotiatePreviewFormat
12-22 13:49:55.126 3190 3647 D CameraHardware: Trying to set preview window geometry to 800x600
12-22 13:49:55.126 3190 3647 D CameraHardware: CameraHardware::startPreviewLocked: starting PreviewThread
12-22 13:49:55.127 3190 3647 D CameraHardware: CameraHardware::startPreviewLocked: O - this:0x0xb2672000
12-22 13:49:55.128 5787 5787 I Choreographer: Skipped 38 frames! The application may be doing too much work on its main thread.
12-22 13:49:55.183 4660 4700 D PaySecureElementClient: Felica app not found; returning isSecureElementAvailable = false!
12-22 13:49:55.231 4660 5674 I Finsky : [203] igo.run(29): Skipping a request to /bulkAcquire since cache has all the records.
12-22 13:49:55.243 3296 3321 I ActivityManager: Displayed com.dailyroads.v.pro/com.dailyroads.activities.Voyager: +1s65ms (total +1s788ms)
12-22 13:49:55.288 5787 5787 I DRV : 20201222134955: GPS: onCreate, true
12-22 13:49:55.295 5787 5787 I DRV : 20201222134955: GPS: mGpsListener registered
12-22 13:49:55.305 5787 5787 I DRV : 20201222134955: GPS: onStartCommand
12-22 13:49:55.307 5787 5787 I DRV : 20201222134955: GPS: onBind
12-22 13:49:55.352 5787 5787 I DRV : 20201222134955: GPS: service connected
12-22 13:49:55.374 5787 5787 I DRV : 20201222134955: GPS: onConnected
12-22 13:49:55.376 5787 5787 I DRV : 20201222134955: GPS: startPeriodicUpdates
12-22 13:49:55.390 3761 4215 W GCoreFlp: No location to return for getLastLocation()
12-22 13:49:55.424 3761 4215 W GCoreFlp: No location to return for getLastLocation()
12-22 13:49:55.478 3296 3828 I GnssLocationProvider: WakeLock acquired by sendMessage(SET_REQUEST, 0, com.android.server.location.GnssLocationProvider$GpsRequest@a593615)
12-22 13:49:55.487 3296 3312 I GnssLocationProvider: WakeLock released by handleMessage(SET_REQUEST, 0, com.android.server.location.GnssLocationProvider$GpsRequest@a593615)
12-22 13:50:10.560 5787 5787 I DRV : 20201222135010: videoTurnOn: true
12-22 13:50:10.564 5787 5787 I DRV : 20201222135010: sending broadcast: com.dailyroads.status.VIDEO_ON
12-22 13:50:10.566 3072 3869 D audio_hw_primary: found out /dev/snd/pcmC0D1p
12-22 13:50:10.574 5787 5787 I DRV : 20201222135010: startVideoCapture: 1
12-22 13:50:10.574 3183 3249 D AudioFlinger: mixer(0xad083580) throttle end: throttle time(24)
12-22 13:50:10.578 5787 5787 I DRV : 20201222135010: startVideoCapture inVideo: false
12-22 13:50:10.581 5787 5787 I DRV : 20201222135010: initializeVideo
12-22 13:50:10.582 5787 5787 I DRV : 20201222135010: initialize MediaRecorder
12-22 13:50:10.588 5787 5787 I DRV : 20201222135010: initializeVideoQuality
12-22 13:50:10.590 5787 5787 I DRV : 20201222135010: initializeVideo stopPreview
12-22 13:50:10.591 3190 3647 D CameraHardware: CameraHardware::disableMsgType: 16
12-22 13:50:10.624 3183 3249 D AudioFlinger: mixer(0xad083580) throttle end: throttle time(19)
12-22 13:50:10.636 3190 3647 D CameraHardware: CameraHardware::stopPreview
12-22 13:50:10.636 3190 3647 D CameraHardware: CameraHardware::stopPreviewLocked
12-22 13:50:10.636 3190 3647 D CameraHardware: CameraHardware::stopPreviewLocked: stopping PreviewThread
12-22 13:50:10.653 3190 3647 D CameraHardware: CameraHardware::stopPreviewLocked: Uninit
12-22 13:50:10.823 3190 3647 D CameraHardware: CameraHardware::stopPreviewLocked: StopStreaming
12-22 13:50:10.902 3190 3647 D CameraHardware: CameraHardware::stopPreviewLocked: Close
12-22 13:50:10.908 3190 3647 D CameraHardware: CameraHardware::stopPreviewLocked: OK
12-22 13:50:10.909 3190 3649 D Camera_Factory: CameraFactory::get_camera_info
12-22 13:50:10.909 3190 3649 D Camera_Factory: CameraFactory::getCameraInfo: id = 0, info = 0xb010b520
12-22 13:50:10.909 3190 3649 D Camera_Factory: CameraFactory::getCameraNum: 1
12-22 13:50:10.909 3190 3649 D CameraHardware: CameraHardware::getCameraInfo
12-22 13:50:10.911 5787 5787 I DRV : 20201222135010: camera 0 back getOrientationDegrees: 0, 0, 0
12-22 13:50:10.912 3190 3649 D CameraHardware: CameraHardware::getParameters
12-22 13:50:10.913 3190 3649 D CameraHardware: CameraHardware::putParameters
12-22 13:50:10.914 5787 5787 I DRV : 20201222135010: setVideoCameraParams: true, false
12-22 13:50:10.915 5787 5787 I DRV : 20201222135010: initializeVideo setPreviewSize res: 640x480
12-22 13:50:10.918 5787 5787 I DRV : 20201222135010: initializeVideo setPreviewFpsRange: 60, 60
12-22 13:50:10.920 5787 5787 I DRV : 20201222135010: initializeVideo setFocusMode: cont
12-22 13:50:10.921 5787 5787 I DRV : 20201222135010: setCommonCameraParams: true
12-22 13:50:10.923 5787 5787 I DRV : 20201222135010: setCommonCameraParams sunny: scene=no, white_balance=no, exposure_compensation=no, antibanding=no
12-22 13:50:10.924 5787 5787 I DRV : 20201222135010: initializeVideo flash off
12-22 13:50:10.925 5787 5787 I DRV : 20201222135010: initializeVideo setParameters
12-22 13:50:10.927 3190 3649 D CameraHardware: CameraHardware::setParameters
12-22 13:50:10.928 3190 3649 D CameraHardware: CameraHardware::setParameters: PREVIEW: Size 640x480, 60 fps, format: yuv422sp
12-22 13:50:10.928 3190 3649 D CameraHardware: CameraHardware::setParameters: PICTURE: Size 1280x720, format: jpeg
12-22 13:50:10.928 3190 3649 D CameraHardware: CameraHardware::setParameters: VIDEO: Size 640x360, format: yuv420p
12-22 13:50:10.928 3190 3649 D CameraHardware: CameraHardware::initHeapLocked
12-22 13:50:10.928 3190 3649 D CameraHardware: CameraHardware::initHeapLocked: preview size=640x480
12-22 13:50:10.928 3190 3649 D CameraHardware: CameraHardware::initHeapLocked: picture size=1280x720
12-22 13:50:10.928 3190 3649 D CameraHardware: CameraHardware::initHeapLocked: video size=640x360
12-22 13:50:10.928 3190 3649 E CameraHardwareInterface: unregisterMemory: memory pool ID 19 not found
12-22 13:50:10.929 3083 3083 W /system/bin/hw/android.hidl.allocator@1.0-service: ashmem_create_region(614400) returning hidl_memory(0xabf988a0, 614400)
12-22 13:50:10.929 3190 3649 D CameraHardware: CameraHardware::initHeapLocked: Raw preview heap allocated
12-22 13:50:10.929 3190 3649 E CameraHardwareInterface: unregisterMemory: memory pool ID 23 not found
12-22 13:50:10.930 3083 3083 W /system/bin/hw/android.hidl.allocator@1.0-service: ashmem_create_region(1843200) returning hidl_memory(0xabf988a0, 1843200)
12-22 13:50:10.930 3190 3649 D CameraHardware: CameraHardware::initHeapLocked: preview heap allocated
12-22 13:50:10.930 3190 3649 D CameraHardware: CameraHardware::initHeapLocked: OK
12-22 13:50:10.930 3190 3649 D CameraHardware: CameraHardware::setParameters: OK
12-22 13:50:10.931 5787 5787 I DRV : 20201222135010: camera unlock
12-22 13:50:10.932 3190 3649 D CameraHardware: CameraHardware::isRecordingEnabled: 0
