01-01 01:00:24.021 3296 3296 W ContextImpl: Calling a method in the system process without a qualified user: android.app.ContextImpl.startService:1476 com.android.server.content.SyncManager$13.run:722 android.os.Handler.handleCallback:790 android.os.Handler.dispatchMessage:99 android.os.Looper.loop:164
01-01 01:00:24.028 3296 3296 D ZenLog : set_zen_mode: off,cleanUpZenRules
01-01 01:00:24.058 3458 3458 D SystemUIBootTiming: StartServicesRecents took to complete: 153ms
01-01 01:00:24.127 3296 3296 V WiredAccessoryManager: init()
01-01 01:00:24.129 3296 3296 V WiredAccessoryManager: newName=hdmi newState=16 headsetState=16 prev headsetState=0
01-01 01:00:24.135 3082 3082 E android.hardware.wifi@1.0-service: Failed to unload WiFi driver
01-01 01:00:24.135 3082 3082 E android.hardware.wifi@1.0-service: Failed to deinitialize firmware mode controller
01-01 01:00:24.136 3082 3082 E android.hardware.wifi@1.0-service: Wifi HAL stop failed
01-01 01:00:24.234 3296 3296 V NotificationListeners: enabling notification listener for 0: ComponentInfo{org.lineageos.trebuchet/com.android.launcher3.notification.NotificationListener}
01-01 01:00:24.235 3296 3296 V NotificationListeners: binding: Intent { act=android.service.notification.NotificationListenerService cmp=org.lineageos.trebuchet/com.android.launcher3.notification.NotificationListener (has extras) }
01-01 01:00:24.236 3296 3296 W ActivityManager: Unable to start service Intent { act=android.service.notification.NotificationListenerService cmp=org.lineageos.trebuchet/com.android.launcher3.notification.NotificationListener } U=0: not found
01-01 01:00:24.236 3296 3296 W NotificationListeners: Unable to bind notification listener service: Intent { act=android.service.notification.NotificationListenerService cmp=org.lineageos.trebuchet/com.android.launcher3.notification.NotificationListener (has extras) }
01-01 01:00:24.272 3296 3346 W LocalDisplayAdapter: Unable to find color mode 0, ignoring request.
01-01 01:00:24.273 3296 3346 W LocalDisplayAdapter: Unable to find color mode 0, ignoring request.
01-01 01:00:24.280 3296 3313 W KeyguardServiceDelegate: onScreenTurningOn(): no keyguard service!
01-01 01:00:24.298 3296 3296 D ConditionProviders.SCP: onSubscribe condition://android/schedule?days=1.2.3.4.5&start=22.0&end=7.0&exitAtAlarm=false
01-01 01:00:24.299 3296 3296 D ConditionProviders.SCP: setRegistered true
01-01 01:00:24.300 3296 3296 D ConditionProviders.SCP: notifyCondition condition://android/schedule?days=1.2.3.4.5&start=22.0&end=7.0&exitAtAlarm=false STATE_TRUE reason=meetsSchedule
01-01 01:00:24.301 3296 3412 E ActivityThread: Failed to find provider info for com.android.calendar
01-01 01:00:24.301 3296 3412 E ActivityThread: Failed to find provider info for com.android.calendar
01-01 01:00:24.313 3296 3296 D ConditionProviders.SCP: Scheduling evaluate for Tue Jan 01 07:00:00 GMT+01:00 2013 (1357020000000), in +5h59m35s701ms, now=Tue Jan 01 01:00:24 GMT+01:00 2013 (1356998424299)
01-01 01:00:24.314 3296 3296 D ConditionProviders.SCP: onSubscribe condition://android/schedule?days=6.7&start=23.30&end=10.0&exitAtAlarm=false
01-01 01:00:24.314 3296 3296 D ConditionProviders.SCP: notifyCondition condition://android/schedule?days=6.7&start=23.30&end=10.0&exitAtAlarm=false STATE_FALSE reason=!meetsSchedule
01-01 01:00:24.315 3296 3296 D ConditionProviders.SCP: notifyCondition condition://android/schedule?days=1.2.3.4.5&start=22.0&end=7.0&exitAtAlarm=false STATE_TRUE reason=meetsSchedule
01-01 01:00:24.316 3296 3296 D ConditionProviders.SCP: Scheduling evaluate for Tue Jan 01 07:00:00 GMT+01:00 2013 (1357020000000), in +5h59m35s686ms, now=Tue Jan 01 01:00:24 GMT+01:00 2013 (1356998424314)
01-01 01:00:24.318 3296 3312 I SyncManager: Got SyncJobService instance.
01-01 01:00:24.322 3296 3296 E NotificationService: Muting recently noisy 0|android|4|null|1000
01-01 01:00:24.324 3296 3296 V WiredAccessoryManager: headsetName: connected
01-01 01:00:24.324 3458 3458 D SystemUIBootTiming: StartServicesVolumeUI took to complete: 265ms
01-01 01:00:24.326 3296 3296 D AutofillManagerService: Autofill restriction did not change for user 0: null
01-01 01:00:24.330 3296 3296 D ZenLog : config: conditionChanged,ZenModeConfig[user=0,allowCalls=true,allowRepeatCallers=false,allowMessages=false,allowCallsFrom=contacts,allowMessagesFrom=contacts,allowReminders=true,allowEvents=true,allowWhenScreenOff=true,allowWhenScreenOn=true,automaticRules={EVENTS_DEFAULT_RULE=ZenRule[enabled=false,snoozing=false,name=Event,zenMode=ZEN_MODE_ALARMS,conditionId=condition://android/event?userId=-10000&calendar=&reply=1,condition=Condition[id=condition://android/event?userId=-10000&calendar=&reply=1,summary=...,line1=...,line2=...,icon=0,state=STATE_FALSE,flags=2],component=ComponentInfo{android/com.android.server.notification.EventConditionProvider},id=EVENTS_DEFAULT_RULE,creationTime=1356998557557,enabler=null], SCHEDULED_DEFAULT_RULE_1=ZenRule[enabled=false,snoozing=false,name=Weeknight,zenMode=ZEN_MODE_ALARMS,conditionId=condition://android/schedule?days=1.2.3.4.5&start=22.0&end=7.0&exitAtAlarm=false,condition=Condition[id=condition://android/schedule?days=1.2.3.4.5&start=22.0&end=7.0&exitAtAlarm=false,summary=...,line1=...,line2=...,icon=0,state=STATE_TRUE,flags=2],component=ComponentInfo{android/com.android.server.notification.ScheduleConditionProvider},id=SCHEDULED_DEFAULT_RULE_1,creationTime=1356998557553,enabler=null], SCHEDULED_DEFAULT_RULE_2=ZenRule[enabled=false,snoozing=false,name=Weekend,zenMode=ZEN_MODE_ALARMS,conditionId=condition://android/schedule?days=6.7&start=23.30&end=10.0&exitAtAlarm=false,condition=Condition[id=condition://android/schedule?days=6.7&start=23.30&end=10.0&exitAtAlarm=false,summary=...,line1=...,line2=...,icon=0,state=STATE_FALSE,flags=2],component=ComponentInfo{android/com.android.server.notification.ScheduleConditionProvider},id=SCHEDULED_DEFAULT_RULE_2,creationTime=1356998557553,enabler=null]},manualRule=null],Diff[automaticRule[SCHEDULED_DEFAULT_RULE_1].condition:Condition[id=condition://android/schedule?days=1.2.3.4.5&start=22.0&end=7.0&exitAtAlarm=false,summary=...,line1=...,line2=...,icon=0,state=STATE_FALSE,flags=2]->Condition[id=condition://android/schedule?days=1.2.3.4.5&start=22.0&end=7.0&exitAtAlarm=false,summary=...,line1=...,line2=...,icon=0,state=STATE_TRUE,flags=2]]
01-01 01:00:24.354 3296 3296 D ZenLog : set_zen_mode: off,conditionChanged
01-01 01:00:24.358 3458 3458 D SystemUIBootTiming: StartServicesDivider took to complete: 34ms
01-01 01:00:24.440 3296 3592 W WallpaperManagerService: Cannot extract colors because wallpaper could not be read.
01-01 01:00:24.441 3296 3592 W WallpaperManagerService: Cannot extract colors because wallpaper could not be read.
01-01 01:00:24.453 3296 3592 I StatusBarManagerService: registerStatusBar bar=com.android.internal.statusbar.IStatusBar$Stub$Proxy@d1c6d49
01-01 01:00:24.623 3458 3458 I StatusBar: isKeyguardShowing() called before startKeyguard(), returning true
01-01 01:00:24.626 3458 3458 W StatusBar: isKeyguardSecure() called before startKeyguard(), returning false
01-01 01:00:24.626 3458 3458 W StatusBar: java.lang.Throwable
01-01 01:00:24.626 3458 3458 W StatusBar: at com.android.systemui.statusbar.phone.StatusBar.isKeyguardSecure(StatusBar.java:7933)
01-01 01:00:24.626 3458 3458 W StatusBar: at com.android.systemui.statusbar.phone.StatusBar.isCameraAllowedByAdmin(StatusBar.java:5799)
01-01 01:00:24.626 3458 3458 W StatusBar: at com.android.systemui.statusbar.phone.KeyguardBottomAreaView$DefaultRightButton.getIcon(KeyguardBottomAreaView.java:856)
01-01 01:00:24.626 3458 3458 W StatusBar: at com.android.systemui.statusbar.phone.KeyguardBottomAreaView.updateCameraVisibility(KeyguardBottomAreaView.java:382)
01-01 01:00:24.626 3458 3458 W StatusBar: at com.android.systemui.statusbar.phone.KeyguardBottomAreaView.setStatusBar(KeyguardBottomAreaView.java:351)
01-01 01:00:24.626 3458 3458 W StatusBar: at com.android.systemui.statusbar.phone.NotificationPanelView.setStatusBar(NotificationPanelView.java:278)
01-01 01:00:24.626 3458 3458 W StatusBar: at com.android.systemui.statusbar.phone.StatusBar.makeStatusBarView(StatusBar.java:1146)
01-01 01:00:24.626 3458 3458 W StatusBar: at com.android.systemui.statusbar.phone.StatusBar.addStatusBarWindow(StatusBar.java:3979)
01-01 01:00:24.626 3458 3458 W StatusBar: at com.android.systemui.statusbar.phone.StatusBar.createAndAddWindows(StatusBar.java:3975)
01-01 01:00:24.626 3458 3458 W StatusBar: at com.android.systemui.statusbar.phone.StatusBar.start(StatusBar.java:993)
01-01 01:00:24.626 3458 3458 W StatusBar: at com.android.systemui.SystemBars.createStatusBarFromConfig(SystemBars.java:71)
01-01 01:00:24.626 3458 3458 W StatusBar: at com.android.systemui.SystemBars.start(SystemBars.java:42)
01-01 01:00:24.626 3458 3458 W StatusBar: at com.android.systemui.SystemUIApplication.startServicesIfNeeded(SystemUIApplication.java:215)
01-01 01:00:24.626 3458 3458 W StatusBar: at com.android.systemui.SystemUIApplication.startServicesIfNeeded(SystemUIApplication.java:164)
01-01 01:00:24.626 3458 3458 W StatusBar: at com.android.systemui.keyguard.KeyguardService.onCreate(KeyguardService.java:48)
01-01 01:00:24.626 3458 3458 W StatusBar: at android.app.ActivityThread.handleCreateService(ActivityThread.java:3339)
01-01 01:00:24.626 3458 3458 W StatusBar: at android.app.ActivityThread.-wrap4(Unknown Source:0)
01-01 01:00:24.626 3458 3458 W StatusBar: at android.app.ActivityThread$H.handleMessage(ActivityThread.java:1677)
01-01 01:00:24.626 3458 3458 W StatusBar: at android.os.Handler.dispatchMessage(Handler.java:106)
01-01 01:00:24.626 3458 3458 W StatusBar: at android.os.Looper.loop(Looper.java:164)
01-01 01:00:24.626 3458 3458 W StatusBar: at android.app.ActivityThread.main(ActivityThread.java:6494)
01-01 01:00:24.626 3458 3458 W StatusBar: at java.lang.reflect.Method.invoke(Native Method)
01-01 01:00:24.626 3458 3458 W StatusBar: at com.android.internal.os.RuntimeInit$MethodAndArgsCaller.run(RuntimeInit.java:438)
01-01 01:00:24.626 3458 3458 W StatusBar: at com.android.internal.os.ZygoteInit.main(ZygoteInit.java:807)
01-01 01:00:24.703 3296 3429 D ConnectivityService: registerNetworkAgent NetworkAgentInfo{ ni{[type: Ethernet[], state: CONNECTED/CONNECTED, reason: (unspecified), extra: 00:1e:06:30:b5:06, failover: false, available: true, roaming: false]} network{100} nethandle{429513165534} lp{{InterfaceName: eth0 LinkAddresses: [fe80::21e:6ff:fe30:b506/64,192.168.1.16/24,] Routes: [fe80::/64 -> :: eth0,192.168.1.0/24 -> 0.0.0.0 eth0,0.0.0.0/0 -> 192.168.1.1 eth0,] DnsAddresses: [192.168.1.1,] Domains: localdomain MTU: 0 TcpBufferSizes: 524288,1048576,3145728,524288,1048576,2097152}} nc{[ Transports: ETHERNET Capabilities: INTERNET&NOT_RESTRICTED&TRUSTED&NOT_VPN LinkUpBandwidth>=100000Kbps LinkDnBandwidth>=100000Kbps]} Score{30} everValidated{false} lastValidated{false} created{false} lingering{false} explicitlySelected{false} acceptUnvalidated{false} everCaptivePortalDetected{false} lastCaptivePortalDetected{false} clat{null} }
01-01 01:00:24.705 3296 3406 D ConnectivityService: NetworkAgentInfo [Ethernet () - 100] EVENT_NETWORK_INFO_CHANGED, going from null to CONNECTED
01-01 01:00:24.708 3296 3406 D ConnectivityService: Adding iface eth0 to network 100
01-01 01:00:24.708 3458 3458 I StatusBar: isKeyguardShowing() called before startKeyguard(), returning true
01-01 01:00:24.709 3458 3458 W StatusBar: isKeyguardSecure() called before startKeyguard(), returning false
01-01 01:00:24.709 3458 3458 W StatusBar: java.lang.Throwable
01-01 01:00:24.709 3458 3458 W StatusBar: at com.android.systemui.statusbar.phone.StatusBar.isKeyguardSecure(StatusBar.java:7933)
01-01 01:00:24.709 3458 3458 W StatusBar: at com.android.systemui.statusbar.phone.StatusBar.isCameraAllowedByAdmin(StatusBar.java:5799)
01-01 01:00:24.709 3458 3458 W StatusBar: at com.android.systemui.statusbar.phone.KeyguardBottomAreaView$DefaultRightButton.getIcon(KeyguardBottomAreaView.java:856)
01-01 01:00:24.709 3458 3458 W StatusBar: at com.android.systemui.statusbar.phone.KeyguardBottomAreaView.updateCameraVisibility(KeyguardBottomAreaView.java:382)
01-01 01:00:24.709 3458 3458 W StatusBar: at com.android.systemui.statusbar.phone.KeyguardBottomAreaView.setUserSetupComplete(KeyguardBottomAreaView.java:360)
01-01 01:00:24.709 3458 3458 W StatusBar: at com.android.systemui.statusbar.phone.NotificationPanelView.setUserSetupComplete(NotificationPanelView.java:2706)
01-01 01:00:24.709 3458 3458 W StatusBar: at com.android.systemui.statusbar.phone.StatusBar.makeStatusBarView(StatusBar.java:1290)
01-01 01:00:24.709 3458 3458 W StatusBar: at com.android.systemui.statusbar.phone.StatusBar.addStatusBarWindow(StatusBar.java:3979)
01-01 01:00:24.709 3458 3458 W StatusBar: at com.android.systemui.statusbar.phone.StatusBar.createAndAddWindows(StatusBar.java:3975)
01-01 01:00:24.709 3458 3458 W StatusBar: at com.android.systemui.statusbar.phone.StatusBar.start(StatusBar.java:993)
01-01 01:00:24.709 3458 3458 W StatusBar: at com.android.systemui.SystemBars.createStatusBarFromConfig(SystemBars.java:71)
01-01 01:00:24.709 3458 3458 W StatusBar: at com.android.systemui.SystemBars.start(SystemBars.java:42)
01-01 01:00:24.709 3458 3458 W StatusBar: at com.android.systemui.SystemUIApplication.startServicesIfNeeded(SystemUIApplication.java:215)
01-01 01:00:24.709 3458 3458 W StatusBar: at com.android.systemui.SystemUIApplication.startServicesIfNeeded(SystemUIApplication.java:164)
01-01 01:00:24.709 3458 3458 W StatusBar: at com.android.systemui.keyguard.KeyguardService.onCreate(KeyguardService.java:48)
01-01 01:00:24.709 3458 3458 W StatusBar: at android.app.ActivityThread.handleCreateService(ActivityThread.java:3339)
01-01 01:00:24.709 3458 3458 W StatusBar: at android.app.ActivityThread.-wrap4(Unknown Source:0)
01-01 01:00:24.709 3458 3458 W StatusBar: at android.app.ActivityThread$H.handleMessage(ActivityThread.java:1677)
01-01 01:00:24.709 3458 3458 W StatusBar: at android.os.Handler.dispatchMessage(Handler.java:106)
01-01 01:00:24.709 3458 3458 W StatusBar: at android.os.Looper.loop(Looper.java:164)
01-01 01:00:24.709 3458 3458 W StatusBar: at android.app.ActivityThread.main(ActivityThread.java:6494)
01-01 01:00:24.709 3458 3458 W StatusBar: at java.lang.reflect.Method.invoke(Native Method)
01-01 01:00:24.709 3458 3458 W StatusBar: at com.android.internal.os.RuntimeInit$MethodAndArgsCaller.run(RuntimeInit.java:438)
01-01 01:00:24.709 3458 3458 W StatusBar: at com.android.internal.os.ZygoteInit.main(ZygoteInit.java:807)
01-01 01:00:24.719 3296 3406 D ConnectivityService: Setting DNS servers for network 100 to [/192.168.1.1]
01-01 01:00:24.745 3296 3406 D ConnectivityService: Switching to new default network: NetworkAgentInfo{ ni{[type: Ethernet[], state: CONNECTED/CONNECTED, reason: (unspecified), extra: 00:1e:06:30:b5:06, failover: false, available: true, roaming: false]} network{100} nethandle{429513165534} lp{{InterfaceName: eth0 LinkAddresses: [fe80::21e:6ff:fe30:b506/64,192.168.1.16/24,] Routes: [fe80::/64 -> :: eth0,192.168.1.0/24 -> 0.0.0.0 eth0,0.0.0.0/0 -> 192.168.1.1 eth0,] DnsAddresses: [192.168.1.1,] Domains: localdomain MTU: 0 TcpBufferSizes: 524288,1048576,3145728,524288,1048576,2097152}} nc{[ Transports: ETHERNET Capabilities: INTERNET&NOT_RESTRICTED&TRUSTED&NOT_VPN&FOREGROUND LinkUpBandwidth>=100000Kbps LinkDnBandwidth>=100000Kbps]} Score{30} everValidated{false} lastValidated{false} created{true} lingering{false} explicitlySelected{false} acceptUnvalidated{false} everCaptivePortalDetected{false} lastCaptivePortalDetected{false} clat{null} }
01-01 01:00:24.762 3296 3406 D ConnectivityService: Sending CONNECTED broadcast for type 9 NetworkAgentInfo [Ethernet () - 100] isDefaultNetwork=true
01-01 01:00:24.778 3296 3296 I SyncManager: Loaded persisted syncs: 3 periodic syncs, 0 oneshot syncs, 9 total system server jobs, JobStats: FirstLoad: 3/3/3 LastSave: -1/-1/-1
01-01 01:00:24.783 3458 3458 I StatusBar: isKeyguardShowing() called before startKeyguard(), returning true
01-01 01:00:24.784 3458 3458 W StatusBar: isKeyguardSecure() called before startKeyguard(), returning false
01-01 01:00:24.784 3458 3458 W StatusBar: java.lang.Throwable
01-01 01:00:24.784 3458 3458 W StatusBar: at com.android.systemui.statusbar.phone.StatusBar.isKeyguardSecure(StatusBar.java:7933)
01-01 01:00:24.784 3458 3458 W StatusBar: at com.android.systemui.statusbar.phone.StatusBar.isCameraAllowedByAdmin(StatusBar.java:5799)
01-01 01:00:24.784 3458 3458 W StatusBar: at com.android.systemui.statusbar.phone.KeyguardBottomAreaView$DefaultRightButton.getIcon(KeyguardBottomAreaView.java:856)
01-01 01:00:24.784 3458 3458 W StatusBar: at com.android.systemui.statusbar.phone.KeyguardBottomAreaView.updateCameraVisibility(KeyguardBottomAreaView.java:382)
01-01 01:00:24.784 3458 3458 W StatusBar: at com.android.systemui.statusbar.phone.KeyguardBottomAreaView.setUserSetupComplete(KeyguardBottomAreaView.java:360)
01-01 01:00:24.784 3458 3458 W StatusBar: at com.android.systemui.statusbar.phone.NotificationPanelView.setUserSetupComplete(NotificationPanelView.java:2706)
01-01 01:00:24.784 3458 3458 W StatusBar: at com.android.systemui.statusbar.phone.StatusBar$2.onUserSetupChanged(StatusBar.java:613)
01-01 01:00:24.784 3458 3458 W StatusBar: at com.android.systemui.statusbar.policy.DeviceProvisionedControllerImpl.addCallback(DeviceProvisionedControllerImpl.java:69)
01-01 01:00:24.784 3458 3458 W StatusBar: at com.android.systemui.statusbar.policy.DeviceProvisionedControllerImpl.addCallback(DeviceProvisionedControllerImpl.java:63)
01-01 01:00:24.784 3458 3458 W StatusBar: at com.android.systemui.statusbar.phone.StatusBar.makeStatusBarView(StatusBar.java:1381)
01-01 01:00:24.784 3458 3458 W StatusBar: at com.android.systemui.statusbar.phone.StatusBar.addStatusBarWindow(StatusBar.java:3979)
01-01 01:00:24.784 3458 3458 W StatusBar: at com.android.systemui.statusbar.phone.StatusBar.createAndAddWindows(StatusBar.java:3975)
01-01 01:00:24.784 3458 3458 W StatusBar: at com.android.systemui.statusbar.phone.StatusBar.start(StatusBar.java:993)
01-01 01:00:24.784 3458 3458 W StatusBar: at com.android.systemui.SystemBars.createStatusBarFromConfig(SystemBars.java:71)
01-01 01:00:24.784 3458 3458 W StatusBar: at com.android.systemui.SystemBars.start(SystemBars.java:42)
01-01 01:00:24.784 3458 3458 W StatusBar: at com.android.systemui.SystemUIApplication.startServicesIfNeeded(SystemUIApplication.java:215)
01-01 01:00:24.784 3458 3458 W StatusBar: at com.android.systemui.SystemUIApplication.startServicesIfNeeded(SystemUIApplication.java:164)
01-01 01:00:24.784 3458 3458 W StatusBar: at com.android.systemui.keyguard.KeyguardService.onCreate(KeyguardService.java:48)
01-01 01:00:24.784 3458 3458 W StatusBar: at android.app.ActivityThread.handleCreateService(ActivityThread.java:3339)
01-01 01:00:24.784 3458 3458 W StatusBar: at android.app.ActivityThread.-wrap4(Unknown Source:0)
01-01 01:00:24.784 3458 3458 W StatusBar: at android.app.ActivityThread$H.handleMessage(ActivityThread.java:1677)
01-01 01:00:24.784 3458 3458 W StatusBar: at android.os.Handler.dispatchMessage(Handler.java:106)
01-01 01:00:24.784 3458 3458 W StatusBar: at android.os.Looper.loop(Looper.java:164)
01-01 01:00:24.784 3458 3458 W StatusBar: at android.app.ActivityThread.main(ActivityThread.java:6494)
01-01 01:00:24.784 3458 3458 W StatusBar: at java.lang.reflect.Method.invoke(Native Method)
01-01 01:00:24.784 3458 3458 W StatusBar: at com.android.internal.os.RuntimeInit$MethodAndArgsCaller.run(RuntimeInit.java:438)
01-01 01:00:24.784 3458 3458 W StatusBar: at com.android.internal.os.ZygoteInit.main(ZygoteInit.java:807)
12-22 13:46:52.314 3296 3296 I JobSchedulerService: RTC now valid; recalculating persisted job windows
12-22 13:46:52.345 3296 3313 I ActivityManager: Start proc 3711:com.android.deskclock/u0a42 for broadcast com.android.deskclock/.AlarmInitReceiver
12-22 13:46:52.347 3296 3296 D ConditionProviders.SCP: onReceive android.intent.action.TIME_SET
12-22 13:46:52.353 3296 3296 D ConditionProviders.SCP: notifyCondition condition://android/schedule?days=6.7&start=23.30&end=10.0&exitAtAlarm=false STATE_FALSE reason=!meetsSchedule
12-22 13:46:52.354 3296 3296 D ConditionProviders.SCP: notifyCondition condition://android/schedule?days=1.2.3.4.5&start=22.0&end=7.0&exitAtAlarm=false STATE_FALSE reason=!meetsSchedule
12-22 13:46:52.357 3296 3296 D ConditionProviders.SCP: Scheduling evaluate for Tue Dec 22 22:00:00 GMT+01:00 2020 (1608670800000), in +8h13m7s653ms, now=Tue Dec 22 13:46:52 GMT+01:00 2020 (1608641212347)
12-22 13:46:52.363 3296 3296 D ConditionProviders.SCP: onReceive ScheduleConditionProvider.EVALUATE
12-22 13:46:52.364 3296 3296 D ConditionProviders.SCP: notifyCondition condition://android/schedule?days=6.7&start=23.30&end=10.0&exitAtAlarm=false STATE_FALSE reason=!meetsSchedule
12-22 13:46:52.365 3296 3296 D ConditionProviders.SCP: notifyCondition condition://android/schedule?days=1.2.3.4.5&start=22.0&end=7.0&exitAtAlarm=false STATE_FALSE reason=!meetsSchedule
12-22 13:46:52.368 3296 3412 E ActivityThread: Failed to find provider info for com.android.calendar
12-22 13:46:52.369 3296 3412 E ActivityThread: Failed to find provider info for com.android.calendar
12-22 13:46:52.370 3296 3296 D ConditionProviders.SCP: Scheduling evaluate for Tue Dec 22 22:00:00 GMT+01:00 2020 (1608670800000), in +8h13m7s637ms, now=Tue Dec 22 13:46:52 GMT+01:00 2020 (1608641212363)
12-22 13:46:52.400 3296 3296 D ZenLog : config: conditionChanged,ZenModeConfig[user=0,allowCalls=true,allowRepeatCallers=false,allowMessages=false,allowCallsFrom=contacts,allowMessagesFrom=contacts,allowReminders=true,allowEvents=true,allowWhenScreenOff=true,allowWhenScreenOn=true,automaticRules={EVENTS_DEFAULT_RULE=ZenRule[enabled=false,snoozing=false,name=Event,zenMode=ZEN_MODE_ALARMS,conditionId=condition://android/event?userId=-10000&calendar=&reply=1,condition=Condition[id=condition://android/event?userId=-10000&calendar=&reply=1,summary=...,line1=...,line2=...,icon=0,state=STATE_FALSE,flags=2],component=ComponentInfo{android/com.android.server.notification.EventConditionProvider},id=EVENTS_DEFAULT_RULE,creationTime=1356998557557,enabler=null], SCHEDULED_DEFAULT_RULE_1=ZenRule[enabled=false,snoozing=false,name=Weeknight,zenMode=ZEN_MODE_ALARMS,conditionId=condition://android/schedule?days=1.2.3.4.5&start=22.0&end=7.0&exitAtAlarm=false,condition=Condition[id=condition://android/schedule?days=1.2.3.4.5&start=22.0&end=7.0&exitAtAlarm=false,summary=...,line1=...,line2=...,icon=0,state=STATE_FALSE,flags=2],component=ComponentInfo{android/com.android.server.notification.ScheduleConditionProvider},id=SCHEDULED_DEFAULT_RULE_1,creationTime=1356998557553,enabler=null], SCHEDULED_DEFAULT_RULE_2=ZenRule[enabled=false,snoozing=false,name=Weekend,zenMode=ZEN_MODE_ALARMS,conditionId=condition://android/schedule?days=6.7&start=23.30&end=10.0&exitAtAlarm=false,condition=Condition[id=condition://android/schedule?days=6.7&start=23.30&end=10.0&exitAtAlarm=false,summary=...,line1=...,line2=...,icon=0,state=STATE_FALSE,flags=2],component=ComponentInfo{android/com.android.server.notification.ScheduleConditionProvider},id=SCHEDULED_DEFAULT_RULE_2,creationTime=1356998557553,enabler=null]},manualRule=null],Diff[automaticRule[SCHEDULED_DEFAULT_RULE_1].condition:Condition[id=condition://android/schedule?days=1.2.3.4.5&start=22.0&end=7.0&exitAtAlarm=false,summary=...,line1=...,line2=...,icon=0,state=STATE_TRUE,flags=2]->Condition[id=condition://android/schedule?days=1.2.3.4.5&start=22.0&end=7.0&exitAtAlarm=false,summary=...,line1=...,line2=...,icon=0,state=STATE_FALSE,flags=2]]
12-22 13:46:52.407 3296 3412 E ActivityThread: Failed to find provider info for com.android.calendar
12-22 13:46:52.409 3296 3412 E ActivityThread: Failed to find provider info for com.android.calendar
12-22 13:46:52.429 3296 3296 D ZenLog : set_zen_mode: off,conditionChanged
12-22 13:46:52.431 3458 3633 E ActivityThread: Failed to find provider info for com.android.contacts
12-22 13:46:52.432 3458 3458 D SystemUIBootTiming: StartServicesSystemBars took to complete: 634ms
12-22 13:46:52.447 3458 3458 D SystemUIBootTiming: StartServicesStorageNotification took to complete: 15ms
12-22 13:46:52.465 3296 3406 D ConnectivityService: NetworkAgentInfo [Ethernet () - 100] validation passed
12-22 13:46:52.484 3458 3458 D SystemUIBootTiming: StartServicesPowerUI took to complete: 37ms
12-22 13:46:52.485 3458 3458 D SystemUIBootTiming: StartServicesRingtonePlayer took to complete: 1ms
12-22 13:46:52.487 3458 3458 D SystemUIBootTiming: StartServicesKeyboardUI took to complete: 1ms
12-22 13:46:52.506 3458 3458 D SystemUIBootTiming: StartServicesPipUI took to complete: 20ms
12-22 13:46:52.509 3458 3458 D SystemUIBootTiming: StartServicesShortcutKeyDispatcher took to complete: 3ms
12-22 13:46:52.509 3458 3458 D SystemUIBootTiming: StartServicesVendorServices took to complete: 0ms
12-22 13:46:52.510 3458 3458 D SystemUIBootTiming: StartServicesService took to complete: 1ms
12-22 13:46:52.512 3458 3458 D SystemUIBootTiming: StartServicesLatencyTester took to complete: 1ms
12-22 13:46:52.513 3458 3458 D SystemUIBootTiming: StartServicesGlobalActionsComponent took to complete: 1ms
12-22 13:46:52.513 3458 3458 D SystemUIBootTiming: StartServicesRoundedCorners took to complete: 0ms
12-22 13:46:52.513 3458 3458 D SystemUIBootTiming: StartServices took to complete: 1536ms
12-22 13:46:52.520 3458 3636 E ActivityThread: Failed to find provider info for com.android.contacts
12-22 13:46:52.547 3296 3308 W LocalDisplayAdapter: Unable to find color mode 0, ignoring request.
12-22 13:46:52.547 3296 3308 W LocalDisplayAdapter: Unable to find color mode 0, ignoring request.
12-22 13:46:52.577 3296 3346 W LocalDisplayAdapter: Unable to find color mode 0, ignoring request.
12-22 13:46:52.577 3296 3346 W LocalDisplayAdapter: Unable to find color mode 0, ignoring request.
12-22 13:46:52.719 3296 3592 I ActivityManager: Start proc 3761:com.google.android.gms.persistent/u0a13 for broadcast com.google.android.gms/.chimera.GmsIntentOperationService$PersistentTrustedReceiver
12-22 13:46:52.930 3458 3634 E ActivityThread: Failed to find provider info for com.android.contacts
12-22 13:46:52.951 3458 3633 E ActivityThread: Failed to find provider info for com.android.contacts
12-22 13:46:53.066 3296 3397 D WifiService: New client listening to asynchronous messages
12-22 13:46:53.067 3296 3476 W LocalDisplayAdapter: Unable to find color mode 0, ignoring request.
12-22 13:46:53.067 3296 3476 W LocalDisplayAdapter: Unable to find color mode 0, ignoring request.
12-22 13:46:53.093 3296 3346 W LocalDisplayAdapter: Unable to find color mode 0, ignoring request.
12-22 13:46:53.093 3296 3346 W LocalDisplayAdapter: Unable to find color mode 0, ignoring request. --------- beginning of main
12-22 13:46:53.160 3182 3732 I OMXMaster: makeComponentInstance(OMX.google.vorbis.decoder) in android.hardwar process
12-22 13:46:53.193 3296 3474 V NuMediaExtractor: setDataSource fd=187 (/system/media/audio/ui/KeypressSpacebar.ogg), offset=0, length=5952
12-22 13:46:53.205 3296 3474 V NuMediaExtractor: track of type 'audio/vorbis' does not publish bitrate
12-22 13:46:53.215 3182 3216 I OMXMaster: makeComponentInstance(OMX.google.vorbis.decoder) in android.hardwar process
12-22 13:46:53.215 3458 3551 V NuMediaExtractor: setDataSource fd=39 (/system/media/audio/ui/Trusted.ogg), offset=0, length=5713
12-22 13:46:53.224 3458 3551 V NuMediaExtractor: track of type 'audio/vorbis' does not publish bitrate
12-22 13:46:53.235 3458 3458 D ClockController: onTuningChanged key=icon_blacklist value=rotate,headset
12-22 13:46:53.236 3182 3732 I OMXMaster: makeComponentInstance(OMX.google.vorbis.decoder) in android.hardwar process
12-22 13:46:53.238 3458 3458 D ClockController: onTuningChanged key=lineagesystem:status_bar_clock value=null
12-22 13:46:53.248 3458 3463 I zygote : Do partial code cache collection, code=24KB, data=29KB
12-22 13:46:53.262 3458 3463 I zygote : After code cache collection, code=24KB, data=29KB
12-22 13:46:53.262 3458 3463 I zygote : Increasing code cache capacity to 128KB
12-22 13:46:53.268 3296 3474 V NuMediaExtractor: setDataSource fd=189 (/system/media/audio/ui/KeypressDelete.ogg), offset=0, length=5832
12-22 13:46:53.291 3761 3761 E ActivityThread: Failed to find provider info for com.google.android.gsf.gservices
12-22 13:46:53.293 3296 3474 V NuMediaExtractor: track of type 'audio/vorbis' does not publish bitrate
12-22 13:46:53.297 3182 3182 I OMXMaster: makeComponentInstance(OMX.google.vorbis.decoder) in android.hardwar process
12-22 13:46:53.332 3296 3474 V NuMediaExtractor: setDataSource fd=191 (/system/media/audio/ui/KeypressReturn.ogg), offset=0, length=6246
12-22 13:46:53.372 3296 3474 V NuMediaExtractor: track of type 'audio/vorbis' does not publish bitrate
12-22 13:46:53.373 3761 3761 I chatty : uid=10013 com.google.android.gms.persistent identical 21 lines
12-22 13:46:53.374 3761 3761 E ActivityThread: Failed to find provider info for com.google.android.gsf.gservices
12-22 13:46:53.375 3182 3182 I OMXMaster: makeComponentInstance(OMX.google.vorbis.decoder) in android.hardwar process
12-22 13:46:53.403 3296 3321 W WindowManager: App freeze timeout expired.
12-22 13:46:53.419 3296 3474 V NuMediaExtractor: setDataSource fd=192 (/system/media/audio/ui/KeypressInvalid.ogg), offset=0, length=9847
12-22 13:46:53.429 3296 3474 V NuMediaExtractor: track of type 'audio/vorbis' does not publish bitrate
12-22 13:46:53.430 3761 3761 E ActivityThread: Failed to find provider info for com.google.android.gsf.gservices
12-22 13:46:53.433 3182 3182 I OMXMaster: makeComponentInstance(OMX.google.vorbis.decoder) in android.hardwar process
12-22 13:46:53.465 3761 3761 I chatty : uid=10013 com.google.android.gms.persistent expire 40 lines
12-22 13:46:53.470 3761 3761 I chatty : uid=10013 com.google.android.gms.persistent identical 4 lines
12-22 13:46:53.471 3761 3761 E ActivityThread: Failed to find provider info for com.google.android.gsf.gservices
12-22 13:46:53.486 3183 3183 D APM_AudioPolicyManager: setDeviceConnectionState() could not find HW module for device 00000400
12-22 13:46:53.486 3296 3414 E AudioService: not connecting device 0x400 due to command error 1
12-22 13:46:53.543 3761 3761 E ActivityThread: Failed to find provider info for com.google.android.gsf.gservices
12-22 13:46:53.587 3761 3761 I chatty : uid=10013 com.google.android.gms.persistent identical 23 lines
12-22 13:46:53.588 3761 3761 E ActivityThread: Failed to find provider info for com.google.android.gsf.gservices
12-22 13:46:53.593 3761 3849 E ActivityThread: Failed to find provider info for com.google.android.gsf.gservices
12-22 13:46:53.594 3761 3761 E ActivityThread: Failed to find provider info for com.google.android.gsf.gservices
12-22 13:46:53.595 3761 3849 E ActivityThread: Failed to find provider info for com.google.android.gsf.gservices
12-22 13:46:53.602 3761 3761 E ActivityThread: Failed to find provider info for com.google.android.gsf.gservices
12-22 13:46:53.740 3761 3761 I chatty : uid=10013 com.google.android.gms.persistent identical 32 lines
12-22 13:46:53.744 3761 3761 E ActivityThread: Failed to find provider info for com.google.android.gsf.gservices
12-22 13:46:53.752 3761 3858 E ActivityThread: Failed to find provider info for com.google.android.gsf.gservices
12-22 13:46:53.753 3458 3458 D StatusBar: disable
12-22 13:46:53.754 3458 3458 D StatusBar: disable
12-22 13:46:53.755 3761 3858 I chatty : uid=10013 com.google.android.gms.persistent identical 2 lines
12-22 13:46:53.757 3761 3858 E ActivityThread: Failed to find provider info for com.google.android.gsf.gservices
12-22 13:46:53.759 3183 3183 W AudioFlinger: createTrack_l(): mismatch between requested flags (00000004) and output flags (00000002)
12-22 13:46:53.766 3458 3532 W AudioTrack: AUDIO_OUTPUT_FLAG_FAST denied by server; frameCount 8329 -> 8329
12-22 13:46:53.767 3761 3761 E ActivityThread: Failed to find provider info for com.google.android.gsf.gservices
12-22 13:46:53.769 3072 3248 W DeviceHAL: Device 0xaf5a7000 set_voice_volume: Function not implemented
12-22 13:46:53.783 3458 3458 D StatusBar: disable
12-22 13:46:53.832 3761 3761 I chatty : uid=10013 com.google.android.gms.persistent identical 7 lines
12-22 13:46:53.833 3458 3463 I zygote : Do partial code cache collection, code=52KB, data=55KB
12-22 13:46:53.834 3458 3463 I zygote : After code cache collection, code=52KB, data=55KB
12-22 13:46:53.834 3458 3463 I zygote : Increasing code cache capacity to 256KB
12-22 13:46:53.847 3761 3761 E ActivityThread: Failed to find provider info for com.google.android.gsf.gservices
12-22 13:46:53.849 3296 3308 I ActivityManager: user 0 is still locked. Cannot load recents
12-22 13:46:53.853 3458 3458 I Choreographer: Skipped 75 frames! The application may be doing too much work on its main thread.
12-22 13:46:53.857 3761 3761 E ActivityThread: Failed to find provider info for com.google.android.gsf.gservices
12-22 13:46:53.942 3761 3761 I chatty : uid=10013 com.google.android.gms.persistent identical 13 lines
12-22 13:46:53.943 3761 3761 E ActivityThread: Failed to find provider info for com.google.android.gsf.gservices
12-22 13:46:53.946 3296 3308 W BroadcastQueue: Background execution not allowed: receiving Intent { act=android.intent.action.USER_PRESENT flg=0x24200010 } to com.google.android.gms/.chimera.GmsIntentOperationService$PersistentTrustedReceiver
12-22 13:46:53.963 3072 3869 D audio_hw_primary: found out /dev/snd/pcmC0D1p
12-22 13:46:53.966 3296 3313 W BroadcastQueue: Background execution not allowed: receiving Intent { act=android.intent.action.USER_PRESENT flg=0x24200010 } to com.google.android.gms/.chimera.GmsIntentOperationService$PersistentTrustedReceiver
12-22 13:46:53.971 3761 3761 E ActivityThread: Failed to find provider info for com.google.android.gsf.gservices
12-22 13:46:53.972 3761 3761 E ActivityThread: Failed to find provider info for com.google.android.gsf.gservices
12-22 13:46:53.977 3761 3870 E ActivityThread: Failed to find provider info for com.google.android.gsf.gservices
12-22 13:46:54.064 3183 3249 D AudioFlinger: mixer(0xad083580) throttle end: throttle time(24)
12-22 13:46:54.208 3296 3307 I ActivityManager: user 0 is still locked. Cannot load recents
12-22 13:46:54.405 3458 3458 D StatusBar: disable
12-22 13:46:54.414 3296 3312 I UsageStatsService: Time changed in UsageStats by 251642787 seconds
12-22 13:46:54.414 3296 3312 I UsageStatsService: User[0] Flushing usage stats to disk
12-22 13:46:54.439 3296 3312 I UsageStatsDatabase: Time changed by +2912d12h46m27s440ms. files deleted: 0 files moved: 4
12-22 13:46:54.449 3296 3312 I UsageStatsService: User[0] Rollover scheduled @ 2020-12-23 13:46:48(1608727608150)
12-22 13:46:54.472 3458 3458 I zygote : Deoptimizing void com.android.systemui.statusbar.ExpandableView.updateClipping() due to JIT inline cache
12-22 13:46:54.537 3458 3463 I zygote : Do full code cache collection, code=119KB, data=98KB
12-22 13:46:54.539 3458 3463 I zygote : After code cache collection, code=82KB, data=56KB
12-22 13:46:54.553 3458 3458 W StaticLayout: maxLineHeight should not be -1. maxLines:1 lineCount:1
12-22 13:46:54.588 3458 3458 I chatty : uid=10028(com.android.systemui) identical 4 lines
12-22 13:46:54.588 3458 3458 W StaticLayout: maxLineHeight should not be -1. maxLines:1 lineCount:1
12-22 13:46:55.264 3458 3458 I zygote : Deoptimizing void com.android.systemui.statusbar.stack.ViewState.applyToView(android.view.View) due to JIT inline cache
12-22 13:46:55.785 3761 3761 E ActivityThread: Failed to find provider info for com.google.android.gsf.gservices
12-22 13:46:55.786 3761 3761 E ActivityThread: Failed to find provider info for com.google.android.gsf.gservices
12-22 13:46:59.131 3296 3321 I WindowManager: ******* TELLING SURFACE FLINGER WE ARE BOOTED!
12-22 13:46:59.131 3104 3139 I SurfaceFlinger: Boot is finished (18203 ms)
12-22 13:46:59.136 3296 3321 I SystemServiceManager: Starting phase 1000
12-22 13:46:59.165 3296 3321 D ActivityManager: Finishing user boot 0
12-22 13:46:59.166 3296 3321 I ActivityManager: User 0 state changed from BOOTING to RUNNING_LOCKED
12-22 13:46:59.169 3296 3321 D StorageManagerService: Setting property: sys.user.0.ce_available=true
12-22 13:46:59.195 3296 3321 I ActivityManager: User 0 state changed from RUNNING_LOCKED to RUNNING_UNLOCKING
12-22 13:46:59.196 3296 3321 D CryptdConnector: SND -> {3 cryptfs prepare_user_storage ! 0 0 2}
12-22 13:46:59.197 3006 3010 D vold : e4crypt_prepare_user_storage for volume null, user 0, serial 0, flags 2
12-22 13:46:59.197 3006 3010 D vold : Preparing: /data/system_ce/0
12-22 13:46:59.197 3006 3010 D vold : Preparing: /data/misc_ce/0
12-22 13:46:59.197 3006 3010 D vold : Preparing: /data/media/0
12-22 13:46:59.197 3006 3010 D vold : Preparing: /data/data
12-22 13:46:59.198 3296 3392 D CryptdConnector: RCV <- {200 3 Command succeeded}
12-22 13:46:59.199 3296 3321 V UserDataPreparer: Found /data/user/0 with serial number 0
12-22 13:46:59.200 3296 3321 V UserDataPreparer: Found /data/system_ce/0 with serial number 0
12-22 13:46:59.201 3296 3321 V PackageManager: reconcileAppsData for null u0 0x2 migrateAppData=false
12-22 13:46:59.211 3878 3878 I bootstat: Service started: /system/bin/bootstat --record_boot_complete
12-22 13:46:59.212 3878 3878 E bootstat: Failed to read /data/misc/bootstat/post_decrypt_time_elapsed: No such file or directory
12-22 13:46:59.212 3878 3878 E bootstat: Failed to parse boot time record: /data/misc/bootstat/post_decrypt_time_elapsed
12-22 13:46:59.259 3879 3879 I bootstat: Service started: /system/bin/bootstat --record_boot_reason
12-22 13:46:59.261 3879 3879 I bootstat: Unknown boot reason:
12-22 13:46:59.308 3880 3880 I bootstat: Service started: /system/bin/bootstat --record_time_since_factory_reset
12-22 13:46:59.324 3185 3343 W cutils : Expected path /data/data/com.google.android.gms with mode 700 but found 711
12-22 13:46:59.355 3185 3185 W cutils : Expected path /data/data/com.google.android.syncadapters.calendar with mode 700 but found 751
12-22 13:46:59.356 3881 3881 I bootstat: Service started: /system/bin/bootstat -l
12-22 13:46:59.408 3296 3321 V PackageManager: reconcileAppsData finished 112 packages
12-22 13:46:59.408 3296 3296 W zygote : Long monitor contention with owner android.display (3321) at void com.android.server.am.ActivityManagerService.finishBooting()(ActivityManagerService.java:7439) waiters=0 in android.content.IIntentSender com.android.server.am.ActivityManagerService.getIntentSender(int, java.lang.String, android.os.IBinder, java.lang.String, int, android.content.Intent[], java.lang.String[], int, android.os.Bundle, int) for 249ms
12-22 13:46:59.408 3296 3321 D WindowManager: Sending cover change broadcast, mLidState=-1
12-22 13:46:59.409 3296 3313 W zygote : Long monitor contention with owner android.display (3321) at void com.android.server.am.ActivityManagerService.finishBooting()(ActivityManagerService.java:7439) waiters=1 in void com.android.server.am.BroadcastQueue.processNextBroadcast(boolean) for 241ms
12-22 13:46:59.410 3296 3313 I SystemServiceManager: Calling onUnlockUser u0
12-22 13:46:59.413 3296 3321 E ActivityManager: Sending non-protected broadcast lineageos.intent.action.LID_STATE_CHANGED from system 3296:system/1000 pkg android
12-22 13:46:59.413 3296 3321 E ActivityManager: java.lang.Throwable
12-22 13:46:59.413 3296 3321 E ActivityManager: at com.android.server.am.ActivityManagerService.checkBroadcastFromSystem(ActivityManagerService.java:19191)
12-22 13:46:59.413 3296 3321 E ActivityManager: at com.android.server.am.ActivityManagerService.broadcastIntentLocked(ActivityManagerService.java:19796)
12-22 13:46:59.413 3296 3321 E ActivityManager: at com.android.server.am.ActivityManagerService.broadcastIntent(ActivityManagerService.java:19938)
12-22 13:46:59.413 3296 3321 E ActivityManager: at android.app.ContextImpl.sendBroadcastAsUser(ContextImpl.java:1130)
12-22 13:46:59.413 3296 3321 E ActivityManager: at com.android.server.policy.PhoneWindowManager.sendLidChangeBroadcast(PhoneWindowManager.java:8388)
12-22 13:46:59.413 3296 3321 E ActivityManager: at com.android.server.policy.PhoneWindowManager.applyLidSwitchState(PhoneWindowManager.java:8380)
12-22 13:46:59.413 3296 3321 E ActivityManager: at com.android.server.policy.PhoneWindowManager.enableScreenAfterBoot(PhoneWindowManager.java:8365)
12-22 13:46:59.413 3296 3321 E ActivityManager: at com.android.server.wm.WindowManagerService.performEnableScreen(WindowManagerService.java:3578)
12-22 13:46:59.413 3296 3321 E ActivityManager: at com.android.server.wm.WindowManagerService.-wrap6(Unknown Source:0)
12-22 13:46:59.413 3296 3321 E ActivityManager: at com.android.server.wm.WindowManagerService$H.handleMessage(WindowManagerService.java:5297)
12-22 13:46:59.413 3296 3321 E ActivityManager: at android.os.Handler.dispatchMessage(Handler.java:106)
12-22 13:46:59.413 3296 3321 E ActivityManager: at android.os.Looper.loop(Looper.java:164)
12-22 13:46:59.413 3296 3321 E ActivityManager: at android.os.HandlerThread.run(HandlerThread.java:65)
12-22 13:46:59.413 3296 3321 E ActivityManager: at com.android.server.ServiceThread.run(ServiceThread.java:46)
12-22 13:46:59.414 3296 3313 D StorageManagerService: onUnlockUser 0
12-22 13:46:59.414 3296 3313 D VoldConnector: SND -> {8 volume user_started 0}
12-22 13:46:59.416 3006 3009 D vold : Linking /storage/emulated/0 to /mnt/user/0/primary
12-22 13:46:59.416 3296 3391 D VoldConnector: RCV <- {200 8 Command succeeded}
12-22 13:46:59.417 3296 3390 D StorageManagerService: Volume public:179_1 broadcasting mounted to UserHandle{0}
12-22 13:46:59.426 3296 3398 W WifiConfigManager: Ignore user unlock until store is read!
12-22 13:46:59.428 3296 3313 I BackupManagerService: Instantiating BackupManagerService
12-22 13:46:59.429 3296 3390 D StorageManagerService: Volume public:179_25 broadcasting mounted to UserHandle{0}
12-22 13:46:59.432 3296 3398 I WifiConfigManager: Handling user unlock before loading from store.
12-22 13:46:59.432 3296 3390 D StorageManagerService: Volume emulated broadcasting mounted to UserHandle{0}
12-22 13:46:59.438 3296 3398 D WifiConfigStore: Reading from stores completed in 5 ms.
12-22 13:46:59.440 3711 3711 I AlarmClock: AlarmInitReceiver android.intent.action.LOCKED_BOOT_COMPLETED
12-22 13:46:59.441 3296 3398 W WifiConfigManager: No stored networks found.
12-22 13:46:59.447 3296 3398 D WIFI : Registering NetworkFactory
12-22 13:46:59.447 3296 3398 D WIFI_UT : Registering NetworkFactory
12-22 13:46:59.447 3711 3754 I AlarmClock: Fixing alarm instances
12-22 13:46:59.447 3296 3406 D ConnectivityService: Got NetworkFactory Messenger for WIFI
12-22 13:46:59.448 3296 3406 D ConnectivityService: Got NetworkFactory Messenger for WIFI_UT
12-22 13:46:59.448 3296 3398 D WIFI : got request NetworkRequest [ REQUEST id=1, [ Capabilities: INTERNET&NOT_RESTRICTED&TRUSTED&NOT_VPN] ] with score 70
12-22 13:46:59.448 3296 3398 D WIFI : got request NetworkRequest [ BACKGROUND_REQUEST id=2, [ Transports: CELLULAR Capabilities: INTERNET&NOT_RESTRICTED&TRUSTED&NOT_VPN] ] with score 0
12-22 13:46:59.449 3296 3398 D WIFI : got request NetworkRequest [ TRACK_DEFAULT id=6, [ Capabilities: INTERNET&NOT_RESTRICTED&TRUSTED&NOT_VPN] ] with score 70
12-22 13:46:59.449 3296 3398 D WIFI : got request NetworkRequest [ TRACK_DEFAULT id=3, [ Capabilities: INTERNET&NOT_RESTRICTED&TRUSTED&NOT_VPN] ] with score 70
12-22 13:46:59.449 3296 3398 D WIFI_UT : got request NetworkRequest [ REQUEST id=1, [ Capabilities: INTERNET&NOT_RESTRICTED&TRUSTED&NOT_VPN] ] with score 70
12-22 13:46:59.449 3296 3398 D WIFI_UT : got request NetworkRequest [ BACKGROUND_REQUEST id=2, [ Transports: CELLULAR Capabilities: INTERNET&NOT_RESTRICTED&TRUSTED&NOT_VPN] ] with score 0
12-22 13:46:59.449 3296 3398 D WIFI_UT : got request NetworkRequest [ TRACK_DEFAULT id=6, [ Capabilities: INTERNET&NOT_RESTRICTED&TRUSTED&NOT_VPN] ] with score 70
12-22 13:46:59.449 3296 3398 D WIFI_UT : got request NetworkRequest [ TRACK_DEFAULT id=3, [ Capabilities: INTERNET&NOT_RESTRICTED&TRUSTED&NOT_VPN] ] with score 70
12-22 13:46:59.466 3443 3443 I InputAttributes: InputType.TYPE_NULL is specified
12-22 13:46:59.468 3296 3313 I SELinux : SELinux: Loaded file_contexts
12-22 13:46:59.488 3296 3312 W ResourceType: ResTable_typeSpec entry count inconsistent: given 67, previously 69
12-22 13:46:59.489 3296 3312 W ResourceType: ResTable_typeSpec entry count inconsistent: given 5399, previously 5400
12-22 13:46:59.492 3296 3312 W ResourceType: ResTable_typeSpec entry count inconsistent: given 67, previously 69
12-22 13:46:59.492 3296 3312 W ResourceType: ResTable_typeSpec entry count inconsistent: given 5399, previously 5400
12-22 13:46:59.500 3296 3308 I ActivityManager: Start proc 3897:com.google.process.gservices/u0a13 for content provider com.google.android.gsf/.gservices.GservicesProvider
12-22 13:46:59.504 3296 3313 V BackupManagerService: No ancestral data
12-22 13:46:59.509 3711 3754 V AlarmClock: AlarmInitReceiver finished
12-22 13:46:59.516 3296 3395 I WifiService: getConfiguredNetworks uid=1000
12-22 13:46:59.608 3296 3312 W ResourceType: ResTable_typeSpec entry count inconsistent: given 2648, previously 2651
12-22 13:46:59.609 3296 3313 I BackupManagerService: Package com.hovans.autoguard not installed; dropping from full backup
12-22 13:46:59.609 3296 3313 I BackupManagerService: Package com.raytechnoto.glab.voicerecorder not installed; dropping from full backup
12-22 13:46:59.616 3296 3312 W ResourceType: ResTable_typeSpec entry count inconsistent: given 2731, previously 2736
12-22 13:46:59.616 3296 3592 I ActivityManager: Start proc 3911:com.google.android.gms/u0a13 for service com.google.android.gms/.chimera.GmsIntentOperationService
12-22 13:46:59.695 3296 3313 V BackupManagerService: Starting with transport com.google.android.gms/.backup.BackupTransportService
12-22 13:46:59.702 3296 3313 D BackupTransportManager: Binding to transport: android/com.android.internal.backup.LocalTransportService
12-22 13:46:59.711 3897 3897 I chatty : uid=10013(com.google.android.gms) com.google.process.gservices expire 1 line
12-22 13:46:59.715 3296 3592 I ActivityManager: Start proc 3926:android.process.media/u0a8 for broadcast com.android.providers.downloads/.DownloadReceiver
12-22 13:46:59.716 3296 3882 V KeyValueBackupJob: Scheduling k/v pass in 246 minutes
12-22 13:46:59.750 3296 3313 D BackupTransportManager: Binding to transport: com.google.android.gms/.backup.component.D2dTransportService
12-22 13:46:59.776 3296 3312 W Searchables: No global search activity found
12-22 13:46:59.780 3296 3313 D BackupTransportManager: Binding to transport: com.google.android.gms/.backup.BackupTransportService
12-22 13:46:59.784 3296 3296 D BackupTransportManager: Bound to transport: android/com.android.internal.backup.LocalTransportService
12-22 13:46:59.787 3296 3882 I BackupManagerService: Found stale backup journal, scheduling
12-22 13:46:59.787 3296 3313 I BackupManagerService: Backup enabled => false
12-22 13:46:59.792 3296 3313 W SystemServiceManager: Service com.android.server.backup.BackupManagerService$Lifecycle took 365 ms in onUnlockUser
12-22 13:46:59.793 3296 3313 W VoiceInteractionManagerService: no available voice interaction services found for user 0
12-22 13:46:59.794 3296 3313 W VoiceInteractionManagerService: no available voice recognition services found for user 0
12-22 13:46:59.794 3296 3882 V KeyValueBackupJob: Scheduling k/v pass in 248 minutes
12-22 13:46:59.810 3296 3313 D AutofillManagerServiceImpl: Reset component for user 0
12-22 13:46:59.810 3296 3313 D AutofillManagerServiceImpl: Reset component for user 0
12-22 13:46:59.810 3296 3314 D AutofillUI: destroySaveUiUiThread(): already destroyed
12-22 13:46:59.812 3296 3313 I ActivityManager: Loading recents for user 0 into memory.
12-22 13:46:59.853 3911 3911 I chatty : uid=10013(com.google.android.gms) expire 25 lines
12-22 13:46:59.922 3296 3319 W ResourceType: ResTable_typeSpec entry count inconsistent: given 921, previously 966
12-22 13:46:59.923 3296 3319 W ResourceType: ResTable_typeSpec entry count inconsistent: given 266, previously 311
12-22 13:46:59.925 3296 3319 W ResourceType: For resource 0x7f080126, entry index(294) is beyond type entryCount(266)
12-22 13:46:59.925 3296 3319 W ResourceType: For resource 0x7f1103c0, entry index(960) is beyond type entryCount(921)
12-22 13:46:59.926 3296 3319 W ResourceType: For resource 0x7f08012a, entry index(298) is beyond type entryCount(266)
12-22 13:46:59.926 3296 3319 W ResourceType: For resource 0x7f1103bd, entry index(957) is beyond type entryCount(921)
12-22 13:46:59.939 3296 3319 W ResourceType: ResTable_typeSpec entry count inconsistent: given 1688, previously 1714
12-22 13:46:59.939 3296 3319 W ResourceType: ResTable_typeSpec entry count inconsistent: given 1260, previously 1262
12-22 13:46:59.941 3296 3313 I ActivityManager: Start proc 3949:org.lineageos.audiofx/u0a2 for added application org.lineageos.audiofx
12-22 13:46:59.945 3296 3313 V ActivityManager: Skipping ContentProviderInfo{name=com.google.android.gms.fileprovider;com.google.android.gms.play-p2p-fileprovider className=com.google.android.gms.common.app.GmsFileProvider}
12-22 13:46:59.945 3296 3313 V ActivityManager: Skipping ContentProviderInfo{name=com.google.android.gms.accountsettings.content className=com.google.android.gms.accountsettings.content.SettingsSearchContentProvider}
12-22 13:46:59.945 3296 3313 V ActivityManager: Skipping ContentProviderInfo{name=com.google.android.gms.appstate className=com.google.android.gms.appstate.provider.AppStateContentProvider}
12-22 13:46:59.945 3296 3313 V ActivityManager: Installing ContentProviderInfo{name=com.google.android.gms.auth.accountstate className=com.google.android.gms.auth.account.be.accountstate.AccountStateContentProvider}
