12-22 13:47:15.653 3296 3313 W BroadcastQueue: Background execution not allowed: receiving Intent { act=android.intent.action.DROPBOX_ENTRY_ADDED flg=0x10 (has extras) } to com.google.android.gms/.chimera.GmsIntentOperationService$PersistentTrustedReceiver
12-22 13:47:15.731 4545 5128 D CalendarAlarmManager: schedule reminder alarm fired at 1608645000000
12-22 13:47:15.731 4545 5128 W ContentResolver: Failed to get type for: content://com.android.calendar/1608645000000 (Unknown URL content://com.android.calendar/1608645000000)
12-22 13:47:15.822 3296 3307 W BroadcastQueue: Background execution not allowed: receiving Intent { act=android.intent.action.DROPBOX_ENTRY_ADDED flg=0x10 (has extras) } to com.google.android.gms/.stats.service.DropBoxEntryAddedReceiver
12-22 13:47:15.823 3296 3313 W BroadcastQueue: Background execution not allowed: receiving Intent { act=android.intent.action.DROPBOX_ENTRY_ADDED flg=0x10 (has extras) } to com.google.android.gms/.chimera.GmsIntentOperationService$PersistentTrustedReceiver
12-22 13:47:15.833 3296 3313 W BroadcastQueue: Background execution not allowed: receiving Intent { act=android.intent.action.DROPBOX_ENTRY_ADDED flg=0x10 (has extras) } to com.google.android.gms/.stats.service.DropBoxEntryAddedReceiver
12-22 13:47:15.835 3296 3313 W BroadcastQueue: Background execution not allowed: receiving Intent { act=android.intent.action.DROPBOX_ENTRY_ADDED flg=0x10 (has extras) } to com.google.android.gms/.chimera.GmsIntentOperationService$PersistentTrustedReceiver
12-22 13:47:16.143 3296 3313 I ActivityManager: Waited long enough for: ServiceRecord{1fb6691 u0 org.lineageos.lockclock/.weather.WeatherSourceListenerService}
12-22 13:47:16.155 3296 3313 I ActivityManager: Waited long enough for: ServiceRecord{67109f6 u0 org.lineageos.lockclock/.DeviceStatusService}
12-22 13:47:16.253 3911 4189 I chatty : uid=10013(com.google.android.gms) expire 1 line
12-22 13:47:16.280 3911 4188 I chatty : uid=10013(com.google.android.gms) expire 3 lines
12-22 13:47:16.295 3911 5135 I chatty : uid=10013(com.google.android.gms) expire 1 line
12-22 13:47:16.325 3761 3868 I chatty : uid=10013(com.google.android.gms) Binder:3761_3 expire 1 line
12-22 13:47:16.328 3761 5134 I chatty : uid=10013 com.google.android.gms.persistent expire 1 line
12-22 13:47:16.687 4867 4882 I zygote : Waiting for a blocking GC ProfileSaver
12-22 13:47:16.715 4867 4882 I zygote : WaitForGcToComplete blocked ProfileSaver on HeapTrim for 28.160ms
12-22 13:47:16.751 3911 5141 I chatty : uid=10013(com.google.android.gms) expire 5 lines
12-22 13:47:16.810 3761 3761 I chatty : uid=10013 com.google.android.gms.persistent expire 4 lines
12-22 13:47:16.997 3911 5145 I chatty : uid=10013(com.google.android.gms) expire 8 lines
12-22 13:47:17.389 3911 4189 I chatty : uid=10013(com.google.android.gms) expire 20 lines
12-22 13:47:17.406 3761 3761 I chatty : uid=10013 com.google.android.gms.persistent expire 18 lines
12-22 13:47:17.412 3911 4190 I chatty : uid=10013(com.google.android.gms) highpool[0] expire 16 lines
12-22 13:47:17.514 3911 3922 I chatty : uid=10013(com.google.android.gms) HeapTaskDaemon expire 1 line
12-22 13:47:17.589 3911 3911 I chatty : uid=10013(com.google.android.gms) expire 46 lines
12-22 13:47:17.798 3911 4188 I chatty : uid=10013(com.google.android.gms) expire 21 lines
12-22 13:47:17.900 3296 4794 I ActivityManager: Start proc 5166:com.google.android.gms.unstable/u0a13 for service com.google.android.gms/.droidguard.DroidGuardService
12-22 13:47:17.980 5166 5166 I chatty : uid=10013 com.google.android.gms.unstable expire 14 lines
12-22 13:47:18.225 3911 5135 I chatty : uid=10013(com.google.android.gms) expire 8 lines
12-22 13:47:18.251 3296 3306 I zygote : Background concurrent copying GC freed 31932(1843KB) AllocSpace objects, 5(132KB) LOS objects, 49% free, 9MB/18MB, paused 131us total 127.450ms
12-22 13:47:18.263 3296 3320 I ActivityManager: Start proc 5188:android.ext.services/u0a10 for service android.ext.services/.storage.CacheQuotaServiceImpl
12-22 13:47:18.331 4660 4673 I Finsky : [128] del.a(6): Received content filters request from sharedUserId=com.google.uid.shared:10013
12-22 13:47:18.647 5166 5171 I chatty : uid=10013(com.google.android.gms) Jit thread pool expire 3 lines
12-22 13:47:18.749 5006 5022 I zygote : Waiting for a blocking GC ProfileSaver
12-22 13:47:18.770 5006 5022 I zygote : WaitForGcToComplete blocked ProfileSaver on HeapTrim for 20.765ms
12-22 13:47:18.846 3911 4281 I chatty : uid=10013(com.google.android.gms) highpool[3] expire 2 lines
12-22 13:47:18.982 4867 4976 W ConnectionTracker: Exception thrown while unbinding
12-22 13:47:18.982 4867 4976 W ConnectionTracker: java.lang.IllegalArgumentException: Service not registered: lv@921d451
12-22 13:47:18.982 4867 4976 W ConnectionTracker: at android.app.LoadedApk.forgetServiceDispatcher(LoadedApk.java:1484)
12-22 13:47:18.982 4867 4976 W ConnectionTracker: at android.app.ContextImpl.unbindService(ContextImpl.java:1638)
12-22 13:47:18.982 4867 4976 W ConnectionTracker: at android.content.ContextWrapper.unbindService(ContextWrapper.java:703)
12-22 13:47:18.982 4867 4976 W ConnectionTracker: at ci.f(:com.google.android.gms.dynamite_measurementdynamite@204516044@20.45.16 (040300-0):1)
12-22 13:47:18.982 4867 4976 W ConnectionTracker: at ci.d(:com.google.android.gms.dynamite_measurementdynamite@204516044@20.45.16 (040300-0):2)
12-22 13:47:18.982 4867 4976 W ConnectionTracker: at lw.E(:com.google.android.gms.dynamite_measurementdynamite@204516044@20.45.16 (040300-0):9)
12-22 13:47:18.982 4867 4976 W ConnectionTracker: at lg.a(:com.google.android.gms.dynamite_measurementdynamite@204516044@20.45.16 (040300-0):3)
12-22 13:47:18.982 4867 4976 W ConnectionTracker: at eg.run(:com.google.android.gms.dynamite_measurementdynamite@204516044@20.45.16 (040300-0):3)
12-22 13:47:18.982 4867 4976 W ConnectionTracker: at java.util.concurrent.Executors$RunnableAdapter.call(Executors.java:457)
12-22 13:47:18.982 4867 4976 W ConnectionTracker: at java.util.concurrent.FutureTask.run(FutureTask.java:266)
12-22 13:47:18.982 4867 4976 W ConnectionTracker: at iz.run(:com.google.android.gms.dynamite_measurementdynamite@204516044@20.45.16 (040300-0):5)
12-22 13:47:19.023 3911 4077 I chatty : uid=10013(com.google.android.gms) ice] processing expire 1 line
12-22 13:47:19.065 4660 4684 I Finsky : [139] gju.run(3): Initializing the instant apps module.
12-22 13:47:19.068 4660 4696 I Finsky : [150] knh.a(19): No selector loaded
12-22 13:47:19.072 4660 4700 I Finsky : [153] aagb.j(1): Triggered update for experiment package com.google.android.finsky.stable.
12-22 13:47:19.231 3911 5155 I chatty : uid=10013(com.google.android.gms) expire 8 lines
12-22 13:47:19.249 5166 5179 I chatty : uid=10013(com.google.android.gms) Binder:5166_2 expire 1 line
12-22 13:47:19.432 4660 4684 I Finsky : [139] amup.h(2): Restoring notifications
12-22 13:47:19.436 4660 4684 I Finsky : [139] amup.h(11): Done restoring notifications
12-22 13:47:19.440 4660 4684 I Finsky : [139] znj.g(8): Invalidating cached PackageState for com.android.vending
12-22 13:47:19.472 4660 4684 I Finsky : [139] gjp.run(5): Component class com.google.android.finsky.wearsupport.WearSupportService disabled via PackageManager.
12-22 13:47:19.473 4660 4684 I Finsky : [139] gjp.run(5): Component class com.google.android.finsky.wearsupport.WearChangeListenerService disabled via PackageManager.
12-22 13:47:19.480 4660 5223 I Finsky : [194] phq.run(16): Wrote row to frosting DB: 417
12-22 13:47:19.542 4660 4682 I zygote : Deoptimizing void bbht.c(java.lang.Object, java.lang.Object, long) due to JIT inline cache
12-22 13:47:19.716 4660 4660 I Finsky : [2] admn.onStartJob(3): SCH: onJobSchedulerWakeup with jobId 9001
12-22 13:47:19.763 4660 4660 I Finsky : [2] adig.a(9): SCH: Scheduling fallback job with id: 9034, and delay: 43200000 ms
12-22 13:47:19.801 3911 5222 I chatty : uid=10013(com.google.android.gms) expire 1 line
12-22 13:47:19.805 3296 3592 W ActivityManager: Unable to start service Intent { act=com.google.android.gms.auth.key.retrieval.service.START pkg=com.google.android.gms } U=0: not found
12-22 13:47:19.808 3296 4794 W ActivityManager: Unbind failed: could not find connection for android.os.BinderProxy@792ebbe
12-22 13:47:19.816 4660 4660 I Finsky : [2] adig.b(9): SCH: Scheduling fallback in 64799965 (absolute: 64857173)
12-22 13:47:19.817 3911 4194 I chatty : uid=10013(com.google.android.gms) GoogleApiHandle expire 1 line
12-22 13:47:19.926 4660 4660 I Finsky : [2] adip.handleMessage(4): SCH: DeviceState: DeviceState{currentTime=1608641239906, isCharging=true, isIdle=false, netAny=true, netNotRoaming=true, netUnmetered=false, batteryPercent=100.0}
12-22 13:47:19.968 4660 4689 I Finsky : [144] adkl.b(5): SCH: Jobs in database: 1-1337 3-133 3-134 21-333333333 24-77777777 26-1414141414 29-29 34-14 34-16
12-22 13:47:20.028 4660 4700 I Finsky : [153] aagb.j(7): Already at the latest configurations for experiment package com.google.android.finsky.stable.
12-22 13:47:20.029 4660 4700 I Finsky : [153] aafs.u(2): Retrieved DSE selection state is true (cache=aafn@e08f268)
12-22 13:47:20.029 4660 4700 I Finsky : [153] aagj.a(4): DSE selection state after sync is true (cache=aafn@e08f268)
12-22 13:47:20.032 4660 4694 W zygote : Long monitor contention with owner bgExecutor #3 (4700) at java.lang.String android.os.Parcel$ReadWriteHelper.readString(android.os.Parcel)(Parcel.java:362) waiters=0 in int aagb.j() for 956ms
12-22 13:47:20.041 4660 4660 I Finsky : [2] adiq.m(9): SCH: Running job: 21-333333333
12-22 13:47:20.056 4660 4694 I Finsky : [148] aagb.j(1): Triggered update for experiment package com.google.android.finsky.regular.
12-22 13:47:20.060 4660 4660 I Finsky : [2] adip.handleMessage(29): SCH: RunningQueue size: 1, PendingQueue size: 0
12-22 13:47:20.061 4660 4660 I Finsky : [2] adip.handleMessage(32): SCH: Running queue: 21-333333333
12-22 13:47:20.099 4660 4700 I Finsky : [153] maw.a(13): Dynamic config did not change, will not upload it.
12-22 13:47:20.099 4660 4700 I Finsky : [153] mbz.a(5): Dynamic device configuration updated successfully.
12-22 13:47:20.100 4660 4700 I Finsky : [153] adjk.n(4): SCH: jobFinished: 21-333333333. TimeElapsed: 57ms.
12-22 13:47:20.101 4660 4660 I Finsky : [2] adiq.b(3): SCH: Job 21-333333333 finished. Not rescheduling.
12-22 13:47:20.103 4660 4660 I Finsky : [2] adip.handleMessage(29): SCH: RunningQueue size: 0, PendingQueue size: 0
12-22 13:47:20.104 4660 4660 I Finsky : [2] adip.handleMessage(10): SCH: Executor finished
12-22 13:47:20.137 4660 4665 I zygote : Do partial code cache collection, code=122KB, data=79KB
12-22 13:47:20.139 4660 4665 I zygote : After code cache collection, code=121KB, data=79KB
12-22 13:47:20.139 4660 4665 I zygote : Increasing code cache capacity to 512KB
12-22 13:47:20.330 4660 4660 I Finsky : [2] adkl.b(5): SCH: Jobs in database: 1-1337 3-133 3-134 24-77777777 26-1414141414 29-29 34-14 34-16
12-22 13:47:20.364 3296 3314 W Looper : Dispatch took 146ms on android.ui, h=Handler (com.android.server.am.ActivityManagerService$UiHandler) {a18d634} cb=null msg=53
12-22 13:47:20.386 4660 4694 I Finsky : [148] aagb.j(7): Already at the latest configurations for experiment package com.google.android.finsky.regular.
12-22 13:47:20.387 4660 4694 I Finsky : [148] aafs.u(2): Retrieved DSE selection state is true (cache=aafn@e08f268)
12-22 13:47:20.387 4660 4696 W zygote : Long monitor contention with owner bgExecutor #3 (4700) at java.lang.String android.os.Parcel$ReadWriteHelper.readString(android.os.Parcel)(Parcel.java:362) waiters=1 in int aagb.j() for 1.275s
12-22 13:47:20.388 4660 4696 I Finsky : [150] aagb.j(1): Triggered update for experiment package com.google.android.finsky.regular.
12-22 13:47:20.389 4660 4694 I Finsky : [148] aagj.a(4): DSE selection state after sync is true (cache=aafn@e08f268)
12-22 13:47:20.402 4660 4660 I Finsky : [2] adix.d(37): SCH: ConstraintMapping: 24-77777777, -> L: 0ms, D: 82249278ms, C: false, I: true, N: 0
12-22 13:47:20.403 4660 4660 I Finsky : [2] adix.d(37): SCH: ConstraintMapping: 1-1337, 34-16, -> L: 27664877ms, D: 78439218ms, C: false, I: false, N: 1
12-22 13:47:20.403 4660 4660 I Finsky : [2] adix.d(37): SCH: ConstraintMapping: 3-133, -> L: 0ms, D: 86391041ms, C: true, I: false, N: 2
12-22 13:47:20.404 4660 4660 I Finsky : [2] adix.d(37): SCH: ConstraintMapping: 3-134, 34-14, -> L: 0ms, D: 86391401ms, C: false, I: true, N: 2
12-22 13:47:20.404 4660 4660 I Finsky : [2] adix.d(37): SCH: ConstraintMapping: 34-14, -> L: 0ms, D: 1295443045ms, C: true, I: true, N: 2
12-22 13:47:20.405 4660 4660 I Finsky : [2] adix.d(37): SCH: ConstraintMapping: 26-1414141414, 29-29, -> L: 18651ms, D: 48651ms, C: false, I: false, N: 0
12-22 13:47:20.474 3296 3478 W BroadcastQueue: Background execution not allowed: receiving Intent { act=android.intent.action.DROPBOX_ENTRY_ADDED flg=0x10 (has extras) } to com.google.android.gms/.stats.service.DropBoxEntryAddedReceiver
12-22 13:47:20.475 3296 3313 W BroadcastQueue: Background execution not allowed: receiving Intent { act=android.intent.action.DROPBOX_ENTRY_ADDED flg=0x10 (has extras) } to com.google.android.gms/.chimera.GmsIntentOperationService$PersistentTrustedReceiver
12-22 13:47:20.562 4660 4696 I Finsky : [150] aagb.j(7): Already at the latest configurations for experiment package com.google.android.finsky.regular.
12-22 13:47:20.564 4660 4696 I Finsky : [150] aafs.u(2): Retrieved DSE selection state is true (cache=aafn@e08f268)
12-22 13:47:20.568 4660 4696 I Finsky : [150] aagj.a(4): DSE selection state after sync is true (cache=aafn@e08f268)
12-22 13:47:20.637 3761 3872 I chatty : uid=10013 com.google.android.gms.persistent expire 1 line
12-22 13:47:20.732 4660 4660 I Finsky : [2] adix.f(7): SCH: Cancelling existing jobscheduler jobs: 9002 9003 9011 9000 9004
12-22 13:47:20.732 4660 4660 I Finsky : [2] adix.e(8): SCH: Throttling wakeup for job 9005 (expected to run in 0 ms) due to recent wakeup
12-22 13:47:20.733 4660 4660 I Finsky : [2] adix.e(23): SCH: Scheduling job Id: 9005, L: 30000, D: 82249278, C: false, I: true, N: 0
12-22 13:47:20.734 3911 4266 I chatty : uid=10013(com.google.android.gms) highpool[2] expire 2 lines
12-22 13:47:20.736 4660 4660 I Finsky : [2] adix.e(23): SCH: Scheduling job Id: 9006, L: 27664877, D: 78439218, C: false, I: false, N: 1
12-22 13:47:20.740 4660 4660 I Finsky : [2] adix.e(8): SCH: Throttling wakeup for job 9007 (expected to run in 0 ms) due to recent wakeup
12-22 13:47:20.741 4660 4660 I Finsky : [2] adix.e(23): SCH: Scheduling job Id: 9007, L: 30000, D: 86391041, C: true, I: false, N: 2
12-22 13:47:20.744 4660 4660 I Finsky : [2] adix.e(8): SCH: Throttling wakeup for job 9008 (expected to run in 0 ms) due to recent wakeup
12-22 13:47:20.745 4660 4660 I Finsky : [2] adix.e(23): SCH: Scheduling job Id: 9008, L: 30000, D: 86391401, C: false, I: true, N: 2
12-22 13:47:20.748 4660 4660 I Finsky : [2] adix.e(8): SCH: Throttling wakeup for job 9009 (expected to run in 0 ms) due to recent wakeup
12-22 13:47:20.749 4660 4660 I Finsky : [2] adix.e(23): SCH: Scheduling job Id: 9009, L: 30000, D: 1295443045, C: true, I: true, N: 2
12-22 13:47:20.756 4660 4660 I Finsky : [2] adix.e(8): SCH: Throttling wakeup for job 9010 (expected to run in 18651 ms) due to recent wakeup
12-22 13:47:20.757 4660 4660 I Finsky : [2] adix.e(23): SCH: Scheduling job Id: 9010, L: 30000, D: 48651, C: false, I: false, N: 0
12-22 13:47:20.788 5166 5218 I chatty : uid=10013 com.google.android.gms.unstable expire 10 lines
12-22 13:47:20.835 4774 4774 I Finsky:download_service: [2] tsb.onDestroy(8): IPC-SERVER: Stopping gRPC host service...
12-22 13:47:20.854 4660 4660 I Finsky : [2] aetl.run(5): Detected restoreservicev2://recovery not needed, will not run
12-22 13:47:21.131 3296 3306 I zygote : Background concurrent copying GC freed 25106(1608KB) AllocSpace objects, 6(312KB) LOS objects, 49% free, 9MB/18MB, paused 280us total 122.956ms
12-22 13:47:21.167 3911 4370 I chatty : uid=10013(com.google.android.gms) lowpool[3] expire 11 lines
12-22 13:47:21.364 5218 5218 I chatty : uid=10013 com.google.android.gms.unstable expire 34 lines
12-22 13:47:21.473 3296 3478 I WifiService: getConnectionInfo uid=10013
12-22 13:47:21.916 3296 3313 I ActivityManager: Waited long enough for: ServiceRecord{a794d0e u0 com.android.calendar/.alerts.InitAlarmsService}
12-22 13:47:22.086 3911 3916 I chatty : uid=10013(com.google.android.gms) Jit thread pool expire 2 lines
12-22 13:47:22.096 3296 3478 I ActivityManager: Start proc 5279:com.android.keychain/1000 for service com.android.keychain/.KeyChainService
12-22 13:47:22.179 3761 4282 I chatty : uid=10013 com.google.android.gms.persistent expire 3 lines
12-22 13:47:22.182 3761 4364 I chatty : uid=10013 com.google.android.gms.persistent expire 1 line
12-22 13:47:22.212 4660 5294 I Finsky : [200] awff.b(2): registerListener
12-22 13:47:22.217 4660 5294 I Finsky : [200] nbd.d(1): getDownloads()
12-22 13:47:22.235 3186 3186 I keystore: del USRPKEY_unstable.c7202ece89390c490b1b94d5b71225e1.-2501235279895080591 10013
12-22 13:47:22.235 3186 3186 I keystore: del USRSKEY_unstable.c7202ece89390c490b1b94d5b71225e1.-2501235279895080591 10013
12-22 13:47:22.235 3186 3186 I keystore: del USRCERT_unstable.c7202ece89390c490b1b94d5b71225e1.-2501235279895080591 10013
12-22 13:47:22.236 3186 3186 I keystore: del CACERT_unstable.c7202ece89390c490b1b94d5b71225e1.-2501235279895080591 10013
12-22 13:47:22.238 4774 4774 I Finsky:download_service: [2] tsb.onCreate(2): IPC-SERVER: Starting gRPC host service...
12-22 13:47:22.239 4660 5294 I Finsky : [200] gwr.run(7): Initialized AssetModuleDownloader.
12-22 13:47:22.252 4774 5299 I Finsky:download_service: [153] mtl.c(1): getDownloads()
12-22 13:47:22.364 3911 4747 I chatty : uid=10013(com.google.android.gms) expire 1 line
12-22 13:47:22.477 3761 4308 I chatty : uid=10013(com.google.android.gms) lowpool[3] expire 3 lines
12-22 13:47:22.761 3296 3313 I ActivityManager: Waited long enough for: ServiceRecord{8cc8707 u0 com.android.email/.service.LegacyImapSyncAdapterService}
12-22 13:47:23.278 3761 4282 E ActivityThread: Failed to find provider info for instantapp-dev-manager
12-22 13:47:23.302 5166 5178 I chatty : uid=10013(com.google.android.gms) Binder:5166_1 expire 7 lines
12-22 13:47:23.572 4660 4673 I Finsky : [128] del.a(6): Received content filters request from sharedUserId=com.google.uid.shared:10013
12-22 13:47:23.613 3761 4730 I chatty : uid=10013 com.google.android.gms.persistent expire 2 lines
12-22 13:47:24.288 3761 4215 I chatty : uid=10013(com.google.android.gms) FlpThread expire 1 line
12-22 13:47:24.743 3296 3306 I zygote : Background concurrent copying GC freed 15659(843KB) AllocSpace objects, 0(0B) LOS objects, 49% free, 9MB/18MB, paused 256us total 129.747ms
12-22 13:47:24.841 3761 3773 I chatty : uid=10013(com.google.android.gms) HeapTaskDaemon expire 1 line
12-22 13:47:24.869 3296 4803 I ActivityManager: Killing 4528:com.android.contacts/u0a11 (adj 906): empty #17
12-22 13:47:24.872 3296 3315 W system_server: kill(-4528, 9) failed: No such process
12-22 13:47:24.917 3296 3315 W system_server: kill(-4528, 9) failed: No such process
12-22 13:47:24.926 3911 4235 I chatty : uid=10013(com.google.android.gms) highpool[1] expire 3 lines
12-22 13:47:24.962 3296 3315 W system_server: kill(-4528, 9) failed: No such process
12-22 13:47:24.962 3296 3315 I system_server: Successfully killed process cgroup uid 10011 pid 4528 in 90ms
12-22 13:47:25.039 3761 5324 I chatty : uid=10013 com.google.android.gms.persistent expire 1 line
12-22 13:47:25.117 3761 5316 I chatty : uid=10013(com.google.android.gms) lowpool[6] expire 7 lines
12-22 13:47:25.493 3761 4301 I chatty : uid=10013(com.google.android.gms) lowpool[2] expire 2 lines
12-22 13:47:25.793 3911 3911 D BoundBrokerSvc: Loading bound service for intent: Intent { act=com.google.android.mdh.service.listener.START cmp=com.google.android.gms/.chimera.GmsBoundBrokerService }
12-22 13:47:25.810 3761 4301 E BluetoothAdapter: Bluetooth binder is null
12-22 13:47:25.811 3761 4301 W NearbyDiscovery: FastPairScanner2: No bluetooth adapter available to start scanning in LOW_LATENCY_SCANNING [CONTEXT service_id=49 ]
12-22 13:47:25.812 3296 4845 I WifiService: getWifiApConfiguration uid=10013
12-22 13:47:25.813 3761 3773 I zygote : Background concurrent copying GC freed 76610(4MB) AllocSpace objects, 46(2MB) LOS objects, 49% free, 8MB/16MB, paused 277us total 269.410ms
12-22 13:47:25.849 3911 4370 I GmsCoreXrpcWrapper: Returning a channel provider with trafficStatsTag=12803
12-22 13:47:25.859 3761 5334 E BluetoothAdapter: Bluetooth binder is null
12-22 13:47:25.860 3761 5334 E BluetoothAdapter: Bluetooth binder is null
12-22 13:47:25.861 3911 3911 D BoundBrokerSvc: onBind: Intent { act=com.google.android.gms.common.BIND_SHARED_PREFS pkg=com.google.android.gms }
12-22 13:47:25.861 3911 3911 D BoundBrokerSvc: Loading bound service for intent: Intent { act=com.google.android.gms.common.BIND_SHARED_PREFS pkg=com.google.android.gms }
12-22 13:47:25.861 3761 5334 E BluetoothAdapter: Bluetooth binder is null
12-22 13:47:25.862 3761 5334 I NearbyDiscovery: Show notifications: 0 total, no changes since last shown, no-op. [CONTEXT service_id=49 ]
12-22 13:47:25.864 3761 5334 E BluetoothAdapter: Bluetooth binder is null
12-22 13:47:25.864 3761 5334 I chatty : uid=10013 com.google.android.gms.persistent identical 1 line
12-22 13:47:25.864 3761 5334 E BluetoothAdapter: Bluetooth binder is null
12-22 13:47:25.865 3761 5334 I NearbyDiscovery: FastPairScanner2: isAlive? bleEnabled:false, btEnabled:false, bleScanAvailable:false [CONTEXT service_id=49 ]
12-22 13:47:25.865 3761 5334 E BluetoothAdapter: Bluetooth binder is null
12-22 13:47:25.865 3761 5334 I chatty : uid=10013 com.google.android.gms.persistent identical 1 line
12-22 13:47:25.889 3761 5334 E BluetoothAdapter: Bluetooth binder is null
12-22 13:47:25.891 3911 3911 D BoundBrokerSvc: onUnbind: Intent { act=com.google.android.gms.common.BIND_SHARED_PREFS pkg=com.google.android.gms }
12-22 13:47:25.893 3761 5334 I NearbyDiscovery: FastPair: Skip backfill FastPairItem, adapter is null [CONTEXT service_id=49 ]
12-22 13:47:25.899 3761 5334 I NearbyDiscovery: FastPair: HeadsetPieceImage, grant permission files:0 [CONTEXT service_id=49 ]
12-22 13:47:25.901 3761 5334 I NearbyDiscovery: FastPairEventStream: Skip initialize event stream, adapter is null [CONTEXT service_id=49 ]
12-22 13:47:25.923 3911 5141 I Pay : Requested immediate check to see whether to show pay module downloading complete notification. [CONTEXT service_id=198 ]
12-22 13:47:25.935 3911 5141 I Pay : Requested immediate check of feature migrations. [CONTEXT service_id=198 ]
12-22 13:47:25.938 3761 3761 I MagicTether: [AutoDisconnectIntentOperation] Canceling task.
12-22 13:47:25.998 3761 4271 I zygote : Deoptimizing brix brix.p(int, java.lang.Object[]) due to JIT inline cache
12-22 13:47:26.036 3761 3761 I NearbySharing: ReceiveSurfaceService created [CONTEXT service_id=194 ]
12-22 13:47:26.045 3761 3761 I NearbySharing: ReceiveSurfaceService started [CONTEXT service_id=194 ]
12-22 13:47:26.061 3911 3911 D BoundBrokerSvc: onBind: Intent { act=com.google.android.gms.common.BIND_SHARED_PREFS pkg=com.google.android.gms }
12-22 13:47:26.061 3911 3911 D BoundBrokerSvc: Loading bound service for intent: Intent { act=com.google.android.gms.common.BIND_SHARED_PREFS pkg=com.google.android.gms }
12-22 13:47:26.083 3761 3761 I ExposureNotification: ENInternalService.onCreate, com.google.android.gms.nearby.exposurenotification.service.ExposureNotificationInternalChimeraService@73ddd8d [CONTEXT service_id=236 ]
12-22 13:47:26.088 3911 3922 I zygote : Background concurrent copying GC freed 47061(2MB) AllocSpace objects, 68(2MB) LOS objects, 49% free, 6MB/13MB, paused 88us total 147.340ms
12-22 13:47:26.099 3911 5155 I BackupAndSyncValidation: Scheduling the service.
12-22 13:47:26.109 3761 4730 I NetRec : [130] BootCompletedOrAppUpdatedIntentOperation.onHandleIntent: onBootCompleted()
12-22 13:47:26.114 3761 4271 I ExposureNotification: ENInternalService.onStartCommand, Intent { act=com.google.android.gms.nearby.exposurenotification.service.ACTION_CLIENT_CHANGE cmp=com.google.android.gms/.nearby.exposurenotification.service.ExposureNotificationInternalService }, com.google.android.gms.nearby.exposurenotification.service.ExposureNotificationInternalChimeraService@73ddd8d [CONTEXT service_id=236 ]
12-22 13:47:26.121 3761 4730 I NetRec : [130] BootCompletedOrAppUpdatedIntentOperation.onHandleIntent: Scheduling CleanupDatabaseTask
12-22 13:47:26.130 3911 3911 D BoundBrokerSvc: onUnbind: Intent { act=com.google.android.gms.common.BIND_SHARED_PREFS pkg=com.google.android.gms }
12-22 13:47:26.162 3761 4271 I ExposureNotification: No active clients [CONTEXT service_id=236 ]
12-22 13:47:26.167 3761 4271 I ExposureNotification: Utils#isSupported enabled=true [CONTEXT service_id=236 ]
12-22 13:47:26.238 3761 4730 I NetRec : [130] anat.a: onConfigChanged()
12-22 13:47:26.238 3761 4271 I ExposureNotification: isPrimaryUser=true, isWorkProfile=false [CONTEXT service_id=236 ]
12-22 13:47:26.242 3761 4271 I ExposureNotification: isDeviceSupported=true, isBluetoothSupported=false, BluetoothAdapter.isMultipleAdvertisementSupported=false [CONTEXT service_id=236 ]
12-22 13:47:26.258 3761 4271 I ExposureNotification: isPrimaryUser=true, isWorkProfile=false [CONTEXT service_id=236 ]
12-22 13:47:26.262 3761 4271 I ExposureNotification: Exposure notifications disabled. [CONTEXT service_id=236 ]
12-22 13:47:26.264 3761 4271 I ExposureNotification: ENInternalService.stopTracing, com.google.android.gms.nearby.exposurenotification.service.ExposureNotificationInternalChimeraService@73ddd8d [CONTEXT service_id=236 ]
12-22 13:47:26.271 3761 4271 I ExposureNotification: AlarmManagerImpl.opportunisticSchedule called, delay=1800000ms [CONTEXT service_id=236 ]
12-22 13:47:26.274 3761 4271 I ExposureNotification: ScheduledExecutorImpl.schedule called, delay=1800000ms [CONTEXT service_id=236 ]
12-22 13:47:26.318 3761 4730 I NetRec : [130] anat.a: Cancelling all NetRec GCM tasks
12-22 13:47:26.372 3911 4189 V SmartDevice: [ModuleInitializer] ModuleInitializer got intent Intent { act=android.intent.action.BOOT_COMPLETED flg=0x9000010 pkg=com.google.android.gms cmp=com.google.android.gms/.chimera.GmsIntentOperationService (has extras) } with flag 2
12-22 13:47:26.421 3761 3761 I NearbyDiscovery: FastPairHandler: unregistering intent receivers [CONTEXT service_id=49 ]
12-22 13:47:26.457 3761 3761 I NearbyDiscovery: DiscoveryService destroyed [CONTEXT service_id=49 ]
12-22 13:47:26.462 3911 5135 I zygote : Deoptimizing bpjc bpki.d(java.lang.String, bpkj, bpjg, boolean) due to JIT inline cache
12-22 13:47:26.504 3911 5155 I PeopleInitIntentOp: Not initializing debuggability [CONTEXT service_id=5 ]
12-22 13:47:26.507 3761 4730 I MagicTether: [AutoDisconnectIntentOperation] Canceling task.
12-22 13:47:26.539 3761 4271 I ExposureNotification: User turn off scanning. [CONTEXT service_id=236 ]
12-22 13:47:26.543 3761 4271 I ExposureNotification: Not scanning! [CONTEXT service_id=236 ]
12-22 13:47:26.544 3761 4271 W ExposureNotification: stopTracing called but Scanner failed to stop! [CONTEXT service_id=236 ]
12-22 13:47:26.546 3761 4271 I ExposureNotification: No active clients [CONTEXT service_id=236 ]
12-22 13:47:26.555 3911 5141 I TelephonySpamInit: On boot completed TelephonySpam module initialized [CONTEXT service_id=150 ]
12-22 13:47:26.556 3911 5141 I TelephonySpamInit: onModuleUpdated TelephonySpam module initialized [CONTEXT service_id=150 ]
12-22 13:47:26.558 3911 5141 I SpamListSync: scheduleSyncTasks [CONTEXT service_id=150 ]
12-22 13:47:26.558 3911 5141 I SpamListSync: schedulePeriodicTask [CONTEXT service_id=150 ]
12-22 13:47:26.627 3911 5155 I SubscribedFeeds: Collected 10 certs in 11ms [CONTEXT service_id=250 ]
12-22 13:47:26.740 3296 4191 I ActivityManager: Start proc 5364:com.google.android.gms.ui/u0a13 for service com.google.android.gms/.chimera.UiIntentOperationService
12-22 13:47:26.771 3296 3312 W JobInfo : Specified flex for 103964 is +57m36s0ms. Clamped to +1h12m0s0ms
12-22 13:47:26.788 3911 5141 I SpamListSync: scheduleOneTimeTask [CONTEXT service_id=150 ]
12-22 13:47:26.833 5364 5364 W ResourceType: ResTable_typeSpec entry count inconsistent: given 67, previously 69
12-22 13:47:26.833 5364 5364 W ResourceType: ResTable_typeSpec entry count inconsistent: given 5399, previously 5400
12-22 13:47:26.846 3911 4370 I Icing : Usage reports ok 1, Failed Usage reports 0, indexed 0, rejected 0
12-22 13:47:26.884 3911 4370 I GmsCoreXrpcWrapper: Returning a channel provider with trafficStatsTag=12803
12-22 13:47:26.930 3911 5359 I Vision : Supported ABIS: [armeabi-v7a, armeabi]
12-22 13:47:26.964 3761 5334 I NearbyDiscovery: DiscoveryNearbyMessagesManager failed to background unsubscribe [CONTEXT service_id=49 ]
12-22 13:47:26.964 3761 5334 I NearbyDiscovery: java.util.concurrent.TimeoutException: Timed out waiting for Task
12-22 13:47:26.964 3761 5334 I NearbyDiscovery: at axfe.f(:com.google.android.gms@204516015@20.45.16 (040300-344294571):6)
12-22 13:47:26.964 3761 5334 I NearbyDiscovery: at ajjw.b(:com.google.android.gms@204516015@20.45.16 (040300-344294571):5)
12-22 13:47:26.964 3761 5334 I NearbyDiscovery: at ajjn.run(:com.google.android.gms@204516015@20.45.16 (040300-344294571):3)
12-22 13:47:26.964 3761 5334 I NearbyDiscovery: at byzr.handleMessage(:com.google.android.gms@204516015@20.45.16 (040300-344294571):5)
12-22 13:47:26.964 3761 5334 I NearbyDiscovery: at android.os.Handler.dispatchMessage(Handler.java:106)
12-22 13:47:26.964 3761 5334 I NearbyDiscovery: at afpr.iH(:com.google.android.gms@204516015@20.45.16 (040300-344294571):0)
12-22 13:47:26.964 3761 5334 I NearbyDiscovery: at afpr.dispatchMessage(:com.google.android.gms@204516015@20.45.16 (040300-344294571):11)
12-22 13:47:26.964 3761 5334 I NearbyDiscovery: at android.os.Looper.loop(Looper.java:164)
12-22 13:47:26.964 3761 5334 I NearbyDiscovery: at android.os.HandlerThread.run(HandlerThread.java:65)
12-22 13:47:26.966 3761 5334 I NearbyDiscovery: FastPairHandler: Received action android.net.conn.CONNECTIVITY_CHANGE [CONTEXT service_id=49 ]
12-22 13:47:26.969 3911 4370 I Icing : Usage reports ok 0, Failed Usage reports 0, indexed 0, rejected 0
12-22 13:47:26.970 3761 5334 I NearbyDiscovery: FastPair: Baymax ConnectionTrackerManager: destroy [CONTEXT service_id=49 ]
12-22 13:47:26.971 3761 5334 I NearbyDiscovery: EventStreamLoggingManager: destroy, unbind service [CONTEXT service_id=49 ]
12-22 13:47:26.974 3761 5334 I NearbyDiscovery: Show notifications: 0 total, no changes since last shown, no-op. [CONTEXT service_id=49 ]
12-22 13:47:26.975 3761 5334 W NearbyShared: BTConnStateMgr: Already destroyed!
12-22 13:47:26.978 3761 3761 D BoundBrokerSvc: onBind: Intent { act=com.google.android.gms.nearby.sharing.START_SERVICE cmp=com.google.android.gms/.chimera.PersistentApiService }
12-22 13:47:26.979 3761 4308 I NearbyDiscovery: FastPairScanner2: Skipping stop, already stopped scanning [CONTEXT service_id=49 ]
12-22 13:47:26.980 3761 3761 D BoundBrokerSvc: Loading bound service for intent: Intent { act=com.google.android.gms.nearby.sharing.START_SERVICE cmp=com.google.android.gms/.chimera.PersistentApiService }
12-22 13:47:26.992 3761 3761 E BluetoothAdapter: Bluetooth binder is null
12-22 13:47:26.995 3761 5334 I NearbyDiscovery: DiscoveryService destroy EventLoop [CONTEXT service_id=49 ]
12-22 13:47:27.001 3911 4370 I GmsCoreXrpcWrapper: Returning a channel provider with trafficStatsTag=12803
12-22 13:47:27.038 3911 5141 I Wear_Controller: Wearable module requires a companion app to be installed.
12-22 13:47:27.039 3911 5141 I Wear_Controller: onStartup - Wear is not available on this device.
12-22 13:47:27.044 3761 3761 I NearbySharing: NearbySharingService created [CONTEXT service_id=194 ]
12-22 13:47:27.050 3911 4370 I Icing : Usage reports ok 0, Failed Usage reports 0, indexed 0, rejected 0
12-22 13:47:27.064 3911 4370 I GmsCoreXrpcWrapper: Returning a channel provider with trafficStatsTag=12803
12-22 13:47:27.105 5364 5364 W ProviderHelper: Unknown dynamite feature providerinstaller.dynamite
12-22 13:47:27.107 5364 5364 I DynamiteModule: Considering local module com.google.android.gms.providerinstaller.dynamite:1 and remote module com.google.android.gms.providerinstaller.dynamite:0
12-22 13:47:27.107 5364 5364 I DynamiteModule: Selected local version of com.google.android.gms.providerinstaller.dynamite
12-22 13:47:27.117 3911 4370 I Icing : Usage reports ok 0, Failed Usage reports 0, indexed 0, rejected 0
12-22 13:47:27.118 5364 5364 V NativeCrypto: Registering com/google/android/gms/org/conscrypt/NativeCrypto's 288 native methods...
12-22 13:47:27.119 3761 3761 I rcs : [RcsBindingManager] Checking if we should rebind to previous service. Attempt 0
12-22 13:47:27.119 3761 3761 I rcs : [RcsBindingManager] No valid settings for binding.
12-22 13:47:27.144 3761 3761 E BluetoothAdapter: Bluetooth binder is null
12-22 13:47:27.158 5364 5364 D NetworkSecurityConfig: Using Network Security Config from resource network_security_config debugBuild: false
12-22 13:47:27.162 5364 5364 I ProviderInstaller: Installed default security provider GmsCore_OpenSSL
12-22 13:47:27.162 5364 5364 I Safeboot: Checking safeboot...
12-22 13:47:27.162 5364 5364 I Safeboot: Not entering safeboot; wrong process.
12-22 13:47:27.179 3296 3312 W JobInfo : Specified flex for 106113 is +57m36s0ms. Clamped to +1h12m0s0ms
12-22 13:47:27.204 3761 5352 I NetRec : [178] ClearDatabaseService.onHandleIntent: Clearing score cache
12-22 13:47:27.319 3296 3828 W ActivityManager: Slow operation: 62ms so far, now at getContentProviderImpl: incProviderCountLocked
12-22 13:47:27.319 3296 3828 W ActivityManager: Slow operation: 63ms so far, now at getContentProviderImpl: before updateLruProcess
12-22 13:47:27.320 3296 3828 W ActivityManager: Slow operation: 64ms so far, now at getContentProviderImpl: after updateLruProcess
12-22 13:47:27.320 3296 3828 W ActivityManager: Slow operation: 64ms so far, now at getContentProviderImpl: before updateOomAdj
12-22 13:47:27.325 3296 3828 W ActivityManager: Slow operation: 69ms so far, now at getContentProviderImpl: after updateOomAdj
12-22 13:47:27.325 3296 3828 W ActivityManager: Slow operation: 69ms so far, now at getContentProviderImpl: done!
12-22 13:47:27.337 3761 4301 I zygote : Deoptimizing com.google.android.gms.phenotype.ExperimentTokens aqea.b(aqco) due to JIT inline cache
12-22 13:47:27.350 3761 3761 I Thunderbird: starting outgoing sms listener [CONTEXT service_id=226 ]
12-22 13:47:27.386 3761 3761 I ExposureNotification: ENInternalService.onDestroy, com.google.android.gms.nearby.exposurenotification.service.ExposureNotificationInternalChimeraService@73ddd8d [CONTEXT service_id=236 ]
12-22 13:47:27.399 3761 4730 I aqhc : updateFromConfigurations using legacy put method [CONTEXT service_id=204 ]
12-22 13:47:27.450 5364 5364 I GMS_MM_Logger: Started.
12-22 13:47:27.453 5364 5364 I bgry : Primes not initialized, returning default (no-op) Primes instance which will ignore all calls. Please call Primes.initialize(...) before using any Primes API.
12-22 13:47:27.486 3761 4017 I NearbySharing: A new client has bound to the NearbySharingService ClientBridge for calling package com.google.android.gms [CONTEXT service_id=194 ]
12-22 13:47:27.520 3761 4730 I aqhc : updateFromConfigurations using legacy put method [CONTEXT service_id=204 ]
12-22 13:47:27.544 3761 3761 W Nearby : Bind call too late - someone already tried to get: interface bziw [CONTEXT service_id=49 ]
12-22 13:47:27.548 3296 3306 I zygote : Background concurrent copying GC freed 45106(3MB) AllocSpace objects, 30(1560KB) LOS objects, 49% free, 9MB/19MB, paused 177us total 133.066ms
12-22 13:47:27.612 3761 5350 I NearbyMessages: OfflineCache: old scanner cache is not enabled [CONTEXT service_id=62 ]
12-22 13:47:27.683 3761 4315 I NearbySharing: Broadcasting NearbySharing state change. [CONTEXT service_id=194 ]
12-22 13:47:27.689 3911 5386 W Conscrypt: Could not set socket write timeout: java.net.SocketException: Socket closed
12-22 13:47:27.689 3911 5386 W Conscrypt: at com.google.android.gms.org.conscrypt.Platform.setSocketWriteTimeout(:com.google.android.gms@204516015@20.45.16 (040300-344294571):2)
12-22 13:47:27.689 3911 5386 W Conscrypt: at com.google.android.gms.org.conscrypt.ConscryptFileDescriptorSocket.setSoWriteTimeout(:com.google.android.gms@204516015@20.45.16 (040300-344294571):0)
12-22 13:47:27.691 3761 4315 W NearbySharing: Cannot set visibility on DisabledNearbySharingProvider. [CONTEXT service_id=194 ]
12-22 13:47:27.734 3761 4315 I NearbySharing: Broadcasting NearbySharing state change. [CONTEXT service_id=194 ]
12-22 13:47:27.738 3761 4315 I NearbySharing: Screen is unlocked [CONTEXT service_id=194 ]
12-22 13:47:27.744 3761 4315 I NearbySharing: Failed to stop scanning because weren't scanning. [CONTEXT service_id=194 ]
12-22 13:47:27.745 3761 4315 I NearbySharing: Stopping discovery because Bluetooth is disabled. [CONTEXT service_id=194 ]
12-22 13:47:27.746 3761 4315 I NearbySharing: Can't stop advertising FastInitiation. Not advertising. [CONTEXT service_id=194 ]
12-22 13:47:27.748 3761 4315 I NearbySharing: Stopping Fast Init advertisement because Bluetooth is off. [CONTEXT service_id=194 ]
12-22 13:47:27.749 3761 4315 I NearbySharing: Failed to stop advertising because we weren't advertising. [CONTEXT service_id=194 ]
12-22 13:47:27.753 3761 4315 I NearbySharing: Stopping advertising because Bluetooth is disabled. [CONTEXT service_id=194 ]
12-22 13:47:27.753 3761 4315 I NearbySharing: Can't stop scanning for FastInitiation. Not scanning. [CONTEXT service_id=194 ]
12-22 13:47:27.766 3761 4315 I NearbySharing: Fast Initiation Scanning has stopped [CONTEXT service_id=194 ]
12-22 13:47:27.767 3761 4315 I NearbySharing: Stopping Fast Init because location is disabled. [CONTEXT service_id=194 ]
12-22 13:47:27.770 3761 4315 I NearbySharing: Location is enabled [CONTEXT service_id=194 ]
12-22 13:47:27.771 3761 4315 I NearbySharing: Failed to stop scanning because weren't scanning. [CONTEXT service_id=194 ]
12-22 13:47:27.774 3761 4315 I NearbySharing: Stopping discovery because Bluetooth is disabled. [CONTEXT service_id=194 ]
12-22 13:47:27.775 3761 4315 I NearbySharing: Can't stop advertising FastInitiation. Not advertising. [CONTEXT service_id=194 ]
12-22 13:47:27.775 3761 4315 I NearbySharing: Stopping Fast Init advertisement because Bluetooth is off. [CONTEXT service_id=194 ]
12-22 13:47:27.776 3761 4315 I NearbySharing: Failed to stop advertising because we weren't advertising. [CONTEXT service_id=194 ]
12-22 13:47:27.777 3761 4315 I NearbySharing: Stopping advertising because Bluetooth is disabled. [CONTEXT service_id=194 ]
12-22 13:47:27.777 3761 4315 I NearbySharing: Can't stop scanning for FastInitiation. Not scanning. [CONTEXT service_id=194 ]
12-22 13:47:27.779 3761 4315 I NearbySharing: Fast Initiation Scanning has stopped [CONTEXT service_id=194 ]
12-22 13:47:27.785 3761 4315 I NearbySharing: Stopping Fast Init because Bluetooth is disabled. [CONTEXT service_id=194 ]
12-22 13:47:27.788 3761 4315 I NearbySharing: Bluetooth is disabled [CONTEXT service_id=194 ]
12-22 13:47:27.791 3761 4315 I NearbySharing: Failed to stop scanning because weren't scanning. [CONTEXT service_id=194 ]
12-22 13:47:27.791 3761 4315 I NearbySharing: Stopping discovery because Bluetooth is disabled. [CONTEXT service_id=194 ]
12-22 13:47:27.792 3761 4315 I NearbySharing: Can't stop advertising FastInitiation. Not advertising. [CONTEXT service_id=194 ]
12-22 13:47:27.793 3761 4315 I NearbySharing: Stopping Fast Init advertisement because Bluetooth is off. [CONTEXT service_id=194 ]
12-22 13:47:27.793 3761 4315 I NearbySharing: Failed to stop advertising because we weren't advertising. [CONTEXT service_id=194 ]
12-22 13:47:27.794 3761 4315 I NearbySharing: Stopping advertising because Bluetooth is disabled. [CONTEXT service_id=194 ]
12-22 13:47:27.794 3761 4315 I NearbySharing: Can't stop scanning for FastInitiation. Not scanning. [CONTEXT service_id=194 ]
12-22 13:47:27.797 3761 4315 I NearbySharing: Fast Initiation Scanning has stopped [CONTEXT service_id=194 ]
12-22 13:47:27.798 3761 4315 I NearbySharing: Stopping Fast Init because Bluetooth is disabled. [CONTEXT service_id=194 ]
12-22 13:47:27.799 3761 4315 I NearbySharing: A ReceiveSurface(BACKGROUND) has been registered [CONTEXT service_id=194 ]
12-22 13:47:27.800 3761 4315 I NearbySharing: Failed to stop advertising because we weren't advertising. [CONTEXT service_id=194 ]
12-22 13:47:27.801 3911 5386 W Conscrypt: Could not set socket write timeout: java.net.SocketException: Socket closed
12-22 13:47:27.801 3761 4315 I NearbySharing: Stopping advertising because Bluetooth is disabled. [CONTEXT service_id=194 ]
12-22 13:47:27.801 3911 5386 W Conscrypt: at com.google.android.gms.org.conscrypt.Platform.setSocketWriteTimeout(:com.google.android.gms@204516015@20.45.16 (040300-344294571):2)
12-22 13:47:27.801 3911 5386 W Conscrypt: at com.google.android.gms.org.conscrypt.ConscryptFileDescriptorSocket.setSoWriteTimeout(:com.google.android.gms@204516015@20.45.16 (040300-344294571):0)
12-22 13:47:27.801 3761 4315 I NearbySharing: Can't stop scanning for FastInitiation. Not scanning. [CONTEXT service_id=194 ]
12-22 13:47:27.806 3761 4315 I NearbySharing: Fast Initiation Scanning has stopped [CONTEXT service_id=194 ]
12-22 13:47:27.806 3761 4315 I NearbySharing: Stopping Fast Init because Bluetooth is disabled. [CONTEXT service_id=194 ]
12-22 13:47:27.827 3761 4315 I NearbySharing: Broadcasting NearbySharing state change. [CONTEXT service_id=194 ]
12-22 13:47:27.828 3761 4315 W NearbySharing: Cannot get discovered share targets on DisabledNearbySharingProvider. [CONTEXT service_id=194 ]
12-22 13:47:27.829 3761 4315 I NearbySharing: A SendSurface(BACKGROUND) has been registered [CONTEXT service_id=194 ]
12-22 13:47:27.829 3761 4315 I NearbySharing: Failed to stop scanning because weren't scanning. [CONTEXT service_id=194 ]
12-22 13:47:27.831 3761 4315 I NearbySharing: Stopping discovery because Bluetooth is disabled. [CONTEXT service_id=194 ]
12-22 13:47:27.831 3761 4315 I NearbySharing: Can't stop advertising FastInitiation. Not advertising. [CONTEXT service_id=194 ]
12-22 13:47:27.831 3761 4315 I NearbySharing: Stopping Fast Init advertisement because Bluetooth is off. [CONTEXT service_id=194 ]
12-22 13:47:27.834 3761 5352 I zygote : Deoptimizing brsd brhq.D(int) due to JIT inline cache
12-22 13:47:27.843 3761 4315 I NearbySharing: Broadcasting NearbySharing state change. [CONTEXT service_id=194 ]
12-22 13:47:27.850 3911 3911 D BoundBrokerSvc: onUnbind: Intent { act=com.google.android.gms.checkin.START pkg=com.google.android.gms }
12-22 13:47:27.903 3761 5408 I TapAndPay: getInstance: new instance created [CONTEXT service_id=79 ]
12-22 13:47:27.912 3761 3761 D BoundBrokerSvc: onBind: Intent { act=com.google.android.gms.facs.cache.service.START cmp=com.google.android.gms/.chimera.PersistentApiService }
12-22 13:47:27.912 3761 3761 D BoundBrokerSvc: Loading bound service for intent: Intent { act=com.google.android.gms.facs.cache.service.START cmp=com.google.android.gms/.chimera.PersistentApiService }
12-22 13:47:27.970 3296 3976 W BroadcastQueue: Permission Denial: broadcasting Intent { act=com.google.android.checkin.CHECKIN_COMPLETE flg=0x1000010 (has extras) } from com.google.android.gms (pid=3911, uid=10013) is not exported from uid 10020 due to receiver com.android.vending/com.google.android.finsky.checkin.CheckinReceiver
12-22 13:47:28.009 3761 3766 I zygote : Do full code cache collection, code=508KB, data=381KB
12-22 13:47:28.011 3761 3766 I zygote : After code cache collection, code=468KB, data=316KB
12-22 13:47:28.056 3761 4017 I FacsCacheGmsModule: Receiving API connection to FACS API from package 'com.google.android.gms'...
12-22 13:47:28.060 3761 5408 I TapAndPay: Maintaining payment bundles [CONTEXT service_id=79 ]
12-22 13:47:28.066 3761 3773 I zygote : Background concurrent copying GC freed 105946(5MB) AllocSpace objects, 59(1600KB) LOS objects, 49% free, 8MB/17MB, paused 360us total 151.932ms
12-22 13:47:28.094 3761 5408 V NFC : this device does not have NFC support
12-22 13:47:28.096 3761 5408 W TapAndPay: Failed to get CardEmulation instance. [CONTEXT service_id=79 ]
12-22 13:47:28.096 3761 5408 W TapAndPay: java.lang.NullPointerException: NfcAdapter is null
12-22 13:47:28.096 3761 5408 W TapAndPay: at android.nfc.cardemulation.CardEmulation.getInstance(CardEmulation.java:146)
12-22 13:47:28.096 3761 5408 W TapAndPay: at avqk.f(:com.google.android.gms@204516015@20.45.16 (040300-344294571):0)
12-22 13:47:28.096 3761 5408 W TapAndPay: at avqk.c(:com.google.android.gms@204516015@20.45.16 (040300-344294571):1)
12-22 13:47:28.096 3761 5408 W TapAndPay: at awdp.b(:com.google.android.gms@204516015@20.45.16 (040300-344294571):205)
12-22 13:47:28.096 3761 5408 W TapAndPay: at com.google.android.gms.tapandpay.paymentbundle.PaymentBundleIntentOperation.a(:com.google.android.gms@204516015@20.45.16 (040300-344294571):2)
12-22 13:47:28.096 3761 5408 W TapAndPay: at avlc.onHandleIntent(:com.google.android.gms@204516015@20.45.16 (040300-344294571):2)
12-22 13:47:28.096 3761 5408 W TapAndPay: at com.google.android.chimera.IntentOperation.onHandleIntent(:com.google.android.gms@204516015@20.45.16 (040300-344294571):2)
12-22 13:47:28.096 3761 5408 W TapAndPay: at rbz.onHandleIntent(:com.google.android.gms@204516015@20.45.16 (040300-344294571):6)
12-22 13:47:28.096 3761 5408 W TapAndPay: at cxi.run(:com.google.android.gms@204516015@20.45.16 (040300-344294571):4)
12-22 13:47:28.096 3761 5408 W TapAndPay: at cxh.run(:com.google.android.gms@204516015@20.45.16 (040300-344294571):11)
12-22 13:47:28.096 3761 5408 W TapAndPay: at bpjt.run(:com.google.android.gms@204516015@20.45.16 (040300-344294571):2)
12-22 13:47:28.096 3761 5408 W TapAndPay: at java.util.concurrent.ThreadPoolExecutor.runWorker(ThreadPoolExecutor.java:1162)
12-22 13:47:28.096 3761 5408 W TapAndPay: at java.util.concurrent.ThreadPoolExecutor$Worker.run(ThreadPoolExecutor.java:636)
12-22 13:47:28.096 3761 5408 W TapAndPay: at java.lang.Thread.run(Thread.java:764)
12-22 13:47:28.096 3761 5408 I TapAndPay: Finished maintaining payment bundles [CONTEXT service_id=79 ]
12-22 13:47:28.128 3761 4017 I FacsCacheGmsModule: API connection successful!
12-22 13:47:28.150 3911 3911 D BoundBrokerSvc: onBind: Intent { act=com.google.android.gms.facs.internal.service.START cmp=com.google.android.gms/.chimera.GmsInternalApiService }
12-22 13:47:28.150 3911 3911 D BoundBrokerSvc: Loading bound service for intent: Intent { act=com.google.android.gms.facs.internal.service.START cmp=com.google.android.gms/.chimera.GmsInternalApiService }
12-22 13:47:28.154 3761 4017 I FacsCacheGmsModule: Received 'getActivityControlsSettings' request from package 'com.google.android.gms', instance id 'gmscoreinmemoryfacscache_nearby_sharing', version '1'...
12-22 13:47:28.156 3761 4017 I FacsCacheGmsModule: Operation 'getActivityControlsSettings' dispatched!
12-22 13:47:28.156 3761 4269 I FacsCacheGmsModule: Executing operation 'GetActivityControlsSettingsOperation'...
12-22 13:47:28.170 3761 4308 I GCoreUlr: WorldUpdater received intent Intent { act=com.google.android.location.reporting.ACTION_UPDATE_WORLD cmp=com.google.android.gms/com.google.android.location.reporting.service.DispatchingService (has extras) } with receiverAction init
12-22 13:47:28.186 3911 5382 I FacsCacheGmsModule: Receiving API connection to internal FACS API...
12-22 13:47:28.216 3296 3592 I WifiService: isScanAlwaysAvailable uid=10013
12-22 13:47:28.218 3761 4308 E BluetoothAdapter: Bluetooth binder is null
12-22 13:47:28.220 3296 3478 I WifiService: getWifiEnabledState uid=10013
12-22 13:47:28.240 3761 4308 I GCoreUlr: WorldUpdater:init: Ensuring that reporting is active for [account#-10#]
12-22 13:47:28.259 3761 4308 I GCoreUlr: Registered for wifi state change updates
12-22 13:47:28.266 3296 3312 W JobInfo : Specified flex for 106906 is +57m36s0ms. Clamped to +1h12m0s0ms
12-22 13:47:28.352 3761 4269 I FacsCacheGmsModule: Operation 'GetActivityControlsSettingsOperation' successful!
12-22 13:47:28.462 3911 3922 I zygote : Background concurrent copying GC freed 33042(2MB) AllocSpace objects, 36(1096KB) LOS objects, 49% free, 7MB/14MB, paused 107us total 111.996ms
12-22 13:47:28.492 3761 4298 I zygote : Deoptimizing boolean bqwq.hasNext() due to JIT inline cache
12-22 13:47:28.549 3911 5382 I FacsCacheGmsModule: API connection successful!
12-22 13:47:28.664 3761 4308 I GCoreUlr: GMS FLP location updates requested: # caib@5a123e0f
12-22 13:47:28.673 3761 4308 I GCoreUlr: GMS AR updates requested: UlrSampleSpec{mSamplePeriodMs=120000, mSampleMinMillis=15000, mActivitySampleMillis=240000, mMaxWaitTimeMillis=600000, mSourcePackage=10013:com.google.android.gms}
12-22 13:47:28.683 3761 4215 W GCoreFlp: No location to return for getLastLocation()
12-22 13:47:28.685 3761 4215 W GCoreFlp: No location to return for getLastLocation()
12-22 13:47:28.792 3296 3476 I WifiService: getWifiEnabledState uid=10013
12-22 13:47:28.954 3761 3761 D BoundBrokerSvc: onUnbind: Intent { act=com.google.android.gms.herrevad.services.LightweightNetworkQualityAndroidService.START pkg=com.google.android.gms }
12-22 13:47:28.999 3761 3766 I zygote : Do partial code cache collection, code=474KB, data=329KB
12-22 13:47:29.001 3761 3766 I zygote : After code cache collection, code=472KB, data=329KB
12-22 13:47:29.001 3761 3766 I zygote : Increasing code cache capacity to 2MB
12-22 13:47:29.083 3761 5352 I anfk : Creating notification channcel: com.google.android.gms.notifications::SECURITY_ALERTS [CONTEXT service_id=110 ]
