--------- beginning of system
01-01 01:00:12.515 3006 3006 I vold : Vold 3.0 (the awakening) firing up
01-01 01:00:12.516 3006 3006 V vold : Detected support for: exfat ext4 ntfs vfat
01-01 01:00:12.519 3006 3006 W vold : [libfs_mgr]fs_mgr_read_fstab_default boot_mode 0
01-01 01:00:12.519 3006 3006 W vold : [libfs_mgr]fs_mgr_read_fstab_default eMMC boot_mode
01-01 01:00:12.520 3006 3006 I vold : [libfs_mgr]fs_mgr_read_fstab_dt(): failed to read fstab from dt
01-01 01:00:12.526 3006 3010 D vold : e4crypt_init_user0
01-01 01:00:12.526 3006 3010 D vold : e4crypt_prepare_user_storage for volume null, user 0, serial 0, flags 1
01-01 01:00:12.526 3006 3010 D vold : Preparing: /data/system/users/0
01-01 01:00:12.526 3006 3010 D vold : Preparing: /data/misc/profiles/cur/0
01-01 01:00:12.527 3006 3010 D vold : Preparing: /data/system_de/0
01-01 01:00:12.527 3006 3010 D vold : Preparing: /data/misc_de/0
01-01 01:00:12.528 3006 3010 D vold : Preparing: /data/user_de/0
01-01 01:00:12.528 3006 3010 D vold : e4crypt_unlock_user_key 0 serial=0 token_present=0
01-01 01:00:12.569 3006 3008 V vold : /system/bin/sgdisk
01-01 01:00:12.569 3006 3008 V vold : --android-dump
01-01 01:00:12.569 3006 3008 V vold : /dev/block/vold/disk:179_24
01-01 01:00:12.616 3006 3008 V vold : DISK mbr
01-01 01:00:12.616 3006 3008 V vold :
01-01 01:00:12.616 3006 3008 V vold : PART 1 c
01-01 01:00:12.616 3006 3008 V vold :
01-01 01:00:13.220 3082 3082 I android.hardware.wifi@1.0-service: Wifi Hal is booting up...
01-01 01:00:14.213 3185 3185 I installd: installd firing up
01-01 01:00:14.291 3192 3192 I wificond: wificond is starting up...
01-01 01:00:14.400 3191 3220 I /system/bin/storaged: storaged: Start
01-01 01:00:14.747 3048 3048 D Zygote32Timing: BeginIcuCachePinning took to complete: 110ms
01-01 01:00:15.545 3048 3048 D Zygote32Timing: PreloadClasses took to complete: 798ms
01-01 01:00:15.807 3048 3048 D Zygote32Timing: PreloadResources took to complete: 262ms
01-01 01:00:15.840 3048 3048 D Zygote32Timing: ZygotePreload took to complete: 1205ms
01-01 01:00:15.881 3048 3048 D Zygote32Timing: PostZygoteInitGC took to complete: 41ms
01-01 01:00:15.881 3048 3048 D Zygote32Timing: ZygoteInit took to complete: 1251ms
01-01 01:00:16.507 3296 3296 I SystemServer: InitBeforeStartServices
01-01 01:00:16.507 3296 3296 I SystemServer: Entered the Android system server!
01-01 01:00:16.718 3296 3296 D SystemServerTiming: InitBeforeStartServices took to complete: 210ms
01-01 01:00:16.718 3296 3296 I SystemServer: StartServices
01-01 01:00:16.718 3296 3296 I SystemServer: Reading configuration...
01-01 01:00:16.718 3296 3296 I SystemServer: ReadingSystemConfig
01-01 01:00:16.719 3296 3296 D SystemServerTiming: ReadingSystemConfig took to complete: 0ms
01-01 01:00:16.719 3296 3296 I SystemServer: StartInstaller
01-01 01:00:16.719 3296 3296 I SystemServiceManager: Starting com.android.server.pm.Installer
01-01 01:00:16.719 3296 3311 D SystemServerInitThreadPool: Started executing ReadingSystemConfig
01-01 01:00:16.723 3296 3296 D SystemServerTiming: StartInstaller took to complete: 3ms
01-01 01:00:16.723 3296 3296 I SystemServer: DeviceIdentifiersPolicyService
01-01 01:00:16.723 3296 3296 I SystemServiceManager: Starting com.android.server.os.DeviceIdentifiersPolicyService
01-01 01:00:16.724 3296 3296 D SystemServerTiming: DeviceIdentifiersPolicyService took to complete: 1ms
01-01 01:00:16.724 3296 3296 I SystemServer: StartActivityManager
01-01 01:00:16.724 3296 3296 I SystemServiceManager: Starting com.android.server.am.ActivityManagerService$Lifecycle
01-01 01:00:16.766 3296 3311 D SystemServerInitThreadPool: Finished executing ReadingSystemConfig
01-01 01:00:16.889 3296 3296 I ActivityManager: Memory class: 192
01-01 01:00:16.890 3296 3313 I ServiceThread: Enabled StrictMode logging for ActivityManager looper.
01-01 01:00:16.896 3296 3314 I ServiceThread: Enabled StrictMode logging for android.ui looper.
01-01 01:00:16.954 3296 3296 D BatteryStatsImpl: Reading daily items from /data/system/batterystats-daily.xml
01-01 01:00:16.971 3296 3316 E BatteryExternalStatsWorker: no controller energy info supplied for telephony
01-01 01:00:16.971 3296 3316 E KernelUidCpuTimeReader: Failed to read uid_cputime: /proc/uid_cputime/show_uid_stat (No such file or directory)
01-01 01:00:16.971 3296 3316 E KernelUidCpuFreqTimeReader: Failed to read /proc/uid_time_in_state: java.io.FileNotFoundException: /proc/uid_time_in_state (No such file or directory)
01-01 01:00:16.972 3296 3316 E KernelWakelockReader: neither /proc/wakelocks nor /d/wakeup_sources exists
01-01 01:00:16.981 3296 3316 E AndroidRuntime: Error reporting WTF
01-01 01:00:16.981 3296 3316 E AndroidRuntime: java.lang.NullPointerException: Attempt to invoke interface method 'boolean android.app.IActivityManager.handleApplicationWtf(android.os.IBinder, java.lang.String, boolean, android.app.ApplicationErrorReport$ParcelableCrashInfo)' on a null object reference
01-01 01:00:16.981 3296 3316 E AndroidRuntime: at com.android.internal.os.RuntimeInit.wtf(RuntimeInit.java:332)
01-01 01:00:16.981 3296 3316 E AndroidRuntime: at android.util.Log$1.onTerribleFailure(Log.java:110)
01-01 01:00:16.981 3296 3316 E AndroidRuntime: at android.util.Log.wtf(Log.java:304)
01-01 01:00:16.981 3296 3316 E AndroidRuntime: at android.util.Slog.wtf(Slog.java:82)
01-01 01:00:16.981 3296 3316 E AndroidRuntime: at com.android.internal.os.KernelWakelockReader.readKernelWakelockStats(KernelWakelockReader.java:82)
01-01 01:00:16.981 3296 3316 E AndroidRuntime: at com.android.internal.os.BatteryStatsImpl.updateKernelWakelocksLocked(BatteryStatsImpl.java:10380)
01-01 01:00:16.981 3296 3316 E AndroidRuntime: at com.android.server.am.BatteryExternalStatsWorker.updateExternalStatsLocked(BatteryExternalStatsWorker.java:263)
01-01 01:00:16.981 3296 3316 E AndroidRuntime: at com.android.server.am.BatteryExternalStatsWorker.-wrap0(Unknown Source:0)
01-01 01:00:16.981 3296 3316 E AndroidRuntime: at com.android.server.am.BatteryExternalStatsWorker$1.run(BatteryExternalStatsWorker.java:180)
01-01 01:00:16.981 3296 3316 E AndroidRuntime: at java.util.concurrent.Executors$RunnableAdapter.call(Executors.java:457)
01-01 01:00:16.981 3296 3316 E AndroidRuntime: at java.util.concurrent.FutureTask.run(FutureTask.java:266)
01-01 01:00:16.981 3296 3316 E AndroidRuntime: at java.util.concurrent.ThreadPoolExecutor.runWorker(ThreadPoolExecutor.java:1162)
01-01 01:00:16.981 3296 3316 E AndroidRuntime: at java.util.concurrent.ThreadPoolExecutor$Worker.run(ThreadPoolExecutor.java:636)
01-01 01:00:16.981 3296 3316 E AndroidRuntime: at java.lang.Thread.run(Thread.java:764)
01-01 01:00:16.982 3296 3316 E AndroidRuntime: Original WTF:
01-01 01:00:16.982 3296 3316 E AndroidRuntime: android.util.Log$TerribleFailure: neither /proc/wakelocks nor /d/wakeup_sources exists
01-01 01:00:16.982 3296 3316 E AndroidRuntime: at android.util.Log.wtf(Log.java:299)
01-01 01:00:16.982 3296 3316 E AndroidRuntime: at android.util.Slog.wtf(Slog.java:82)
01-01 01:00:16.982 3296 3316 E AndroidRuntime: at com.android.internal.os.KernelWakelockReader.readKernelWakelockStats(KernelWakelockReader.java:82)
01-01 01:00:16.982 3296 3316 E AndroidRuntime: at com.android.internal.os.BatteryStatsImpl.updateKernelWakelocksLocked(BatteryStatsImpl.java:10380)
01-01 01:00:16.982 3296 3316 E AndroidRuntime: at com.android.server.am.BatteryExternalStatsWorker.updateExternalStatsLocked(BatteryExternalStatsWorker.java:263)
01-01 01:00:16.982 3296 3316 E AndroidRuntime: at com.android.server.am.BatteryExternalStatsWorker.-wrap0(Unknown Source:0)
01-01 01:00:16.982 3296 3316 E AndroidRuntime: at com.android.server.am.BatteryExternalStatsWorker$1.run(BatteryExternalStatsWorker.java:180)
01-01 01:00:16.982 3296 3316 E AndroidRuntime: at java.util.concurrent.Executors$RunnableAdapter.call(Executors.java:457)
01-01 01:00:16.982 3296 3316 E AndroidRuntime: at java.util.concurrent.FutureTask.run(FutureTask.java:266)
01-01 01:00:16.982 3296 3316 E AndroidRuntime: at java.util.concurrent.ThreadPoolExecutor.runWorker(ThreadPoolExecutor.java:1162)
01-01 01:00:16.982 3296 3316 E AndroidRuntime: at java.util.concurrent.ThreadPoolExecutor$Worker.run(ThreadPoolExecutor.java:636)
01-01 01:00:16.982 3296 3316 E AndroidRuntime: at java.lang.Thread.run(Thread.java:764)
01-01 01:00:16.982 3296 3316 W BatteryStatsImpl: Couldn't get kernel wake lock stats
01-01 01:00:16.982 3296 3316 W KernelMemoryBandwidthStats: No kernel memory bandwidth stats available
01-01 01:00:17.122 3296 3296 I IntentFirewall: Read new rules (A:0 B:0 S:0)
01-01 01:00:17.148 3296 3321 I ServiceThread: Enabled StrictMode logging for android.display looper.
01-01 01:00:17.159 3296 3296 D AppOps : AppOpsService published
01-01 01:00:17.161 3296 3296 D SystemServerTiming: StartActivityManager took to complete: 438ms
01-01 01:00:17.161 3296 3296 I SystemServer: StartPowerManager
01-01 01:00:17.161 3296 3296 I SystemServiceManager: Starting com.android.server.power.PowerManagerService
01-01 01:00:17.163 3296 3323 I ServiceThread: Enabled StrictMode logging for PowerManagerService looper.
01-01 01:00:17.170 3296 3296 D SystemServerTiming: StartPowerManager took to complete: 8ms
01-01 01:00:17.170 3296 3296 I SystemServer: InitPowerManagement
01-01 01:00:17.172 3296 3296 D SystemServerTiming: InitPowerManagement took to complete: 3ms
01-01 01:00:17.172 3296 3296 I SystemServer: StartRecoverySystemService
01-01 01:00:17.172 3296 3296 I SystemServiceManager: Starting com.android.server.RecoverySystemService
01-01 01:00:17.175 3296 3296 D SystemServerTiming: StartRecoverySystemService took to complete: 2ms
01-01 01:00:17.179 3296 3296 W RescueParty: Noticed 1 events for UID 0 in last 22 sec
01-01 01:00:17.179 3296 3296 I SystemServer: StartLightsService
01-01 01:00:17.179 3296 3296 I SystemServiceManager: Starting com.android.server.lights.LightsService
01-01 01:00:17.181 3296 3296 D SystemServerTiming: StartLightsService took to complete: 1ms
01-01 01:00:17.181 3296 3296 I SystemServer: StartDisplayManager
01-01 01:00:17.181 3296 3296 I SystemServiceManager: Starting com.android.server.display.DisplayManagerService
01-01 01:00:17.198 3296 3296 D SystemServerTiming: StartDisplayManager took to complete: 17ms
01-01 01:00:17.199 3296 3296 I SystemServer: WaitForDisplay
01-01 01:00:17.199 3296 3296 I SystemServiceManager: Starting phase 100
01-01 01:00:17.199 3296 3321 W LocalDisplayAdapter: Unable to get active color mode for display device 0
01-01 01:00:17.204 3296 3321 E LocalDisplayAdapter: Default and active color mode is no longer available! Reverting to first available mode.
01-01 01:00:17.205 3296 3321 W LocalDisplayAdapter: Unable to get active color mode for display device 1
01-01 01:00:17.205 3296 3321 E LocalDisplayAdapter: Default and active color mode is no longer available! Reverting to first available mode.
01-01 01:00:17.209 3296 3321 I DisplayManagerService: Display device added: DisplayDeviceInfo{"Built-in Screen": uniqueId="local:0", 1280 x 720, modeId 1, defaultModeId 1, supportedModes [{id=1, width=1280, height=720, fps=60.000004}], colorMode -22, supportedColorModes [-22], HdrCapabilities android.view.Display$HdrCapabilities@a69d6308, density 160, 48.023 x 63.062 dpi, appVsyncOff 1000000, presDeadline 16666666, touch INTERNAL, rotation 0, type BUILT_IN, state UNKNOWN, FLAG_DEFAULT_DISPLAY, FLAG_ROTATES_WITH_CONTENT, FLAG_SECURE, FLAG_SUPPORTS_PROTECTED_BUFFERS}
01-01 01:00:17.213 3296 3296 D SystemServerTiming: WaitForDisplay took to complete: 14ms
01-01 01:00:17.213 3296 3296 I SystemServer: StartPackageManagerService
01-01 01:00:17.213 3296 3321 I DisplayManagerService: Display device added: DisplayDeviceInfo{"HDMI Screen": uniqueId="local:1", 1280 x 720, modeId 2, defaultModeId 2, supportedModes [{id=2, width=1280, height=720, fps=60.000004}], colorMode -22, supportedColorModes [-22], HdrCapabilities android.view.Display$HdrCapabilities@a69d6308, density 213, 213.0 x 213.0 dpi, appVsyncOff 1000000, presDeadline 16666666, touch EXTERNAL, rotation 0, type HDMI, state UNKNOWN, FLAG_SECURE, FLAG_SUPPORTS_PROTECTED_BUFFERS, FLAG_PRESENTATION}
01-01 01:00:17.214 3296 3321 I DisplayManagerService: Display device changed state: "Built-in Screen", ON
01-01 01:00:17.215 3296 3321 I DisplayManagerService: Display device changed state: "HDMI Screen", ON
01-01 01:00:17.447 3296 3296 D SELinuxMMAC: Using policy file /system/etc/selinux/plat_mac_permissions.xml
01-01 01:00:17.450 3296 3296 D SELinuxMMAC: Using policy file /vendor/etc/selinux/nonplat_mac_permissions.xml
01-01 01:00:17.728 3296 3296 W PackageManager: Permission already added: android.permission.WRITE_MEDIA_STORAGE
01-01 01:00:17.768 3296 3296 W PackageManager: Permission already added: android.permission.WRITE_MEDIA_STORAGE
01-01 01:00:17.925 3296 3296 W PackageManager: Failed to parse /system/framework/oat: No packages found in split
01-01 01:00:18.121 3296 3296 W PackageManager: Failed to scan /system/priv-app/Phonesky: Package com.android.vending at /system/priv-app/Phonesky ignored: updated version 82313010 better than this 82272110
01-01 01:00:18.169 3296 3296 W PackageManager: Failed to parse /system/priv-app/Velvet: No packages found in split
01-01 01:00:18.169 3296 3296 W PackageManager: Failed to parse /system/priv-app/VpnDialogs: No packages found in split
01-01 01:00:18.169 3296 3296 W PackageManager: Failed to parse /system/priv-app/WallpaperCropper: No packages found in split
01-01 01:00:18.171 3296 3296 W PackageManager: Failed to scan /system/priv-app/PrebuiltGmsCore: Package com.google.android.gms at /system/priv-app/PrebuiltGmsCore ignored: updated version 204516015 better than this 204215063
01-01 01:00:18.188 3296 3332 W PackageParser: Failed to parse /system/priv-app/Turbo/Turbo.apk
01-01 01:00:18.188 3296 3332 W PackageParser: java.io.FileNotFoundException: AndroidManifest.xml
01-01 01:00:18.188 3296 3332 W PackageParser: at android.content.res.AssetManager.openXmlAssetNative(Native Method)
01-01 01:00:18.188 3296 3332 W PackageParser: at android.content.res.AssetManager.openXmlBlockAsset(AssetManager.java:560)
01-01 01:00:18.188 3296 3332 W PackageParser: at android.content.res.AssetManager.openXmlResourceParser(AssetManager.java:528)
01-01 01:00:18.188 3296 3332 W PackageParser: at android.content.pm.PackageParser.parseApkLite(PackageParser.java:1773)
01-01 01:00:18.188 3296 3332 W PackageParser: at android.content.pm.PackageParser.parseClusterPackageLite(PackageParser.java:927)
01-01 01:00:18.188 3296 3332 W PackageParser: at android.content.pm.PackageParser.parseClusterPackage(PackageParser.java:1227)
01-01 01:00:18.188 3296 3332 W PackageParser: at android.content.pm.PackageParser.parsePackage(PackageParser.java:1027)
01-01 01:00:18.188 3296 3332 W PackageParser: at com.android.server.pm.ParallelPackageParser.parsePackage(ParallelPackageParser.java:138)
01-01 01:00:18.188 3296 3332 W PackageParser: at com.android.server.pm.ParallelPackageParser.lambda$-com_android_server_pm_ParallelPackageParser_3701(ParallelPackageParser.java:117)
01-01 01:00:18.188 3296 3332 W PackageParser: at com.android.server.pm.-$Lambda$i1ZZeLvwPPAZVBl_nnQ0C2t5oMs.$m$2(Unknown Source:10)
01-01 01:00:18.188 3296 3332 W PackageParser: at com.android.server.pm.-$Lambda$i1ZZeLvwPPAZVBl_nnQ0C2t5oMs.run(Unknown Source:19)
01-01 01:00:18.188 3296 3332 W PackageParser: at java.util.concurrent.Executors$RunnableAdapter.call(Executors.java:457)
01-01 01:00:18.188 3296 3332 W PackageParser: at java.util.concurrent.FutureTask.run(FutureTask.java:266)
01-01 01:00:18.188 3296 3332 W PackageParser: at java.util.concurrent.ThreadPoolExecutor.runWorker(ThreadPoolExecutor.java:1162)
01-01 01:00:18.188 3296 3332 W PackageParser: at java.util.concurrent.ThreadPoolExecutor$Worker.run(ThreadPoolExecutor.java:636)
01-01 01:00:18.188 3296 3332 W PackageParser: at com.android.internal.util.ConcurrentUtils$1$1.run(ConcurrentUtils.java:59)
01-01 01:00:18.188 3296 3296 W PackageManager: Failed to parse /system/priv-app/Turbo: Failed to parse /system/priv-app/Turbo/Turbo.apk
01-01 01:00:18.206 3296 3296 W PackageManager: Failed to parse /system/priv-app/Updater: No packages found in split
01-01 01:00:18.336 3296 3296 W PackageManager: Failed to parse /system/app/mcRegistry: Missing base APK in /system/app/mcRegistry
01-01 01:00:18.342 3296 3296 I PackageManager: Finished scanning system apps. Time: 433 ms, packageCount: 100 , timePerPackage: 4 , cached: 102
01-01 01:00:18.435 3296 3339 W PackageParser: Ignoring duplicate uses-permissions/uses-permissions-sdk-m: android.permission.ACCESS_NETWORK_STATE in package: com.spotify.music at: Binary XML file line #70
01-01 01:00:18.475 3296 3339 I PackageParser: Parse times for '/data/app/com.spotify.music-Okry18r0sIr5IrY3P8GWtw==': parse=107ms, update_cache=19 ms
01-01 01:00:18.506 3296 3342 W PackageParser: Ignoring duplicate uses-permissions/uses-permissions-sdk-m: android.permission.RECEIVE_BOOT_COMPLETED in package: com.coffeebeanventures.easyvoicerecorder at: Binary XML file line #36
01-01 01:00:18.506 3296 3342 W PackageParser: Ignoring duplicate uses-permissions/uses-permissions-sdk-m: android.permission.FOREGROUND_SERVICE in package: com.coffeebeanventures.easyvoicerecorder at: Binary XML file line #37
01-01 01:00:18.506 3296 3342 W PackageParser: Unknown element under : queries at /data/app/com.coffeebeanventures.easyvoicerecorder-VMBe_-_wjDWByKl56X5m6g==/base.apk Binary XML file line #40
01-01 01:00:18.667 3296 3296 I PackageManager: Finished scanning non-system apps. Time: 325 ms, packageCount: 12 , timePerPackage: 27 , cached: 6
01-01 01:00:18.672 3296 3296 E PackageManager: There should probably be exactly one setup wizard; found 0: matches=[]
01-01 01:00:18.690 3296 3296 I PackageManager: Time to scan packages: 0.78 seconds
01-01 01:00:18.701 3296 3296 I PackageManager: Un-granting permission android.permission.INSTALL_GRANT_RUNTIME_PERMISSIONS from package com.android.vending (protectionLevel=770 flags=0x384abec5)
01-01 01:00:18.701 3296 3296 I PackageManager: Un-granting permission android.permission.GRANT_RUNTIME_PERMISSIONS from package com.android.vending (protectionLevel=770 flags=0x384abec5)
01-01 01:00:18.701 3296 3296 I PackageManager: Un-granting permission android.permission.REVOKE_RUNTIME_PERMISSIONS from package com.android.vending (protectionLevel=770 flags=0x384abec5)
01-01 01:00:18.702 3296 3296 I PackageManager: Un-granting permission android.permission.SET_PREFERRED_APPLICATIONS from package com.android.vending (protectionLevel=514 flags=0x384abec5)
01-01 01:00:18.702 3296 3296 I PackageManager: Un-granting permission android.permission.ACCESS_INSTANT_APPS from package com.android.vending (protectionLevel=770 flags=0x384abec5)
01-01 01:00:18.750 3296 3296 V PackageManager: reconcileAppsData for null u0 0x3 migrateAppData=true
01-01 01:00:18.857 3296 3296 V PackageManager: reconcileAppsData finished 18 packages
01-01 01:00:18.858 3296 3296 V PackageManager: Disabling com.google.android.gsf/com.google.android.gsf.update.SystemUpdateActivity
01-01 01:00:18.858 3296 3344 D SystemServerInitThreadPool: Started executing prepareAppData
01-01 01:00:18.858 3296 3296 W PackageManager: Unable to disable com.google.android.gsf/com.google.android.gsf.update.SystemUpdateActivity
01-01 01:00:18.858 3296 3296 V PackageManager: Disabling com.google.android.gsf/com.google.android.gsf.update.SystemUpdateService$Receiver
01-01 01:00:18.858 3296 3296 W PackageManager: Unable to disable com.google.android.gsf/com.google.android.gsf.update.SystemUpdateService$Receiver
01-01 01:00:18.858 3296 3296 V PackageManager: Disabling com.google.android.gsf/com.google.android.gsf.update.SystemUpdateService$SecretCodeReceiver
01-01 01:00:18.858 3296 3296 W PackageManager: Unable to disable com.google.android.gsf/com.google.android.gsf.update.SystemUpdateService$SecretCodeReceiver
01-01 01:00:18.858 3296 3296 V PackageManager: Disabling com.google.android.gsf/com.google.android.gsf.update.SystemUpdateServiceReceiver
01-01 01:00:18.858 3296 3296 W PackageManager: Unable to disable com.google.android.gsf/com.google.android.gsf.update.SystemUpdateServiceReceiver
01-01 01:00:18.858 3296 3296 V PackageManager: Disabling com.google.android.gms/com.google.android.gms.update.SystemUpdateActivity
01-01 01:00:18.858 3296 3296 V PackageManager: Disabling com.google.android.gms/com.google.android.gms.update.SystemUpdateService$Receiver
01-01 01:00:18.859 3296 3296 W PackageManager: Unable to disable com.google.android.gms/com.google.android.gms.update.SystemUpdateService$Receiver
01-01 01:00:18.859 3296 3296 V PackageManager: Disabling com.google.android.gms/com.google.android.gms.update.SystemUpdateService$ActiveReceiver
01-01 01:00:18.859 3296 3296 W PackageManager: Unable to disable com.google.android.gms/com.google.android.gms.update.SystemUpdateService$ActiveReceiver
01-01 01:00:18.859 3296 3296 V PackageManager: Disabling com.google.android.gms/com.google.android.gms.update.SystemUpdateService$SecretCodeReceiver
01-01 01:00:18.859 3296 3296 W PackageManager: Unable to disable com.google.android.gms/com.google.android.gms.update.SystemUpdateService$SecretCodeReceiver
01-01 01:00:18.859 3296 3296 V PackageManager: Disabling com.google.android.gms/com.google.android.gms.update.SystemUpdateServiceReceiver
01-01 01:00:18.859 3296 3296 W PackageManager: Unable to disable com.google.android.gms/com.google.android.gms.update.SystemUpdateServiceReceiver
01-01 01:00:18.859 3296 3296 V PackageManager: Disabling com.google.android.setupwizard/com.google.android.setupwizard.time.DateTimeCheck
01-01 01:00:18.859 3296 3296 W PackageManager: Unable to disable com.google.android.setupwizard/com.google.android.setupwizard.time.DateTimeCheck
01-01 01:00:18.859 3296 3296 V PackageManager: Enabling com.google.android.gsf/com.google.android.gsf.update.SystemUpdateService
01-01 01:00:18.859 3296 3296 W PackageManager: Unable to enable com.google.android.gsf/com.google.android.gsf.update.SystemUpdateService
01-01 01:00:18.859 3296 3296 V PackageManager: Enabling com.google.android.gms/com.google.android.gms.update.SystemUpdateService
01-01 01:00:19.039 3296 3344 D SystemServerTimingAsync: AppDataFixup took to complete: 181ms
01-01 01:00:19.092 3296 3296 V PackageManager: Ephemeral resolver found; pkg: com.google.android.gms, info:ResolveInfo{f611f4e com.google.android.gms/.chimera.PersistentBoundBrokerService m=0x108000}
01-01 01:00:19.092 3296 3296 D PackageManager: Set ephemeral resolver: Pair{ComponentInfo{com.google.android.gms/com.google.android.gms.chimera.PersistentBoundBrokerService} android.intent.action.RESOLVE_INSTANT_APP_PACKAGE}
01-01 01:00:19.101 3296 3296 D PackageManager: Set ephemeral installer activity: ComponentInfo{com.android.vending/com.google.android.finsky.instantapps.EphemeralInstallerActivity}
01-01 01:00:19.258 3296 3296 D SystemServerTiming: StartPackageManagerService took to complete: 2044ms
01-01 01:00:19.258 3296 3296 I SystemServer: StartOtaDexOptService
01-01 01:00:19.260 3296 3296 D OTADexopt: No upgrade, skipping A/B artifacts check.
01-01 01:00:19.260 3296 3296 D SystemServerTiming: StartOtaDexOptService took to complete: 3ms
01-01 01:00:19.260 3296 3296 I SystemServer: StartUserManagerService
01-01 01:00:19.260 3296 3296 I SystemServiceManager: Starting com.android.server.pm.UserManagerService$LifeCycle
01-01 01:00:19.261 3296 3296 D SystemServerTiming: StartUserManagerService took to complete: 0ms
01-01 01:00:19.261 3296 3296 I SystemServer: InitAttributerCache
01-01 01:00:19.261 3296 3296 D SystemServerTiming: InitAttributerCache took to complete: 1ms
01-01 01:00:19.261 3296 3296 I SystemServer: SetSystemProcess
01-01 01:00:19.272 3296 3296 D SystemServerTiming: SetSystemProcess took to complete: 11ms
01-01 01:00:19.273 3296 3346 I ServiceThread: Enabled StrictMode logging for android.anim looper.
01-01 01:00:19.273 3296 3296 I SystemServer: StartOverlayManagerService
01-01 01:00:19.282 3296 3296 D SystemServerTiming: StartOverlayManagerService took to complete: 9ms
01-01 01:00:19.282 3296 3347 D SystemServerInitThreadPool: Started executing Init OverlayManagerService
01-01 01:00:19.282 3296 3296 I SystemServer: StartDropBoxManager
01-01 01:00:19.282 3296 3296 I SystemServiceManager: Starting com.android.server.DropBoxManagerService
01-01 01:00:19.283 3296 3348 D SystemServerInitThreadPool: Started executing StartSensorService
01-01 01:00:19.292 3296 3296 D SystemServerTiming: StartDropBoxManager took to complete: 8ms
01-01 01:00:19.292 3296 3296 I SystemServer: StartBatteryService
01-01 01:00:19.292 3296 3296 I SystemServiceManager: Starting com.android.server.BatteryService
01-01 01:00:19.305 3296 3296 D SystemServerTiming: StartBatteryService took to complete: 13ms
01-01 01:00:19.305 3296 3296 I SystemServer: StartUsageService
01-01 01:00:19.305 3296 3296 I SystemServiceManager: Starting com.android.server.usage.UsageStatsService
01-01 01:00:19.320 3296 3296 D SystemServerTiming: StartUsageService took to complete: 15ms
01-01 01:00:19.320 3296 3296 I SystemServer: StartWebViewUpdateService
01-01 01:00:19.320 3296 3296 I SystemServiceManager: Starting com.android.server.webkit.WebViewUpdateService
01-01 01:00:19.332 3296 3296 D SystemServerTiming: StartWebViewUpdateService took to complete: 12ms
01-01 01:00:19.333 3296 3296 I SystemServer: StartKeyAttestationApplicationIdProviderService
01-01 01:00:19.333 3296 3311 D SystemServerInitThreadPool: Started executing SecondaryZygotePreload
01-01 01:00:19.333 3296 3311 I SystemServer: SecondaryZygotePreload
01-01 01:00:19.334 3296 3296 D SystemServerTiming: StartKeyAttestationApplicationIdProviderService took to complete: 1ms
01-01 01:00:19.334 3296 3296 I SystemServer: StartKeyChainSystemService
01-01 01:00:19.334 3296 3296 I SystemServiceManager: Starting com.android.server.security.KeyChainSystemService
01-01 01:00:19.335 3296 3296 D SystemServerTiming: StartKeyChainSystemService took to complete: 1ms
01-01 01:00:19.335 3296 3296 I SystemServer: StartSchedulingPolicyService
01-01 01:00:19.336 3296 3296 D SystemServerTiming: StartSchedulingPolicyService took to complete: 1ms
01-01 01:00:19.336 3296 3296 I SystemServer: StartTelecomLoaderService
01-01 01:00:19.336 3296 3296 I SystemServiceManager: Starting com.android.server.telecom.TelecomLoaderService
01-01 01:00:19.341 3296 3296 D SystemServerTiming: StartTelecomLoaderService took to complete: 4ms
01-01 01:00:19.341 3296 3296 I SystemServer: StartTelephonyRegistry
01-01 01:00:19.350 3296 3296 D SystemServerTiming: StartTelephonyRegistry took to complete: 9ms
01-01 01:00:19.350 3296 3296 I SystemServer: StartEntropyMixer
01-01 01:00:19.352 3296 3296 I EntropyMixer: Writing entropy...
01-01 01:00:19.354 3296 3311 E SystemServer: Unable to preload default resources
01-01 01:00:19.354 3296 3311 D SystemServerTimingAsync: SecondaryZygotePreload took to complete: 21ms
01-01 01:00:19.354 3296 3311 D SystemServerInitThreadPool: Finished executing SecondaryZygotePreload
01-01 01:00:19.358 3296 3296 D SystemServerTiming: StartEntropyMixer took to complete: 8ms
01-01 01:00:19.358 3296 3296 I SystemServer: StartAccountManagerService
01-01 01:00:19.359 3296 3296 I SystemServiceManager: Starting com.android.server.accounts.AccountManagerService$Lifecycle
01-01 01:00:19.394 3296 3296 D SystemServerTiming: StartAccountManagerService took to complete: 36ms
01-01 01:00:19.394 3296 3296 I SystemServer: StartContentService
01-01 01:00:19.395 3296 3296 I SystemServiceManager: Starting com.android.server.content.ContentService$Lifecycle
01-01 01:00:19.402 3296 3296 D SystemServerTiming: StartContentService took to complete: 8ms
01-01 01:00:19.402 3296 3296 I SystemServer: InstallSystemProviders
01-01 01:00:19.519 3296 3296 D SystemServerTiming: InstallSystemProviders took to complete: 117ms
01-01 01:00:19.519 3296 3296 I SystemServer: StartVibratorService
01-01 01:00:19.531 3296 3296 D SystemServerTiming: StartVibratorService took to complete: 12ms
01-01 01:00:19.531 3296 3296 I SystemServer: StartConsumerIrService
01-01 01:00:19.534 3296 3296 D SystemServerTiming: StartConsumerIrService took to complete: 3ms
01-01 01:00:19.534 3296 3296 I SystemServer: StartAlarmManagerService
01-01 01:00:19.534 3296 3296 I SystemServiceManager: Starting com.android.server.AlarmManagerService
01-01 01:00:19.572 3296 3296 D SystemServerTiming: StartAlarmManagerService took to complete: 38ms
01-01 01:00:19.572 3296 3296 I SystemServer: InitWatchdog
01-01 01:00:19.573 3296 3296 D SystemServerTiming: InitWatchdog took to complete: 1ms
01-01 01:00:19.573 3296 3296 I SystemServer: StartInputManagerService
01-01 01:00:19.575 3296 3296 I InputManager: Initializing input manager, mUseDevInputEventForAudioJack=false
01-01 01:00:19.578 3296 3296 D SystemServerTiming: StartInputManagerService took to complete: 5ms
01-01 01:00:19.578 3296 3296 I SystemServer: StartWindowManagerService
01-01 01:00:20.200 3296 3348 D SystemServerTimingAsync: StartSensorService took to complete: 917ms
01-01 01:00:20.200 3296 3348 D SystemServerInitThreadPool: Finished executing StartSensorService
01-01 01:00:20.282 3296 3347 D SystemServerInitThreadPool: Finished executing Init OverlayManagerService
01-01 01:00:20.336 3296 3321 I WindowManager: No existing display settings /data/system/display_settings.xml; starting empty
01-01 01:00:20.438 3296 3314 I WindowManager: MNG mPwbtnForceShutdownprop
01-01 01:00:20.577 3296 3344 D SystemServerTimingAsync: AppDataPrepare took to complete: 1539ms
01-01 01:00:20.577 3296 3344 I PackageManager: Deferred reconcileAppsData finished 94 packages
01-01 01:00:20.577 3296 3344 D SystemServerInitThreadPool: Finished executing prepareAppData
01-01 01:00:20.611 3296 3314 W Looper : Dispatch took 188ms on android.ui, h=Handler (android.os.Handler) {cd635db} cb=android.os.Handler$BlockingRunnable@dffd878 msg=0
01-01 01:00:20.614 3296 3296 D SystemServerTiming: StartWindowManagerService took to complete: 1036ms
01-01 01:00:20.615 3296 3296 I SystemServer: StartVrManagerService
01-01 01:00:20.615 3296 3311 D SystemServerInitThreadPool: Started executing StartHidlServices
01-01 01:00:20.615 3296 3296 I SystemServiceManager: Starting com.android.server.vr.VrManagerService
01-01 01:00:20.621 3296 3311 D SystemServerTimingAsync: StartHidlServices took to complete: 6ms
01-01 01:00:20.621 3296 3311 D SystemServerInitThreadPool: Finished executing StartHidlServices
01-01 01:00:20.626 3296 3296 D SystemServerTiming: StartVrManagerService took to complete: 11ms
01-01 01:00:20.626 3296 3296 I SystemServer: SetWindowManagerService
01-01 01:00:20.651 3296 3296 D SystemServerTiming: SetWindowManagerService took to complete: 26ms
01-01 01:00:20.651 3296 3296 I SystemServer: StartInputManager
01-01 01:00:20.651 3296 3296 I InputManager: Starting input manager
01-01 01:00:20.656 3296 3296 D SystemServerTiming: StartInputManager took to complete: 4ms
01-01 01:00:20.656 3296 3296 I SystemServer: DisplayManagerWindowManagerAndInputReady
01-01 01:00:20.656 3296 3296 D SystemServerTiming: DisplayManagerWindowManagerAndInputReady took to complete: 0ms
01-01 01:00:20.656 3296 3296 I SystemServer: Bluetooth Service disabled by config
01-01 01:00:20.656 3296 3296 I SystemServer: IpConnectivityMetrics
01-01 01:00:20.656 3296 3296 I SystemServiceManager: Starting com.android.server.connectivity.IpConnectivityMetrics
01-01 01:00:20.658 3296 3296 D SystemServerTiming: IpConnectivityMetrics took to complete: 3ms
01-01 01:00:20.658 3296 3296 I SystemServer: PinnerService
01-01 01:00:20.658 3296 3296 I SystemServiceManager: Starting com.android.server.PinnerService
01-01 01:00:20.661 3296 3296 D SystemServerTiming: PinnerService took to complete: 3ms
01-01 01:00:20.661 3296 3296 I SystemServer: StartInputMethodManagerLifecycle
01-01 01:00:20.661 3296 3296 I SystemServiceManager: Starting com.android.server.InputMethodManagerService$Lifecycle
01-01 01:00:20.687 3296 3296 D SystemServerTiming: StartInputMethodManagerLifecycle took to complete: 26ms
01-01 01:00:20.687 3296 3296 I SystemServer: StartAccessibilityManagerService
01-01 01:00:20.707 3296 3296 D SystemServerTiming: StartAccessibilityManagerService took to complete: 20ms
01-01 01:00:20.707 3296 3296 I SystemServer: MakeDisplayReady
01-01 01:00:20.709 3296 3296 I ActivityManager: Config changes=5df8 {1.0 ?mcc?mnc [en_GB] ldltr sw619dp w1101dp h619dp 186dpi lrg long land ?uimode ?night -touch -keyb/h/h -nav/h appBounds=Rect(0, 0 - 1280, 720) s.2}
01-01 01:00:20.714 3296 3296 I ActivityManager: Override config changes=40007dfc {1.0 ?mcc?mnc [en_GB] ldltr sw619dp w1101dp h619dp 186dpi lrg long land ?uimode ?night -touch -keyb/h/h -nav/h appBounds=Rect(0, 0 - 1280, 720) s.2} for displayId=0
01-01 01:00:20.723 3296 3321 I ActivityManager: Override config changes=5df8 {0.0 ?mcc?mnc ?localeList ?layoutDir sw540dp w961dp h540dp 213dpi lrg long land ?uimode ?night -touch -keyb/h/h -nav/h appBounds=Rect(0, 0 - 1280, 720)} for displayId=1
01-01 01:00:20.723 3296 3312 I UsageStatsService: User[0] Rollover scheduled @ 2013-01-02 01:00:20(1357084820710)
01-01 01:00:20.725 3296 3321 W LocalDisplayAdapter: Unable to find color mode 0, ignoring request.
01-01 01:00:20.726 3296 3321 W LocalDisplayAdapter: Unable to find color mode 0, ignoring request.
01-01 01:00:20.737 3296 3296 I ActivityManager: Config changes=400 {1.0 ?mcc?mnc [en_GB] ldltr sw619dp w1101dp h547dp 186dpi lrg long land ?uimode ?night -touch -keyb/h/h -nav/h appBounds=Rect(0, 0 - 1280, 664) s.3}
01-01 01:00:20.743 3296 3296 I ActivityManager: Override config changes=400 {1.0 ?mcc?mnc [en_GB] ldltr sw619dp w1101dp h547dp 186dpi lrg long land ?uimode ?night -touch -keyb/h/h -nav/h appBounds=Rect(0, 0 - 1280, 664) s.3} for displayId=0
01-01 01:00:20.748 3296 3296 W LocalDisplayAdapter: Unable to find color mode 0, ignoring request.
01-01 01:00:20.748 3296 3296 W LocalDisplayAdapter: Unable to find color mode 0, ignoring request.
01-01 01:00:20.749 3296 3296 D SystemServerTiming: MakeDisplayReady took to complete: 42ms
01-01 01:00:20.749 3296 3296 I SystemServer: StartStorageManagerService
01-01 01:00:20.750 3296 3296 I SystemServiceManager: Starting com.android.server.StorageManagerService$Lifecycle
01-01 01:00:20.774 3296 3296 D SystemServerTiming: StartStorageManagerService took to complete: 25ms
01-01 01:00:20.774 3296 3296 I SystemServer: StartStorageStatsService
01-01 01:00:20.774 3296 3390 D StorageManagerService: Thinking about init, mSystemReady=false, mDaemonConnected=true
01-01 01:00:20.774 3296 3390 D StorageManagerService: Thinking about reset, mSystemReady=false, mDaemonConnected=true
01-01 01:00:20.774 3296 3390 D StorageManagerService: Thinking about init, mSystemReady=false, mDaemonConnected=true
01-01 01:00:20.774 3296 3390 D StorageManagerService: Thinking about reset, mSystemReady=false, mDaemonConnected=true
01-01 01:00:20.774 3296 3390 D CryptdConnector: SND -> {1 cryptfs getfield SystemLocale}
01-01 01:00:20.774 3296 3296 I SystemServiceManager: Starting com.android.server.usage.StorageStatsService$Lifecycle
01-01 01:00:20.780 3296 3296 D SystemServerTiming: StartStorageStatsService took to complete: 5ms
01-01 01:00:20.780 3296 3296 I SystemServer: StartUiModeManager
01-01 01:00:20.780 3296 3296 I SystemServiceManager: Starting com.android.server.UiModeManagerService
01-01 01:00:20.785 3296 3348 D SystemServerInitThreadPool: Started executing UiModeManager.onStart
01-01 01:00:20.786 3296 3348 I ActivityManager: Config changes=200 {1.0 ?mcc?mnc [en_GB] ldltr sw619dp w1101dp h547dp 186dpi lrg long land -touch -keyb/h/h -nav/h appBounds=Rect(0, 0 - 1280, 664) s.4}
01-01 01:00:20.786 3296 3296 D SystemServerTiming: StartUiModeManager took to complete: 7ms
01-01 01:00:20.786 3296 3296 I SystemServer: UpdatePackagesIfNeeded
01-01 01:00:20.786 3296 3296 D SystemServerTiming: UpdatePackagesIfNeeded took to complete: 0ms
01-01 01:00:20.786 3296 3296 I SystemServer: PerformFstrimIfNeeded
01-01 01:00:20.788 3296 3296 D SystemServerTiming: PerformFstrimIfNeeded took to complete: 1ms
01-01 01:00:20.788 3296 3296 I SystemServer: StartLockSettingsService
01-01 01:00:20.789 3296 3296 I SystemServiceManager: Starting com.android.server.locksettings.LockSettingsService$Lifecycle
01-01 01:00:20.795 3296 3348 I ActivityManager: Override config changes=200 {1.0 ?mcc?mnc [en_GB] ldltr sw619dp w1101dp h547dp 186dpi lrg long land -touch -keyb/h/h -nav/h appBounds=Rect(0, 0 - 1280, 664) s.4} for displayId=0
01-01 01:00:20.802 3296 3348 D SystemServerInitThreadPool: Finished executing UiModeManager.onStart
01-01 01:00:20.813 3296 3392 D CryptdConnector: RCV <- {200 1 -1}
01-01 01:00:20.814 3296 3390 W StorageManagerService: No primary storage mounted!
01-01 01:00:20.814 3296 3390 D VoldConnector: SND -> {1 asec list}
01-01 01:00:20.816 3296 3391 D VoldConnector: RCV <- {200 1 asec operation succeeded}
01-01 01:00:20.822 3296 3296 D SystemServerTiming: StartLockSettingsService took to complete: 33ms
01-01 01:00:20.826 3296 3296 I OemLock : OemLock HAL not present on device
01-01 01:00:20.826 3296 3296 I SystemServer: StartDeviceIdleController
01-01 01:00:20.826 3296 3296 I SystemServiceManager: Starting com.android.server.DeviceIdleController
01-01 01:00:21.092 3296 3390 W StorageManagerService: No primary storage mounted!
01-01 01:00:21.092 3296 3390 D VoldConnector: SND -> {2 asec list}
01-01 01:00:21.093 3296 3391 D VoldConnector: RCV <- {200 2 asec operation succeeded}
01-01 01:00:21.100 3296 3386 I ActivityManager: Config changes=38 {1.0 ?mcc?mnc [en_GB] ldltr sw619dp w1101dp h547dp 186dpi lrg long land finger qwerty/v/v -nav/h appBounds=Rect(0, 0 - 1280, 664) s.5}
01-01 01:00:21.107 3296 3386 I ActivityManager: Override config changes=38 {1.0 ?mcc?mnc [en_GB] ldltr sw619dp w1101dp h547dp 186dpi lrg long land finger qwerty/v/v -nav/h appBounds=Rect(0, 0 - 1280, 664) s.5} for displayId=0
01-01 01:00:21.113 3296 3321 I ActivityManager: Override config changes=38 {0.0 ?mcc?mnc ?localeList ?layoutDir sw540dp w961dp h540dp 213dpi lrg long land ?uimode ?night finger qwerty/v/v -nav/h appBounds=Rect(0, 0 - 1280, 720)} for displayId=1
01-01 01:00:21.116 3296 3296 W SystemServiceManager: Service com.android.server.DeviceIdleController took 274 ms in onStart
01-01 01:00:21.116 3296 3296 D SystemServerTiming: StartDeviceIdleController took to complete: 290ms
01-01 01:00:21.116 3296 3296 I SystemServer: StartDevicePolicyManager
01-01 01:00:21.116 3296 3296 I SystemServiceManager: Starting com.android.server.devicepolicy.DevicePolicyManagerService$Lifecycle
01-01 01:00:21.177 3296 3296 D SystemServerTiming: StartDevicePolicyManager took to complete: 62ms
01-01 01:00:21.177 3296 3296 I SystemServer: StartStatusBarManagerService
01-01 01:00:21.183 3296 3296 D SystemServerTiming: StartStatusBarManagerService took to complete: 6ms
01-01 01:00:21.183 3296 3296 I SystemServer: StartClipboardService
01-01 01:00:21.183 3296 3296 I SystemServiceManager: Starting com.android.server.clipboard.ClipboardService
01-01 01:00:21.190 3296 3296 D SystemServerTiming: StartClipboardService took to complete: 6ms
01-01 01:00:21.190 3296 3296 I SystemServer: StartNetworkManagementService
01-01 01:00:21.207 3296 3393 I NetworkManagement: onDaemonConnected()
01-01 01:00:21.209 3296 3296 D SystemServerTiming: StartNetworkManagementService took to complete: 20ms
01-01 01:00:21.209 3296 3296 I SystemServer: StartTextServicesManager
01-01 01:00:21.209 3296 3296 I SystemServiceManager: Starting com.android.server.TextServicesManagerService$Lifecycle
01-01 01:00:21.256 3296 3296 D SystemServerTiming: StartTextServicesManager took to complete: 46ms
01-01 01:00:21.256 3296 3296 I SystemServer: StartNetworkScoreService
01-01 01:00:21.263 3296 3296 D SystemServerTiming: StartNetworkScoreService took to complete: 7ms
01-01 01:00:21.264 3296 3296 I SystemServer: StartNetworkStatsService
01-01 01:00:21.277 3296 3296 D SystemServerTiming: StartNetworkStatsService took to complete: 13ms
01-01 01:00:21.277 3296 3296 I SystemServer: StartNetworkPolicyManagerService
01-01 01:00:21.308 3296 3396 I ServiceThread: Enabled StrictMode logging for NetworkPolicy.uid looper.
01-01 01:00:21.309 3296 3296 D SystemServerTiming: StartNetworkPolicyManagerService took to complete: 32ms
01-01 01:00:21.309 3296 3296 I SystemServer: StartWifi
01-01 01:00:21.314 3296 3296 I SystemServiceManager: Starting com.android.server.wifi.WifiService
01-01 01:00:21.427 3296 3296 D SystemServerTiming: StartWifi took to complete: 119ms
01-01 01:00:21.427 3296 3296 I SystemServer: StartWifiScanning
01-01 01:00:21.429 3296 3296 I SystemServiceManager: Starting com.android.server.wifi.scanner.WifiScanningService
01-01 01:00:21.431 3296 3296 D SystemServerTiming: StartWifiScanning took to complete: 4ms
01-01 01:00:21.431 3296 3296 I SystemServer: StartWifiRtt
01-01 01:00:21.431 3296 3296 I SystemServiceManager: Starting com.android.server.wifi.RttService
01-01 01:00:21.433 3296 3296 D SystemServerTiming: StartWifiRtt took to complete: 1ms
01-01 01:00:21.433 3296 3296 I SystemServer: No Wi-Fi Aware Service (Aware support Not Present)
01-01 01:00:21.433 3296 3296 I SystemServer: StartEthernet
01-01 01:00:21.433 3296 3296 I SystemServiceManager: Starting com.android.server.ethernet.EthernetService
01-01 01:00:21.437 3296 3296 D SystemServerTiming: StartEthernet took to complete: 4ms
01-01 01:00:21.437 3296 3296 I SystemServer: StartConnectivityService
01-01 01:00:21.474 3296 3296 D ConnectivityService: ConnectivityService starting up
01-01 01:00:21.478 3296 3296 D ConnectivityService: wifiOnly=true
01-01 01:00:21.478 3296 3296 D ConnectivityService: networkAttributes - ignoring mobile as this dev is wifiOnly 0
01-01 01:00:21.478 3296 3296 E ConnectivityService: Ignoring protectedNetwork 10
01-01 01:00:21.478 3296 3296 E ConnectivityService: Ignoring protectedNetwork 11
01-01 01:00:21.478 3296 3296 E ConnectivityService: Ignoring protectedNetwork 12
01-01 01:00:21.478 3296 3296 E ConnectivityService: Ignoring protectedNetwork 14
01-01 01:00:21.478 3296 3296 E ConnectivityService: Ignoring protectedNetwork 15
01-01 01:00:21.531 3296 3296 D SystemServerTiming: StartConnectivityService took to complete: 94ms
01-01 01:00:21.531 3296 3296 I SystemServer: StartNsdService
01-01 01:00:21.538 3296 3296 D NsdService: Network service discovery is enabled
01-01 01:00:21.541 3296 3296 D SystemServerTiming: StartNsdService took to complete: 10ms
01-01 01:00:21.541 3296 3296 I SystemServer: StartUpdateLockService
01-01 01:00:21.543 3296 3296 D SystemServerTiming: StartUpdateLockService took to complete: 2ms
01-01 01:00:21.543 3296 3296 I SystemServer: WaitForAsecScan
01-01 01:00:21.543 3296 3296 D SystemServerTiming: WaitForAsecScan took to complete: 0ms
01-01 01:00:21.543 3296 3296 I SystemServer: StartNotificationManager
01-01 01:00:21.543 3296 3296 I SystemServiceManager: Starting com.android.server.notification.NotificationManagerService
01-01 01:00:21.656 3296 3296 D ConditionProviders.SCP: new ScheduleConditionProvider()
01-01 01:00:21.663 3296 3296 D ZenLog : config: readXml,ZenModeConfig[user=0,allowCalls=true,allowRepeatCallers=false,allowMessages=false,allowCallsFrom=contacts,allowMessagesFrom=contacts,allowReminders=true,allowEvents=true,allowWhenScreenOff=true,allowWhenScreenOn=true,automaticRules={EVENTS_DEFAULT_RULE=ZenRule[enabled=false,snoozing=false,name=Event,zenMode=ZEN_MODE_ALARMS,conditionId=condition://android/event?userId=-10000&calendar=&reply=1,condition=Condition[id=condition://android/event?userId=-10000&calendar=&reply=1,summary=...,line1=...,line2=...,icon=0,state=STATE_FALSE,flags=2],component=ComponentInfo{android/com.android.server.notification.EventConditionProvider},id=EVENTS_DEFAULT_RULE,creationTime=1356998557557,enabler=null], SCHEDULED_DEFAULT_RULE_1=ZenRule[enabled=false,snoozing=false,name=Weeknight,zenMode=ZEN_MODE_ALARMS,conditionId=condition://android/schedule?days=1.2.3.4.5&start=22.0&end=7.0&exitAtAlarm=false,condition=Condition[id=condition://android/schedule?days=1.2.3.4.5&start=22.0&end=7.0&exitAtAlarm=false,summary=...,line1=...,line2=...,icon=0,state=STATE_FALSE,flags=2],component=ComponentInfo{android/com.android.server.notification.ScheduleConditionProvider},id=SCHEDULED_DEFAULT_RULE_1,creationTime=1356998557553,enabler=null], SCHEDULED_DEFAULT_RULE_2=ZenRule[enabled=false,snoozing=false,name=Weekend,zenMode=ZEN_MODE_ALARMS,conditionId=condition://android/schedule?days=6.7&start=23.30&end=10.0&exitAtAlarm=false,condition=Condition[id=condition://android/schedule?days=6.7&start=23.30&end=10.0&exitAtAlarm=false,summary=...,line1=...,line2=...,icon=0,state=STATE_FALSE,flags=2],component=ComponentInfo{android/com.android.server.notification.ScheduleConditionProvider},id=SCHEDULED_DEFAULT_RULE_2,creationTime=1356998557553,enabler=null]},manualRule=null],Diff[automaticRule[EVENTS_DEFAULT_RULE].condition:null->Condition[id=condition://android/event?userId=-10000&calendar=&reply=1,summary=...,line1=...,line2=...,icon=0,state=STATE_FALSE,flags=2],automaticRule[EVENTS_DEFAULT_RULE].creationTime:1356998421649->1356998557557,automaticRule[SCHEDULED_DEFAULT_RULE_1].condition:null->Condition[id=condition://android/schedule?days=1.2.3.4.5&start=22.0&end=7.0&exitAtAlarm=false,summary=...,line1=...,line2=...,icon=0,state=STATE_FALSE,flags=2],automaticRule[SCHEDULED_DEFAULT_RULE_1].creationTime:1356998421646->1356998557553,automaticRule[SCHEDULED_DEFAULT_RULE_2].condition:null->Condition[id=condition://android/schedule?days=6.7&start=23.30&end=10.0&exitAtAlarm=false,summary=...,line1=...,line2=...,icon=0,state=STATE_FALSE,flags=2],automaticRule[SCHEDULED_DEFAULT_RULE_2].creationTime:1356998421646->1356998557553]
01-01 01:00:21.666 3296 3296 E RankingHelper: createDefaultChannelIfNeeded - Exception: android.content.pm.PackageManager$NameNotFoundException: com.google.android.googlequicksearchbox
01-01 01:00:21.683 3296 3296 I NotificationListeners: Read notification listener permissions from xml
01-01 01:00:21.683 3296 3296 I ConditionProviders: Read condition provider permissions from xml
01-01 01:00:21.683 3296 3296 I ConditionProviders: Read condition provider permissions from xml
01-01 01:00:21.684 3296 3296 D ZenLog : set_zen_mode: off,init
01-01 01:00:21.720 3296 3296 W SystemServiceManager: Service com.android.server.notification.NotificationManagerService took 135 ms in onStart
01-01 01:00:21.728 3296 3296 D SystemServerTiming: StartNotificationManager took to complete: 185ms
01-01 01:00:21.728 3296 3296 I SystemServer: StartDeviceMonitor
01-01 01:00:21.728 3296 3296 I SystemServiceManager: Starting com.android.server.storage.DeviceStorageMonitorService
01-01 01:00:21.734 3296 3296 D SystemServerTiming: StartDeviceMonitor took to complete: 5ms
01-01 01:00:21.734 3296 3296 I SystemServer: StartLocationManagerService
01-01 01:00:21.755 3296 3296 D SystemServerTiming: StartLocationManagerService took to complete: 21ms
01-01 01:00:21.755 3296 3296 I SystemServer: StartCountryDetectorService
01-01 01:00:21.757 3296 3296 D SystemServerTiming: StartCountryDetectorService took to complete: 2ms
01-01 01:00:21.757 3296 3296 I SystemServer: StartSearchManagerService
01-01 01:00:21.758 3296 3296 I SystemServiceManager: Starting com.android.server.search.SearchManagerService$Lifecycle
01-01 01:00:21.763 3296 3296 D SystemServerTiming: StartSearchManagerService took to complete: 6ms
01-01 01:00:21.763 3296 3296 I SystemServer: StartWallpaperManagerService
01-01 01:00:21.764 3296 3296 I SystemServiceManager: Starting com.android.server.wallpaper.WallpaperManagerService$Lifecycle
01-01 01:00:21.785 3296 3296 I WallpaperManagerService: No static wallpaper imagery; defaults will be shown
01-01 01:00:21.787 3296 3296 D SystemServerTiming: StartWallpaperManagerService took to complete: 24ms
01-01 01:00:21.788 3296 3296 I SystemServer: StartAudioService
01-01 01:00:21.788 3296 3296 I SystemServiceManager: Starting com.android.server.audio.AudioService$Lifecycle
01-01 01:00:21.896 3296 3296 D SystemServerTiming: StartAudioService took to complete: 108ms
01-01 01:00:21.896 3296 3296 I SystemServer: StartDockObserver
01-01 01:00:21.896 3296 3296 I SystemServiceManager: Starting com.android.server.DockObserver
01-01 01:00:21.898 3296 3296 W DockObserver: This kernel does not have dock station support
01-01 01:00:21.900 3296 3296 D SystemServerTiming: StartDockObserver took to complete: 4ms
01-01 01:00:21.900 3296 3296 I SystemServer: StartWiredAccessoryManager
01-01 01:00:21.903 3296 3296 W WiredAccessoryManager: This kernel does not have wired headset support
01-01 01:00:21.903 3296 3296 W WiredAccessoryManager: This kernel does not have usb audio support
01-01 01:00:21.903 3296 3296 D SystemServerTiming: StartWiredAccessoryManager took to complete: 4ms
01-01 01:00:21.903 3296 3296 I SystemServer: StartUsbService
01-01 01:00:21.904 3296 3296 I SystemServiceManager: Starting com.android.server.usb.UsbService$Lifecycle
01-01 01:00:21.945 3296 3385 I UsbPortManager: Usb hal service started android.hardware.usb@1.0::IUsb default
01-01 01:00:21.960 3296 3296 W SystemServiceManager: Service com.android.server.usb.UsbService$Lifecycle took 55 ms in onStart
01-01 01:00:21.960 3296 3296 D SystemServerTiming: StartUsbService took to complete: 56ms
01-01 01:00:21.960 3296 3296 I SystemServer: StartSerialService
01-01 01:00:21.961 3296 3296 D SystemServerTiming: StartSerialService took to complete: 1ms
01-01 01:00:21.961 3296 3296 I SystemServer: StartHardwarePropertiesManagerService
01-01 01:00:21.964 3296 3296 D SystemServerTiming: StartHardwarePropertiesManagerService took to complete: 2ms
01-01 01:00:21.964 3296 3296 I SystemServer: StartTwilightService
01-01 01:00:21.964 3296 3296 I SystemServiceManager: Starting com.android.server.twilight.TwilightService
01-01 01:00:21.966 3296 3296 D SystemServerTiming: StartTwilightService took to complete: 3ms
01-01 01:00:21.967 3296 3296 I SystemServer: StartJobScheduler
