12-22 13:48:07.627 3190 3646 D NuPlayerDriver: notifyListener_l(0xb0b59540), (8, 0, 0, -1), loop setting(0, 0)
12-22 13:48:07.628 3190 5678 D NuPlayerDriver: notifyResetComplete(0xb0b59540)
12-22 13:48:07.628 3190 3646 D NuPlayerDriver: updateMetrics(0xb0b59540) from destructor at state 0
12-22 13:48:07.629 3190 3646 D NuPlayerDriver: reset(0xb0b59620) at state 4
12-22 13:48:07.629 3190 3646 D NuPlayerDriver: updateMetrics(0xb0b59620) from reset at state 4
12-22 13:48:07.629 3190 3646 D NuPlayerDriver: notifyListener_l(0xb0b59620), (8, 0, 0, -1), loop setting(0, 0)
12-22 13:48:07.629 3190 5680 D NuPlayerDriver: notifyResetComplete(0xb0b59620)
12-22 13:48:07.630 3190 3646 D NuPlayerDriver: updateMetrics(0xb0b59620) from destructor at state 0
12-22 13:48:07.631 3190 3647 D NuPlayerDriver: NuPlayerDriver(0xb2627850) created, clientPid(5595)
12-22 13:48:07.640 3190 5714 D NuPlayerDriver: notifyListener_l(0xb2627850), (1, 0, 0, -1), loop setting(0, 0)
12-22 13:48:07.641 3190 3647 D NuPlayerDriver: NuPlayerDriver(0xb2627770) created, clientPid(5595)
12-22 13:48:07.654 3190 5716 D NuPlayerDriver: notifyListener_l(0xb2627770), (1, 0, 0, -1), loop setting(0, 0)
12-22 13:48:07.655 3190 3647 D NuPlayerDriver: NuPlayerDriver(0xb26274d0) created, clientPid(5595)
12-22 13:48:07.665 3190 5718 D NuPlayerDriver: notifyListener_l(0xb26274d0), (1, 0, 0, -1), loop setting(0, 0)
12-22 13:48:07.667 3190 3647 I CameraHardwareInterface: Opening camera 0
12-22 13:48:07.668 3190 3647 I CamDev@1.0-impl: Opening camera 0
12-22 13:48:07.668 3190 3647 D Camera_Factory: CameraFactory::get_camera_info
12-22 13:48:07.668 3190 3647 D Camera_Factory: CameraFactory::getCameraInfo: id = 0, info = 0xb03053bc
12-22 13:48:07.668 3190 3647 D Camera_Factory: CameraFactory::getCameraNum: 1
12-22 13:48:07.668 3190 3647 D CameraHardware: CameraHardware::getCameraInfo
12-22 13:48:07.668 3190 3647 D Camera_Factory: CameraFactory::device_open: name = 0
12-22 13:48:07.668 3190 3647 D Camera_Factory: CameraFactory::cameraDeviceOpen: id = 0
12-22 13:48:07.668 3190 3647 D Camera_Factory: CameraFactory::getCameraNum: 1
12-22 13:48:07.668 3190 3647 D CameraHardware: CameraHardware::connectCamera
12-22 13:48:07.668 3190 3647 D CameraHardware: CameraHardware::setCallbacks
12-22 13:48:07.668 3190 3647 D CameraHardware: CameraHardware::enableMsgType: 3085
12-22 13:48:07.668 3190 3647 D CameraHardware: CameraHardware::getParameters
12-22 13:48:07.668 3190 3647 D CameraHardware: CameraHardware::putParameters
12-22 13:48:07.670 3190 3647 D Camera_Factory: CameraFactory::get_camera_info
12-22 13:48:07.670 3190 3647 D Camera_Factory: CameraFactory::getCameraInfo: id = 0, info = 0xb0305520
12-22 13:48:07.670 3190 3647 D Camera_Factory: CameraFactory::getCameraNum: 1
12-22 13:48:07.670 3190 3647 D CameraHardware: CameraHardware::getCameraInfo
12-22 13:48:07.670 3190 3647 D CameraHardware: CameraHardware::getParameters
12-22 13:48:07.670 3190 3647 D CameraHardware: CameraHardware::putParameters
12-22 13:48:07.672 3190 3647 D CameraHardware: CameraHardware::setParameters
12-22 13:48:07.673 3190 3647 D CameraHardware: Trivially accept it. No changes detected
12-22 13:48:07.673 3190 3647 D Camera_Factory: CameraFactory::get_camera_info
12-22 13:48:07.673 3190 3647 D Camera_Factory: CameraFactory::getCameraInfo: id = 0, info = 0xb0305520
12-22 13:48:07.673 3190 3647 D Camera_Factory: CameraFactory::getCameraNum: 1
12-22 13:48:07.673 3190 3647 D CameraHardware: CameraHardware::getCameraInfo
12-22 13:48:07.676 3190 3647 D CameraHardware: CameraHardware::setParameters
12-22 13:48:07.677 3190 3647 D CameraHardware: Trivially accept it. No changes detected
12-22 13:48:07.678 3190 3647 D CameraHardware: CameraHardware::isPreviewEnabled: 0
12-22 13:48:07.679 3190 3646 D CameraHardware: CameraHardware::isPreviewEnabled: 0
12-22 13:48:07.679 3190 3646 I CameraHardwareInterface: Destroying camera 0
12-22 13:48:07.679 3190 3646 D CameraHardware: CameraHardware::setPreviewWindow: preview_stream_ops: 0xb2639104
12-22 13:48:07.679 3190 3646 D CameraHardware: CameraHardware::startPreview
12-22 13:48:07.679 3190 3646 D CameraHardware: CameraHardware::startPreviewLocked
12-22 13:48:07.680 3190 3646 D CameraHardware: CameraHardware::startPreviewLocked: Open, 800x600
12-22 13:48:07.680 3190 3646 D V4L2Camera: V4L2Camera::EnumFrameFormats
12-22 13:48:07.680 3190 3646 D V4L2Camera: { pixelformat = 'YUYV', description = 'YUV 4:2:2 (YUYV)' }
12-22 13:48:07.680 3190 3646 D V4L2Camera: V4L2Camera::EnumFrameSizes: pixfmt: 0x56595559
12-22 13:48:07.680 3190 3646 D V4L2Camera: { discrete: width = 1280, height = 720 }
12-22 13:48:07.680 3190 3646 D V4L2Camera: V4L2Camera::EnumFrameIntervals: pixfmt: 0x56595559, w:1280, h:720
12-22 13:48:07.680 3190 3646 D V4L2Camera: Time interval between frame:
12-22 13:48:07.680 3190 3646 D V4L2Camera: 1/10
12-22 13:48:07.680 3190 3646 D V4L2Camera: 1/5
12-22 13:48:07.680 3190 3646 D V4L2Camera: { discrete: width = 960, height = 720 }
12-22 13:48:07.680 3190 3646 D V4L2Camera: V4L2Camera::EnumFrameIntervals: pixfmt: 0x56595559, w:960, h:720
12-22 13:48:07.680 3190 3646 D V4L2Camera: Time interval between frame:
12-22 13:48:07.680 3190 3646 D V4L2Camera: 1/10
12-22 13:48:07.680 3190 3646 D V4L2Camera: 1/5
12-22 13:48:07.680 3190 3646 D V4L2Camera: { discrete: width = 800, height = 600 }
12-22 13:48:07.680 3190 3646 D V4L2Camera: V4L2Camera::EnumFrameIntervals: pixfmt: 0x56595559, w:800, h:600
12-22 13:48:07.680 3190 3646 D V4L2Camera: Time interval between frame:
12-22 13:48:07.680 3190 3646 D V4L2Camera: 1/15
12-22 13:48:07.680 3190 3646 D V4L2Camera: { discrete: width = 640, height = 360 }
12-22 13:48:07.680 3190 3646 D V4L2Camera: V4L2Camera::EnumFrameIntervals: pixfmt: 0x56595559, w:640, h:360
12-22 13:48:07.680 3190 3646 D V4L2Camera: Time interval between frame:
12-22 13:48:07.680 3190 3646 D V4L2Camera: 1/31
12-22 13:48:07.680 3190 3646 D V4L2Camera: { discrete: width = 640, height = 480 }
12-22 13:48:07.680 3190 3646 D V4L2Camera: V4L2Camera::EnumFrameIntervals: pixfmt: 0x56595559, w:640, h:480
12-22 13:48:07.680 3190 3646 D V4L2Camera: Time interval between frame:
12-22 13:48:07.680 3190 3646 D V4L2Camera: 1/30
12-22 13:48:07.680 3190 3646 D V4L2Camera: 1/15
12-22 13:48:07.680 3190 3646 D V4L2Camera: { discrete: width = 352, height = 288 }
12-22 13:48:07.680 3190 3646 D V4L2Camera: V4L2Camera::EnumFrameIntervals: pixfmt: 0x56595559, w:352, h:288
12-22 13:48:07.680 3190 3646 D V4L2Camera: Time interval between frame:
12-22 13:48:07.680 3190 3646 D V4L2Camera: 1/30
12-22 13:48:07.680 3190 3646 D V4L2Camera: 1/15
12-22 13:48:07.680 3190 3646 D V4L2Camera: { discrete: width = 320, height = 240 }
12-22 13:48:07.680 3190 3646 D V4L2Camera: V4L2Camera::EnumFrameIntervals: pixfmt: 0x56595559, w:320, h:240
12-22 13:48:07.680 3190 3646 D V4L2Camera: Time interval between frame:
12-22 13:48:07.680 3190 3646 D V4L2Camera: 1/30
12-22 13:48:07.680 3190 3646 D V4L2Camera: 1/15
12-22 13:48:07.680 3190 3646 D V4L2Camera: { pixelformat = 'MJPG', description = 'MJPEG' }
12-22 13:48:07.680 3190 3646 D V4L2Camera: V4L2Camera::EnumFrameSizes: pixfmt: 0x47504a4d
12-22 13:48:07.680 3190 3646 D V4L2Camera: { discrete: width = 1280, height = 720 }
12-22 13:48:07.680 3190 3646 D V4L2Camera: V4L2Camera::EnumFrameIntervals: pixfmt: 0x47504a4d, w:1280, h:720
12-22 13:48:07.680 3190 3646 D V4L2Camera: Time interval between frame:
12-22 13:48:07.681 3190 3646 D V4L2Camera: 1/30
12-22 13:48:07.681 3190 3646 D V4L2Camera: 1/25
12-22 13:48:07.681 3190 3646 D V4L2Camera: 1/15
12-22 13:48:07.681 3190 3646 D V4L2Camera: { discrete: width = 960, height = 720 }
12-22 13:48:07.681 3190 3646 D V4L2Camera: V4L2Camera::EnumFrameIntervals: pixfmt: 0x47504a4d, w:960, h:720
12-22 13:48:07.681 3190 3646 D V4L2Camera: Time interval between frame:
12-22 13:48:07.681 3190 3646 D V4L2Camera: 1/30
12-22 13:48:07.681 3190 3646 D V4L2Camera: 1/25
12-22 13:48:07.681 3190 3646 D V4L2Camera: 1/15
12-22 13:48:07.681 3190 3646 D V4L2Camera: { discrete: width = 800, height = 600 }
12-22 13:48:07.681 3190 3646 D V4L2Camera: V4L2Camera::EnumFrameIntervals: pixfmt: 0x47504a4d, w:800, h:600
12-22 13:48:07.681 3190 3646 D V4L2Camera: Time interval between frame:
12-22 13:48:07.681 3190 3646 D V4L2Camera: 1/30
12-22 13:48:07.681 3190 3646 D V4L2Camera: { discrete: width = 640, height = 360 }
12-22 13:48:07.681 3190 3646 D V4L2Camera: V4L2Camera::EnumFrameIntervals: pixfmt: 0x47504a4d, w:640, h:360
12-22 13:48:07.681 3190 3646 D V4L2Camera: Time interval between frame:
12-22 13:48:07.681 3190 3646 D V4L2Camera: 1/60
12-22 13:48:07.681 3190 3646 D V4L2Camera: { discrete: width = 640, height = 480 }
12-22 13:48:07.681 3190 3646 D V4L2Camera: V4L2Camera::EnumFrameIntervals: pixfmt: 0x47504a4d, w:640, h:480
12-22 13:48:07.681 3190 3646 D V4L2Camera: Time interval between frame:
12-22 13:48:07.681 3190 3646 D V4L2Camera: 1/30
12-22 13:48:07.681 3190 3646 D V4L2Camera: 1/15
12-22 13:48:07.681 3190 3646 D V4L2Camera: { discrete: width = 352, height = 288 }
12-22 13:48:07.681 3190 3646 D V4L2Camera: V4L2Camera::EnumFrameIntervals: pixfmt: 0x47504a4d, w:352, h:288
12-22 13:48:07.681 3190 3646 D V4L2Camera: Time interval between frame:
12-22 13:48:07.681 3190 3646 D V4L2Camera: 1/30
12-22 13:48:07.681 3190 3646 D V4L2Camera: 1/15
12-22 13:48:07.681 3190 3646 D V4L2Camera: { discrete: width = 320, height = 240 }
12-22 13:48:07.681 3190 3646 D V4L2Camera: V4L2Camera::EnumFrameIntervals: pixfmt: 0x47504a4d, w:320, h:240
12-22 13:48:07.681 3190 3646 D V4L2Camera: Time interval between frame:
12-22 13:48:07.681 3190 3646 D V4L2Camera: 1/30
12-22 13:48:07.681 3190 3646 D V4L2Camera: 1/15
12-22 13:48:07.681 3190 3646 D CameraHardware: CameraHardware::startPreviewLocked: Init
12-22 13:48:07.681 3190 3646 D V4L2Camera: V4L2Camera::Init
12-22 13:48:07.681 3190 3646 D V4L2Camera: Trying format: (800 x 600), Fps: 15 [difArea:0, difFps:45, cDifArea:-1, cDifFps:-1]
12-22 13:48:07.681 3190 3646 D V4L2Camera: Trying format: (800 x 600), Fps: 30 [difArea:0, difFps:30, cDifArea:0, cDifFps:45]
12-22 13:48:07.681 3190 3646 D V4L2Camera: Trying format: (960 x 720), Fps: 5 [difArea:211200, difFps:55, cDifArea:0, cDifFps:30]
12-22 13:48:07.681 3190 3646 D V4L2Camera: Trying format: (960 x 720), Fps: 10 [difArea:211200, difFps:50, cDifArea:0, cDifFps:30]
12-22 13:48:07.681 3190 3646 D V4L2Camera: Trying format: (960 x 720), Fps: 15 [difArea:211200, difFps:45, cDifArea:0, cDifFps:30]
12-22 13:48:07.681 3190 3646 D V4L2Camera: Trying format: (960 x 720), Fps: 25 [difArea:211200, difFps:35, cDifArea:0, cDifFps:30]
12-22 13:48:07.681 3190 3646 D V4L2Camera: Trying format: (960 x 720), Fps: 30 [difArea:211200, difFps:30, cDifArea:0, cDifFps:30]
12-22 13:48:07.681 3190 3646 D V4L2Camera: Trying format: (1280 x 720), Fps: 5 [difArea:441600, difFps:55, cDifArea:0, cDifFps:30]
12-22 13:48:07.681 3190 3646 D V4L2Camera: Trying format: (1280 x 720), Fps: 10 [difArea:441600, difFps:50, cDifArea:0, cDifFps:30]
12-22 13:48:07.681 3190 3646 D V4L2Camera: Trying format: (1280 x 720), Fps: 15 [difArea:441600, difFps:45, cDifArea:0, cDifFps:30]
12-22 13:48:07.681 3190 3646 D V4L2Camera: Trying format: (1280 x 720), Fps: 25 [difArea:441600, difFps:35, cDifArea:0, cDifFps:30]
12-22 13:48:07.681 3190 3646 D V4L2Camera: Trying format: (1280 x 720), Fps: 30 [difArea:441600, difFps:30, cDifArea:0, cDifFps:30]
12-22 13:48:07.681 3190 3646 D V4L2Camera: Selected format: (800 x 600), Fps: 30
12-22 13:48:07.688 3190 3647 D NuPlayerDriver: start(0xb0b59770), state is 4, eos is 0
12-22 13:48:07.688 3190 5705 I GenericSource: start
12-22 13:48:07.689 3458 5704 V MediaPlayer: resetDrmState: mDrmInfo=null mDrmProvisioningThread=null mPrepareDrmInProgress=false mActiveDrmScheme=false
12-22 13:48:07.689 3458 5704 V MediaPlayer: cleanDrmObj: mDrmObj=null mDrmSessionId=null
12-22 13:48:07.690 3190 3647 D NuPlayerDriver: reset(0xb0b59000) at state 6
12-22 13:48:07.690 3190 3647 D NuPlayerDriver: updateMetrics(0xb0b59000) from reset at state 6
12-22 13:48:07.690 3458 3458 V MediaRouter: onRestoreRoute() : route=RouteInfo{ name=Tablet, description=null, status=null, category=RouteCategory{ name=System types=ROUTE_TYPE_LIVE_AUDIO ROUTE_TYPE_LIVE_VIDEO groupable=false }, supportedTypes=ROUTE_TYPE_LIVE_AUDIO ROUTE_TYPE_LIVE_VIDEO , presentationDisplay=Display id 1: DisplayInfo{"HDMI Screen", uniqueId "local:1", app 1280 x 720, real 1280 x 720, largest app 1280 x 1280, smallest app 720 x 720, mode 2, defaultMode 2, modes [{id=2, width=1280, height=720, fps=60.000004}], colorMode -22, supportedColorModes [-22], hdrCapabilities android.view.Display$HdrCapabilities@a69d6308, rotation 0, density 213 (213.0 x 213.0) dpi, layerStack 1, appVsyncOff 1000000, presDeadline 16666666, type HDMI, state ON, FLAG_SECURE, FLAG_SUPPORTS_PROTECTED_BUFFERS, FLAG_PRESENTATION, removeMode 0}, DisplayMetrics{density=1.3312501, width=1280, height=720, scaledDensity=1.3312501, xdpi=213.0, ydpi=213.0}, isValid=true }
12-22 13:48:07.691 3190 3647 D NuPlayerDriver: notifyListener_l(0xb0b59000), (8, 0, 0, -1), loop setting(0, 0)
12-22 13:48:07.694 3458 3458 V MediaRouter: Selecting route: RouteInfo{ name=Tablet, description=null, status=null, category=RouteCategory{ name=System types=ROUTE_TYPE_LIVE_AUDIO ROUTE_TYPE_LIVE_VIDEO groupable=false }, supportedTypes=ROUTE_TYPE_LIVE_AUDIO ROUTE_TYPE_LIVE_VIDEO , presentationDisplay=Display id 1: DisplayInfo{"HDMI Screen", uniqueId "local:1", app 1280 x 720, real 1280 x 720, largest app 1280 x 1280, smallest app 720 x 720, mode 2, defaultMode 2, modes [{id=2, width=1280, height=720, fps=60.000004}], colorMode -22, supportedColorModes [-22], hdrCapabilities android.view.Display$HdrCapabilities@a69d6308, rotation 0, density 213 (213.0 x 213.0) dpi, layerStack 1, appVsyncOff 1000000, presDeadline 16666666, type HDMI, state ON, FLAG_SECURE, FLAG_SUPPORTS_PROTECTED_BUFFERS, FLAG_PRESENTATION, removeMode 0}, DisplayMetrics{density=1.3312501, width=1280, height=720, scaledDensity=1.3312501, xdpi=213.0, ydpi=213.0}, isValid=true }
12-22 13:48:07.700 3182 3216 I OMXMaster: makeComponentInstance(OMX.google.vorbis.decoder) in android.hardwar process
12-22 13:48:07.702 3190 5425 D NuPlayerDriver: notifyResetComplete(0xb0b59000)
12-22 13:48:07.702 3190 3647 D NuPlayerDriver: updateMetrics(0xb0b59000) from destructor at state 0
12-22 13:48:07.705 3182 3216 E OMXNodeInstance: setConfig(0xa63a2900:google.vorbis.decoder, ConfigPriority(0x6f800002)) ERROR: Undefined(0x80001001)
12-22 13:48:07.705 3190 5724 I ACodec : codec does not support config priority (err -2147483648)
12-22 13:48:07.706 3190 5724 I MediaCodec: MediaCodec will operate in async mode
12-22 13:48:07.724 3190 5722 D AudioTrack: Client defaulted notificationFrames to 11264 for frameCount 22528
12-22 13:48:07.734 3190 5705 D NuPlayerDriver: notifyListener_l(0xb0b59770), (6, 0, 0, -1), loop setting(0, 0)
12-22 13:48:07.792 3190 3646 I V4L2Camera: Cropping from origin: 0x0 - size: 800x600 (offset:0)
12-22 13:48:07.847 3190 3646 I V4L2Camera: Actual format: (800 x 600), Fps: 15, pixfmt: 'YUYV', bytesperline: 1600
12-22 13:48:07.858 3190 3646 D CameraHardware: CameraHardware::startPreviewLocked: effective size: 800x600
12-22 13:48:07.858 3190 3646 D CameraHardware: CameraHardware::initHeapLocked
12-22 13:48:07.859 3190 3646 D CameraHardware: CameraHardware::initHeapLocked: preview size=800x600
12-22 13:48:07.859 3190 3646 D CameraHardware: CameraHardware::initHeapLocked: picture size=1280x720
12-22 13:48:07.859 3190 3646 D CameraHardware: CameraHardware::initHeapLocked: video size=640x360
12-22 13:48:07.859 3190 3646 D CameraHardware: CameraHardware::initHeapLocked: OK
12-22 13:48:07.859 3190 3646 D CameraHardware: CameraHardware::startPreviewLocked: StartStreaming
12-22 13:48:07.894 3190 3646 D CameraHardware: CameraHardware::setPreviewWindow - Negotiating preview format
12-22 13:48:07.894 3190 3646 D CameraHardware: CameraHardware::NegotiatePreviewFormat
12-22 13:48:07.894 3190 3646 D CameraHardware: Trying to set preview window geometry to 800x600
12-22 13:48:07.894 3190 3646 D CameraHardware: CameraHardware::startPreviewLocked: starting PreviewThread
12-22 13:48:07.895 3190 3646 D CameraHardware: CameraHardware::startPreviewLocked: O - this:0x0xb2672000
12-22 13:48:07.896 5595 5595 I Choreographer: Skipped 36 frames! The application may be doing too much work on its main thread.
12-22 13:48:08.013 3296 3321 W TelecomManager: Telecom Service not found.
12-22 13:48:08.123 3458 3458 W StaticLayout: maxLineHeight should not be -1. maxLines:1 lineCount:1
12-22 13:48:08.541 3190 5723 I NuPlayerDecoder: [audio] saw output EOS
12-22 13:48:08.542 3190 5722 D AudioTrack: stop() called with 52920 frames delivered
12-22 13:48:08.607 4660 4676 I Finsky : [131] nys.run(3): Stats for Executor: BlockingExecutor oay@9ddeb3[Running, pool size = 2, active threads = 0, queued tasks = 0, completed tasks = 16]
12-22 13:48:08.609 4660 4676 I Finsky : [131] nys.run(3): Stats for Executor: LightweightExecutor oay@e848c70[Running, pool size = 4, active threads = 0, queued tasks = 0, completed tasks = 70]
12-22 13:48:08.925 4660 4676 I Finsky : [131] nys.run(3): Stats for Executor: bgExecutor oay@fda1be9[Running, pool size = 4, active threads = 0, queued tasks = 0, completed tasks = 77]
12-22 13:48:09.025 3190 5705 D NuPlayerDriver: notifyListener_l(0xb0b59770), (2, 0, 0, -1), loop setting(0, 0)
12-22 13:48:09.026 3296 3307 I MediaFocusControl: abandonAudioFocus() from uid/pid 10028/3458 clientId=android.media.AudioManager@30df71b
12-22 13:48:09.026 3296 3828 V MediaRouterService: restoreBluetoothA2dp(false)
12-22 13:48:09.665 3911 3911 D BoundBrokerSvc: onUnbind: Intent { act=com.google.android.gms.payse.service.BIND pkg=com.google.android.gms cmp=com.google.android.gms/.chimera.GmsApiService }
12-22 13:48:10.312 4774 4800 I Finsky:download_service: [148] nys.run(3): Stats for Executor: bgExecutor oay@3762538[Running, pool size = 0, active threads = 0, queued tasks = 0, completed tasks = 0]
12-22 13:48:15.782 3458 3499 W zygote : Checksum mismatch for dex SystemUI.apk
12-22 13:48:15.782 3458 3499 W zygote : Checksum mismatch for dex SystemUI.apk
12-22 13:48:16.985 3296 3307 I ActivityManager: Killing 4760:com.google.android.partnersetup/u0a17 (adj 906): empty #17
12-22 13:48:16.985 3296 3315 W system_server: kill(-4760, 9) failed: No such process
12-22 13:48:16.997 3296 3307 I ActivityManager: Killing 4805:com.google.process.gapps/u0a47 (adj 906): empty #17
12-22 13:48:17.030 3296 3315 I chatty : uid=1000(system) ActivityManager identical 1 line
12-22 13:48:17.072 3296 3315 W system_server: kill(-4760, 9) failed: No such process
12-22 13:48:17.072 3296 3315 I system_server: Successfully killed process cgroup uid 10017 pid 4760 in 86ms
12-22 13:48:17.072 3296 3315 W system_server: kill(-4805, 9) failed: No such process
12-22 13:48:17.073 3296 3315 I system_server: Successfully killed process cgroup uid 10047 pid 4805 in 0ms
12-22 13:48:21.798 3072 3869 D audio_hw_primary: found out /dev/snd/pcmC0D1p
12-22 13:48:21.854 3183 3249 D AudioFlinger: mixer(0xad083580) throttle end: throttle time(22)
12-22 13:48:25.099 3296 3360 W ActivityManager: Unable to start service Intent { act=com.google.android.gms.drive.ApiService.RESET_AFTER_BOOT flg=0x4 cmp=com.google.android.gms/.drive.api.ApiService (has extras) } U=0: not found
12-22 13:48:31.780 3072 3869 D audio_hw_primary: found out /dev/snd/pcmC0D1p
12-22 13:48:31.835 3183 3249 D AudioFlinger: mixer(0xad083580) throttle end: throttle time(22)
12-22 13:48:31.896 3104 3104 D SurfaceFlinger: duplicate layer name: changing com.dailyroads.v.pro/com.dailyroads.activities.Preferences to com.dailyroads.v.pro/com.dailyroads.activities.Preferences#1
12-22 13:48:36.486 3072 3869 D audio_hw_primary: found out /dev/snd/pcmC0D1p
12-22 13:48:36.544 3183 3249 D AudioFlinger: mixer(0xad083580) throttle end: throttle time(22)
12-22 13:48:53.455 3911 5461 I CastDatabase: Saving the database
12-22 13:48:53.464 3911 5461 I SQLiteCastStore: [CastNetworkInfo] saved: 0, skipped: 0, [CastDeviceInfo]: saved 1, skipped 0, [Paired Guest Mode DeviceInfo] saved: 0, skipped: 0. [ProbedNetworks]: saved 0, skipped: 0, [ProbedSocketAddress]: saved 0, skipped: 0, [Network-Device pairs]: saved: 0
12-22 13:48:55.083 3296 3314 D AutofillManagerService: onBackKeyPressed()
12-22 13:48:55.122 5595 5595 W InputEventReceiver: Attempted to finish an input event but the input event receiver has already been disposed.
12-22 13:48:57.117 3296 3314 D AutofillManagerService: onBackKeyPressed()
12-22 13:48:57.142 5595 5595 I FIAM.Headless: Removing display event listener
12-22 13:48:57.166 3296 4845 I ActivityManager: Killing 4826:com.hardkernel.odroid/1000 (adj 906): empty #17
12-22 13:48:57.166 3296 3315 W system_server: kill(-4826, 9) failed: No such process
12-22 13:48:57.211 3296 3315 W system_server: kill(-4826, 9) failed: No such process
12-22 13:48:57.232 5595 5595 I FIAM.Headless: Setting display event listener
12-22 13:48:57.252 3296 3315 W system_server: kill(-4826, 9) failed: No such process
12-22 13:48:57.252 3296 3315 I system_server: Successfully killed process cgroup uid 1000 pid 4826 in 85ms
12-22 13:48:57.312 5595 5595 I DRV : 20201222134857: [B] onResume 0, auto
12-22 13:48:57.317 5595 5595 I DRV : 20201222134857: [B] camera mode: sunny
12-22 13:48:57.318 5595 5595 I DRV : 20201222134857: [B] capture sound volume: -1, true
12-22 13:48:57.324 5595 5595 I DRV : 20201222134857: [B] total photos/videos: 0/2
12-22 13:48:57.377 5595 5595 I DRV : 20201222134857: [B] surfaceCreated 0, auto
12-22 13:48:57.382 5595 5595 I DRV : 20201222134857: [B] releaseCamera
12-22 13:48:57.383 3190 3647 D CameraHardware: CameraHardware::disableMsgType: 16
12-22 13:48:57.413 5595 5595 I DRV : 20201222134857: [B] stopping preview
12-22 13:48:57.414 3190 3647 D CameraHardware: CameraHardware::disableMsgType: 16
12-22 13:48:57.414 3190 3647 D CameraHardware: CameraHardware::stopPreview
12-22 13:48:57.414 3190 3647 D CameraHardware: CameraHardware::stopPreviewLocked
12-22 13:48:57.414 3190 3647 D CameraHardware: CameraHardware::stopPreviewLocked: stopping PreviewThread
12-22 13:48:57.429 3190 3647 D CameraHardware: CameraHardware::stopPreviewLocked: Uninit
12-22 13:48:57.599 3190 3647 D CameraHardware: CameraHardware::stopPreviewLocked: StopStreaming
12-22 13:48:57.679 3190 3647 D CameraHardware: CameraHardware::stopPreviewLocked: Close
12-22 13:48:57.685 3190 3647 D CameraHardware: CameraHardware::stopPreviewLocked: OK
12-22 13:48:57.686 5595 5595 I DRV : 20201222134857: [B] releasing camera
12-22 13:48:57.687 3190 3647 D CameraHardware: CameraHardware::disableMsgType: 16
12-22 13:48:57.687 3190 3647 D CameraHardware: CameraHardware::disableMsgType: 65535
12-22 13:48:57.687 3190 3647 D CameraHardware: CameraHardware::stopPreview
12-22 13:48:57.687 3190 3647 D CameraHardware: CameraHardware::stopPreviewLocked
12-22 13:48:57.687 3190 3647 D CameraHardware: CameraHardware::stopPreviewLocked: OK
12-22 13:48:57.688 3190 3647 D CameraHardware: CameraHardware::cancelPicture
12-22 13:48:57.688 3190 3647 I CamDev@1.0-impl: Closing camera 0
12-22 13:48:57.688 3190 3647 D CameraHardware: CameraHardware::closeCamera
12-22 13:48:57.688 3190 3647 D CameraHardware: CameraHardware::releaseCamera
12-22 13:48:57.691 3190 3647 I CameraService: disconnect: Disconnected client for camera 0 for PID 5595
12-22 13:48:57.692 5595 5595 I DRV : 20201222134857: [B] acquiring wakelock
12-22 13:48:57.693 3190 3647 D NuPlayerDriver: reset(0xb2627850) at state 4
12-22 13:48:57.693 3190 3647 D NuPlayerDriver: updateMetrics(0xb2627850) from reset at state 4
12-22 13:48:57.693 3190 3647 D NuPlayerDriver: notifyListener_l(0xb2627850), (8, 0, 0, -1), loop setting(0, 0)
12-22 13:48:57.693 3190 5714 D NuPlayerDriver: notifyResetComplete(0xb2627850)
12-22 13:48:57.694 3190 3647 D NuPlayerDriver: updateMetrics(0xb2627850) from destructor at state 0
12-22 13:48:57.695 3190 3647 D NuPlayerDriver: reset(0xb2627770) at state 4
12-22 13:48:57.695 3190 3647 D NuPlayerDriver: updateMetrics(0xb2627770) from reset at state 4
12-22 13:48:57.695 3190 3647 D NuPlayerDriver: notifyListener_l(0xb2627770), (8, 0, 0, -1), loop setting(0, 0)
12-22 13:48:57.696 3190 5716 D NuPlayerDriver: notifyResetComplete(0xb2627770)
12-22 13:48:57.696 3190 3647 D NuPlayerDriver: updateMetrics(0xb2627770) from destructor at state 0
12-22 13:48:57.696 3190 3647 D NuPlayerDriver: reset(0xb26274d0) at state 4
12-22 13:48:57.696 3190 3647 D NuPlayerDriver: updateMetrics(0xb26274d0) from reset at state 4
12-22 13:48:57.696 3190 3647 D NuPlayerDriver: notifyListener_l(0xb26274d0), (8, 0, 0, -1), loop setting(0, 0)
12-22 13:48:57.696 3190 5718 D NuPlayerDriver: notifyResetComplete(0xb26274d0)
12-22 13:48:57.697 3190 3647 D NuPlayerDriver: updateMetrics(0xb26274d0) from destructor at state 0
12-22 13:48:57.699 5595 5595 I DRV : 20201222134857: [B] GPS: trying to bind to service...
12-22 13:48:57.703 5595 5595 I DRV : 20201222134857: [B] GPS: bind finished
12-22 13:48:57.705 5595 5595 I DRV : 20201222134857: [B] reinitialize: android.intent.action.MAIN
12-22 13:48:57.722 5595 5595 I DRV : 20201222134857: initializeCamera false
12-22 13:48:57.723 5595 5595 I DRV : 20201222134857: surfHolder OK
12-22 13:48:57.724 5595 5595 I DRV : 20201222134857: openCamera 0
12-22 13:48:57.726 3190 3647 I CameraService: CameraService::connect call (PID -1 "com.dailyroads.v.pro", camera ID 0) for HAL version default and Camera API version 1
12-22 13:48:57.729 3190 3647 D Camera_Factory: CameraFactory::get_camera_info
12-22 13:48:57.729 3190 3647 D Camera_Factory: CameraFactory::getCameraInfo: id = 0, info = 0xb03053d8
12-22 13:48:57.730 3190 3647 D Camera_Factory: CameraFactory::getCameraNum: 1
12-22 13:48:57.730 3190 3647 D CameraHardware: CameraHardware::getCameraInfo
12-22 13:48:57.731 3190 3647 D NuPlayerDriver: NuPlayerDriver(0xb2627460) created, clientPid(5595)
12-22 13:48:57.747 3190 5734 D NuPlayerDriver: notifyListener_l(0xb2627460), (1, 0, 0, -1), loop setting(0, 0)
12-22 13:48:57.747 3190 3647 D NuPlayerDriver: NuPlayerDriver(0xb2627850) created, clientPid(5595)
12-22 13:48:57.758 3190 5736 D NuPlayerDriver: notifyListener_l(0xb2627850), (1, 0, 0, -1), loop setting(0, 0)
12-22 13:48:57.759 3190 3647 D NuPlayerDriver: NuPlayerDriver(0xb2627700) created, clientPid(5595)
12-22 13:48:57.769 3190 5738 D NuPlayerDriver: notifyListener_l(0xb2627700), (1, 0, 0, -1), loop setting(0, 0)
12-22 13:48:57.771 3190 3647 I CameraHardwareInterface: Opening camera 0
12-22 13:48:57.771 3190 3647 I CamDev@1.0-impl: Opening camera 0
12-22 13:48:57.771 3190 3647 D Camera_Factory: CameraFactory::get_camera_info
12-22 13:48:57.771 3190 3647 D Camera_Factory: CameraFactory::getCameraInfo: id = 0, info = 0xb03053bc
12-22 13:48:57.771 3190 3647 D Camera_Factory: CameraFactory::getCameraNum: 1
12-22 13:48:57.771 3190 3647 D CameraHardware: CameraHardware::getCameraInfo
12-22 13:48:57.771 3190 3647 D Camera_Factory: CameraFactory::device_open: name = 0
12-22 13:48:57.771 3190 3647 D Camera_Factory: CameraFactory::cameraDeviceOpen: id = 0
12-22 13:48:57.771 3190 3647 D Camera_Factory: CameraFactory::getCameraNum: 1
12-22 13:48:57.771 3190 3647 D CameraHardware: CameraHardware::connectCamera
12-22 13:48:57.771 3190 3647 D CameraHardware: CameraHardware::setCallbacks
12-22 13:48:57.771 3190 3647 D CameraHardware: CameraHardware::enableMsgType: 3085
12-22 13:48:57.772 3190 3647 D CameraHardware: CameraHardware::getParameters
12-22 13:48:57.772 3190 3647 D CameraHardware: CameraHardware::putParameters
12-22 13:48:57.773 3190 3647 D Camera_Factory: CameraFactory::get_camera_info
12-22 13:48:57.773 3190 3647 D Camera_Factory: CameraFactory::getCameraInfo: id = 0, info = 0xb0305520
12-22 13:48:57.773 3190 3647 D Camera_Factory: CameraFactory::getCameraNum: 1
12-22 13:48:57.773 3190 3647 D CameraHardware: CameraHardware::getCameraInfo
12-22 13:48:57.774 3190 3647 D CameraHardware: CameraHardware::getParameters
12-22 13:48:57.774 3190 3647 D CameraHardware: CameraHardware::putParameters
12-22 13:48:57.775 5595 5595 I DRV : 20201222134857: zoom 0
12-22 13:48:57.777 3190 3647 D CameraHardware: CameraHardware::setParameters
12-22 13:48:57.778 3190 3647 D CameraHardware: Trivially accept it. No changes detected
12-22 13:48:57.778 3190 3647 D Camera_Factory: CameraFactory::get_camera_info
12-22 13:48:57.778 3190 3647 D Camera_Factory: CameraFactory::getCameraInfo: id = 0, info = 0xb0305520
12-22 13:48:57.778 3190 3647 D Camera_Factory: CameraFactory::getCameraNum: 1
12-22 13:48:57.778 3190 3647 D CameraHardware: CameraHardware::getCameraInfo
12-22 13:48:57.780 5595 5595 I DRV : 20201222134857: camera 0 back getOrientationDegrees: 0, 0, 0
12-22 13:48:57.781 5595 5595 I DRV : 20201222134857: setPhotoCameraParams: true
12-22 13:48:57.783 5595 5595 I DRV : 20201222134857: camera previewSize (800x600)
12-22 13:48:57.784 5595 5595 I DRV : 20201222134857: camera pictureSize (1280x720)
12-22 13:48:57.785 5595 5595 I DRV : 20201222134857: setCommonCameraParams: true
12-22 13:48:57.786 5595 5600 I zygote : Do partial code cache collection, code=59KB, data=62KB
12-22 13:48:57.786 5595 5595 I DRV : 20201222134857: setCommonCameraParams sunny: scene=no, white_balance=no, exposure_compensation=no, antibanding=no
12-22 13:48:57.787 5595 5600 I zygote : After code cache collection, code=59KB, data=62KB
12-22 13:48:57.787 5595 5600 I zygote : Increasing code cache capacity to 256KB
12-22 13:48:57.788 5595 5595 I DRV : 20201222134857: initializeCamera setParameters
12-22 13:48:57.789 3190 3647 D CameraHardware: CameraHardware::setParameters
12-22 13:48:57.790 3190 3647 D CameraHardware: Trivially accept it. No changes detected
12-22 13:48:57.790 5595 5595 I DRV : 20201222134857: starting preview
12-22 13:48:57.792 3190 3647 D CameraHardware: CameraHardware::isPreviewEnabled: 0
12-22 13:48:57.792 3190 3647 D CameraHardware: CameraHardware::isPreviewEnabled: 0
12-22 13:48:57.793 3190 3647 I CameraHardwareInterface: Destroying camera 0
12-22 13:48:57.793 3190 3647 D CameraHardware: CameraHardware::setPreviewWindow: preview_stream_ops: 0xb2639104
12-22 13:48:57.793 3190 3647 D CameraHardware: CameraHardware::startPreview
12-22 13:48:57.793 3190 3647 D CameraHardware: CameraHardware::startPreviewLocked
12-22 13:48:57.793 3190 3647 D CameraHardware: CameraHardware::startPreviewLocked: Open, 800x600
12-22 13:48:57.793 3190 3647 D V4L2Camera: V4L2Camera::EnumFrameFormats
12-22 13:48:57.794 3190 3647 D V4L2Camera: { pixelformat = 'YUYV', description = 'YUV 4:2:2 (YUYV)' }
12-22 13:48:57.794 3190 3647 D V4L2Camera: V4L2Camera::EnumFrameSizes: pixfmt: 0x56595559
12-22 13:48:57.794 3190 3647 D V4L2Camera: { discrete: width = 1280, height = 720 }
12-22 13:48:57.794 3190 3647 D V4L2Camera: V4L2Camera::EnumFrameIntervals: pixfmt: 0x56595559, w:1280, h:720
12-22 13:48:57.794 3190 3647 D V4L2Camera: Time interval between frame:
12-22 13:48:57.794 3190 3647 D V4L2Camera: 1/10
12-22 13:48:57.794 3190 3647 D V4L2Camera: 1/5
12-22 13:48:57.794 3190 3647 D V4L2Camera: { discrete: width = 960, height = 720 }
12-22 13:48:57.794 3190 3647 D V4L2Camera: V4L2Camera::EnumFrameIntervals: pixfmt: 0x56595559, w:960, h:720
12-22 13:48:57.794 3190 3647 D V4L2Camera: Time interval between frame:
12-22 13:48:57.794 3190 3647 D V4L2Camera: 1/10
12-22 13:48:57.794 3190 3647 D V4L2Camera: 1/5
12-22 13:48:57.794 3190 3647 D V4L2Camera: { discrete: width = 800, height = 600 }
12-22 13:48:57.794 3190 3647 D V4L2Camera: V4L2Camera::EnumFrameIntervals: pixfmt: 0x56595559, w:800, h:600
12-22 13:48:57.794 3190 3647 D V4L2Camera: Time interval between frame:
12-22 13:48:57.794 3190 3647 D V4L2Camera: 1/15
12-22 13:48:57.794 3190 3647 D V4L2Camera: { discrete: width = 640, height = 360 }
12-22 13:48:57.794 3190 3647 D V4L2Camera: V4L2Camera::EnumFrameIntervals: pixfmt: 0x56595559, w:640, h:360
12-22 13:48:57.794 3190 3647 D V4L2Camera: Time interval between frame:
12-22 13:48:57.794 3190 3647 D V4L2Camera: 1/31
12-22 13:48:57.794 3190 3647 D V4L2Camera: { discrete: width = 640, height = 480 }
12-22 13:48:57.794 3190 3647 D V4L2Camera: V4L2Camera::EnumFrameIntervals: pixfmt: 0x56595559, w:640, h:480
12-22 13:48:57.794 3190 3647 D V4L2Camera: Time interval between frame:
12-22 13:48:57.794 3190 3647 D V4L2Camera: 1/30
12-22 13:48:57.794 3190 3647 D V4L2Camera: 1/15
12-22 13:48:57.794 3190 3647 D V4L2Camera: { discrete: width = 352, height = 288 }
12-22 13:48:57.794 3190 3647 D V4L2Camera: V4L2Camera::EnumFrameIntervals: pixfmt: 0x56595559, w:352, h:288
12-22 13:48:57.794 3190 3647 D V4L2Camera: Time interval between frame:
12-22 13:48:57.794 3190 3647 D V4L2Camera: 1/30
12-22 13:48:57.794 3190 3647 D V4L2Camera: 1/15
12-22 13:48:57.794 3190 3647 D V4L2Camera: { discrete: width = 320, height = 240 }
12-22 13:48:57.794 3190 3647 D V4L2Camera: V4L2Camera::EnumFrameIntervals: pixfmt: 0x56595559, w:320, h:240
12-22 13:48:57.794 3190 3647 D V4L2Camera: Time interval between frame:
12-22 13:48:57.794 3190 3647 D V4L2Camera: 1/30
12-22 13:48:57.794 3190 3647 D V4L2Camera: 1/15
12-22 13:48:57.794 3190 3647 D V4L2Camera: { pixelformat = 'MJPG', description = 'MJPEG' }
12-22 13:48:57.794 3190 3647 D V4L2Camera: V4L2Camera::EnumFrameSizes: pixfmt: 0x47504a4d
12-22 13:48:57.794 3190 3647 D V4L2Camera: { discrete: width = 1280, height = 720 }
12-22 13:48:57.794 3190 3647 D V4L2Camera: V4L2Camera::EnumFrameIntervals: pixfmt: 0x47504a4d, w:1280, h:720
12-22 13:48:57.794 3190 3647 D V4L2Camera: Time interval between frame:
12-22 13:48:57.794 3190 3647 D V4L2Camera: 1/30
12-22 13:48:57.794 3190 3647 D V4L2Camera: 1/25
12-22 13:48:57.794 3190 3647 D V4L2Camera: 1/15
12-22 13:48:57.794 3190 3647 D V4L2Camera: { discrete: width = 960, height = 720 }
12-22 13:48:57.794 3190 3647 D V4L2Camera: V4L2Camera::EnumFrameIntervals: pixfmt: 0x47504a4d, w:960, h:720
12-22 13:48:57.794 3190 3647 D V4L2Camera: Time interval between frame:
12-22 13:48:57.794 3190 3647 D V4L2Camera: 1/30
12-22 13:48:57.794 3190 3647 D V4L2Camera: 1/25
12-22 13:48:57.794 3190 3647 D V4L2Camera: 1/15
12-22 13:48:57.794 3190 3647 D V4L2Camera: { discrete: width = 800, height = 600 }
12-22 13:48:57.794 3190 3647 D V4L2Camera: V4L2Camera::EnumFrameIntervals: pixfmt: 0x47504a4d, w:800, h:600
12-22 13:48:57.794 3190 3647 D V4L2Camera: Time interval between frame:
12-22 13:48:57.794 3190 3647 D V4L2Camera: 1/30
12-22 13:48:57.795 3190 3647 D V4L2Camera: { discrete: width = 640, height = 360 }
12-22 13:48:57.795 3190 3647 D V4L2Camera: V4L2Camera::EnumFrameIntervals: pixfmt: 0x47504a4d, w:640, h:360
12-22 13:48:57.795 3190 3647 D V4L2Camera: Time interval between frame:
12-22 13:48:57.795 3190 3647 D V4L2Camera: 1/60
12-22 13:48:57.795 3190 3647 D V4L2Camera: { discrete: width = 640, height = 480 }
12-22 13:48:57.795 3190 3647 D V4L2Camera: V4L2Camera::EnumFrameIntervals: pixfmt: 0x47504a4d, w:640, h:480
12-22 13:48:57.795 3190 3647 D V4L2Camera: Time interval between frame:
12-22 13:48:57.795 3190 3647 D V4L2Camera: 1/30
12-22 13:48:57.795 3190 3647 D V4L2Camera: 1/15
12-22 13:48:57.795 3190 3647 D V4L2Camera: { discrete: width = 352, height = 288 }
12-22 13:48:57.795 3190 3647 D V4L2Camera: V4L2Camera::EnumFrameIntervals: pixfmt: 0x47504a4d, w:352, h:288
12-22 13:48:57.795 3190 3647 D V4L2Camera: Time interval between frame:
12-22 13:48:57.795 3190 3647 D V4L2Camera: 1/30
12-22 13:48:57.795 3190 3647 D V4L2Camera: 1/15
12-22 13:48:57.795 3190 3647 D V4L2Camera: { discrete: width = 320, height = 240 }
12-22 13:48:57.795 3190 3647 D V4L2Camera: V4L2Camera::EnumFrameIntervals: pixfmt: 0x47504a4d, w:320, h:240
12-22 13:48:57.795 3190 3647 D V4L2Camera: Time interval between frame:
12-22 13:48:57.795 3190 3647 D V4L2Camera: 1/30
12-22 13:48:57.795 3190 3647 D V4L2Camera: 1/15
12-22 13:48:57.795 3190 3647 D CameraHardware: CameraHardware::startPreviewLocked: Init
12-22 13:48:57.795 3190 3647 D V4L2Camera: V4L2Camera::Init
12-22 13:48:57.795 3190 3647 D V4L2Camera: Trying format: (800 x 600), Fps: 15 [difArea:0, difFps:45, cDifArea:-1, cDifFps:-1]
12-22 13:48:57.795 3190 3647 D V4L2Camera: Trying format: (800 x 600), Fps: 30 [difArea:0, difFps:30, cDifArea:0, cDifFps:45]
12-22 13:48:57.795 3190 3647 D V4L2Camera: Trying format: (960 x 720), Fps: 5 [difArea:211200, difFps:55, cDifArea:0, cDifFps:30]
12-22 13:48:57.795 3190 3647 D V4L2Camera: Trying format: (960 x 720), Fps: 10 [difArea:211200, difFps:50, cDifArea:0, cDifFps:30]
12-22 13:48:57.795 3190 3647 D V4L2Camera: Trying format: (960 x 720), Fps: 15 [difArea:211200, difFps:45, cDifArea:0, cDifFps:30]
12-22 13:48:57.795 3190 3647 D V4L2Camera: Trying format: (960 x 720), Fps: 25 [difArea:211200, difFps:35, cDifArea:0, cDifFps:30]
12-22 13:48:57.795 3190 3647 D V4L2Camera: Trying format: (960 x 720), Fps: 30 [difArea:211200, difFps:30, cDifArea:0, cDifFps:30]
12-22 13:48:57.795 3190 3647 D V4L2Camera: Trying format: (1280 x 720), Fps: 5 [difArea:441600, difFps:55, cDifArea:0, cDifFps:30]
12-22 13:48:57.795 3190 3647 D V4L2Camera: Trying format: (1280 x 720), Fps: 10 [difArea:441600, difFps:50, cDifArea:0, cDifFps:30]
12-22 13:48:57.795 3190 3647 D V4L2Camera: Trying format: (1280 x 720), Fps: 15 [difArea:441600, difFps:45, cDifArea:0, cDifFps:30]
12-22 13:48:57.795 3190 3647 D V4L2Camera: Trying format: (1280 x 720), Fps: 25 [difArea:441600, difFps:35, cDifArea:0, cDifFps:30]
12-22 13:48:57.795 3190 3647 D V4L2Camera: Trying format: (1280 x 720), Fps: 30 [difArea:441600, difFps:30, cDifArea:0, cDifFps:30]
12-22 13:48:57.795 3190 3647 D V4L2Camera: Selected format: (800 x 600), Fps: 30
12-22 13:48:57.906 3190 3647 I V4L2Camera: Cropping from origin: 0x0 - size: 800x600 (offset:0)
12-22 13:48:57.961 3190 3647 I V4L2Camera: Actual format: (800 x 600), Fps: 15, pixfmt: 'YUYV', bytesperline: 1600
12-22 13:48:57.972 3190 3647 D CameraHardware: CameraHardware::startPreviewLocked: effective size: 800x600
12-22 13:48:57.972 3190 3647 D CameraHardware: CameraHardware::initHeapLocked
12-22 13:48:57.972 3190 3647 D CameraHardware: CameraHardware::initHeapLocked: preview size=800x600
12-22 13:48:57.972 3190 3647 D CameraHardware: CameraHardware::initHeapLocked: picture size=1280x720
12-22 13:48:57.972 3190 3647 D CameraHardware: CameraHardware::initHeapLocked: video size=640x360
12-22 13:48:57.973 3190 3647 D CameraHardware: CameraHardware::initHeapLocked: OK
12-22 13:48:57.973 3190 3647 D CameraHardware: CameraHardware::startPreviewLocked: StartStreaming
12-22 13:48:58.006 3190 3647 D CameraHardware: CameraHardware::setPreviewWindow - Negotiating preview format
12-22 13:48:58.006 3190 3647 D CameraHardware: CameraHardware::NegotiatePreviewFormat
12-22 13:48:58.006 3190 3647 D CameraHardware: Trying to set preview window geometry to 800x600
12-22 13:48:58.007 3190 3647 D CameraHardware: CameraHardware::startPreviewLocked: starting PreviewThread
12-22 13:48:58.007 3190 3647 D CameraHardware: CameraHardware::startPreviewLocked: O - this:0x0xb2672000
12-22 13:48:58.008 5595 5595 I DRV : 20201222134858: surfaceChanged 0, auto (1280x636)
12-22 13:48:58.066 5595 5595 I DRV : 20201222134858: GPS: onStartCommand
12-22 13:48:58.068 5595 5595 I DRV : 20201222134858: service onUnbind
12-22 13:48:58.069 5595 5595 I DRV : 20201222134858: releasing wakelock
12-22 13:48:58.073 5595 5595 I DRV : 20201222134858: service onDestroy
12-22 13:48:58.074 5595 5595 I DRV : 20201222134858: removing background buttons
12-22 13:48:58.084 5595 5595 I DRV : 20201222134858: GPS: stopForeground
12-22 13:48:58.097 3296 3296 W TelecomManager: Telecom Service not found.
12-22 13:48:58.105 3190 3647 D NuPlayerDriver: stop(0xb0b59770)
12-22 13:48:58.105 3190 3647 D NuPlayerDriver: notifyListener_l(0xb0b59770), (8, 0, 0, -1), loop setting(0, 0)
12-22 13:48:58.109 3458 3821 W MessageQueue: Handler (android.media.MediaPlayer$EventHandler) {7ea30d2} sending message to a Handler on a dead thread
12-22 13:48:58.109 3458 3821 W MessageQueue: java.lang.IllegalStateException: Handler (android.media.MediaPlayer$EventHandler) {7ea30d2} sending message to a Handler on a dead thread
12-22 13:48:58.109 3458 3821 W MessageQueue: at android.os.MessageQueue.enqueueMessage(MessageQueue.java:545)
12-22 13:48:58.109 3458 3821 W MessageQueue: at android.os.Handler.enqueueMessage(Handler.java:662)
12-22 13:48:58.109 3458 3821 W MessageQueue: at android.os.Handler.sendMessageAtTime(Handler.java:631)
12-22 13:48:58.109 3458 3821 W MessageQueue: at android.os.Handler.sendMessageDelayed(Handler.java:601)
12-22 13:48:58.109 3458 3821 W MessageQueue: at android.os.Handler.sendMessage(Handler.java:538)
12-22 13:48:58.109 3458 3821 W MessageQueue: at android.media.MediaPlayer.postEventFromNative(MediaPlayer.java:3461)
12-22 13:48:58.109 3458 5743 V MediaPlayer: resetDrmState: mDrmInfo=null mDrmProvisioningThread=null mPrepareDrmInProgress=false mActiveDrmScheme=false
12-22 13:48:58.109 3458 5743 V MediaPlayer: cleanDrmObj: mDrmObj=null mDrmSessionId=null
12-22 13:48:58.110 3190 3647 D NuPlayerDriver: reset(0xb0b59770) at state 8
12-22 13:48:58.110 3190 3647 D NuPlayerDriver: updateMetrics(0xb0b59770) from reset at state 8
12-22 13:48:58.129 3458 3463 I zygote : Do full code cache collection, code=254KB, data=176KB
12-22 13:48:58.132 3190 5705 D NuPlayerDriver: notifyResetComplete(0xb0b59770)
12-22 13:48:58.134 3190 3647 D NuPlayerDriver: updateMetrics(0xb0b59770) from destructor at state 0
12-22 13:48:58.137 3458 3463 I zygote : After code cache collection, code=218KB, data=135KB
12-22 13:48:58.163 3458 3499 W zygote : Checksum mismatch for dex SystemUI.apk
12-22 13:48:58.163 3458 3499 W zygote : Checksum mismatch for dex SystemUI.apk
12-22 13:48:58.190 5595 5595 I DRV : 20201222134858: overlay surfaceDestroyed
12-22 13:48:58.191 3104 3388 E SurfaceFlinger: Failed to find layer (SurfaceView - #0) in layer parent (no-parent).
12-22 13:48:58.192 3104 3388 E SurfaceFlinger: Failed to find layer (Background for - SurfaceView - #0) in layer parent (no-parent).
12-22 13:48:58.202 3296 3296 W TelecomManager: Telecom Service not found.
12-22 13:48:58.365 5595 5595 I DRV : 20201222134858: Preferences onStop
12-22 13:48:58.366 5595 5595 I DRV : 20201222134858: showing background buttons
12-22 13:48:58.369 5595 5595 D IabHelper: Disposing.
12-22 13:48:58.369 5595 5595 D IabHelper: Unbinding from service.
12-22 13:49:10.243 3072 3869 D audio_hw_primary: found out /dev/snd/pcmC0D1p
12-22 13:49:10.298 3183 3249 D AudioFlinger: mixer(0xad083580) throttle end: throttle time(22)
12-22 13:49:11.487 5595 5595 I DRV : 20201222134911: exit menu selected
12-22 13:49:11.489 5595 5595 I DRV : 20201222134911: adFinish 1
12-22 13:49:11.491 5595 5595 I DRV : 20201222134911: safeFinish
12-22 13:49:11.530 5595 5595 I FIAM.Headless: Removing display event listener
12-22 13:49:11.531 5595 5595 I DRV : 20201222134911: onPause 0, auto
12-22 13:49:11.669 3296 3314 W Looper : Dispatch took 120ms on android.ui, h=Handler (com.android.server.am.ActivityManagerService$UiHandler) {a18d634} cb=null msg=31
12-22 13:49:11.670 3296 4191 W ActivityManager: Unable to start service Intent { act=com.android.launcher3.WINDOW_OVERLAY dat=app://org.lineageos.trebuchet:10026?v=7&cv=9 pkg=com.google.android.googlequicksearchbox } U=0: not found
12-22 13:49:11.786 3981 4010 W zygote : Checksum mismatch for dex Trebuchet.apk
12-22 13:49:11.786 3981 4010 W zygote : Checksum mismatch for dex Trebuchet.apk
12-22 13:49:11.828 3104 3865 D PermissionCache: checking android.permission.READ_FRAME_BUFFER for uid=1000 => granted (1315 us)
12-22 13:49:11.876 5595 5660 D OpenGLRenderer: endAllActiveAnimators on 0x96f93b80 (ea$a) with handle 0x970e0030
12-22 13:49:11.918 5595 5595 I DRV : 20201222134911: surfaceDestroyed 0, auto
12-22 13:49:11.920 5595 5595 I DRV : 20201222134911: releasing wakelock
12-22 13:49:11.924 5595 5595 I DRV : 20201222134911: GPS: trying to unbind from service...
12-22 13:49:11.949 5595 5595 I DRV : 20201222134911: GPS: unbind finished
12-22 13:49:12.074 5595 5595 I DRV : 20201222134912: GPS: onUnbind
12-22 13:49:12.077 5595 5595 I DRV : 20201222134912: GPS: onDestroy
12-22 13:49:12.079 5595 5595 I DRV : 20201222134912: GPS: stopPeriodicUpdates
12-22 13:49:12.090 5595 5595 I DRV : 20201222134912: GPS: mGpsListener unregistered
12-22 13:49:12.112 3296 3307 I GnssLocationProvider: WakeLock acquired by sendMessage(SET_REQUEST, 0, com.android.server.location.GnssLocationProvider$GpsRequest@b5e4550)
12-22 13:49:12.121 3296 3312 I GnssLocationProvider: WakeLock released by handleMessage(SET_REQUEST, 0, com.android.server.location.GnssLocationProvider$GpsRequest@b5e4550)
12-22 13:49:12.193 3296 3313 I ActivityManager: Killing 4867:com.google.android.youtube/u0a30 (adj 906): empty #17
12-22 13:49:12.196 3296 3315 W system_server: kill(-4867, 9) failed: No such process
12-22 13:49:12.197 3296 3313 I ActivityManager: Killing 4849:org.lineageos.lineageparts/1000 (adj 906): empty #18
12-22 13:49:12.204 5595 5595 I DRV : 20201222134912: onStop 0, auto
12-22 13:49:12.205 5595 5595 I DRV : 20201222134912: finishing...
12-22 13:49:12.209 5595 5595 I DRV : 20201222134912: stopWarningNotif
12-22 13:49:12.214 5595 5595 I DRV : 20201222134912: stopVideoPhoto
12-22 13:49:12.219 5595 5595 I DRV : 20201222134912: stopVideoRecording: 0, false, null
12-22 13:49:12.223 5595 5595 I DRV : 20201222134912: releaseMediaRecorder
12-22 13:49:12.224 5595 5595 I DRV : 20201222134912: camera lock
12-22 13:49:12.229 5595 5595 I DRV : 20201222134912: releaseCamera
12-22 13:49:12.231 3190 3647 D CameraHardware: CameraHardware::disableMsgType: 16
12-22 13:49:12.237 3296 3315 W system_server: kill(-4867, 9) failed: No such process
12-22 13:49:12.253 5595 5595 I DRV : 20201222134912: stopping preview
12-22 13:49:12.256 3190 3647 D CameraHardware: CameraHardware::disableMsgType: 16
12-22 13:49:12.256 3190 3647 D CameraHardware: CameraHardware::stopPreview
12-22 13:49:12.256 3190 3647 D CameraHardware: CameraHardware::stopPreviewLocked
12-22 13:49:12.256 3190 3647 D CameraHardware: CameraHardware::stopPreviewLocked: stopping PreviewThread
12-22 13:49:12.269 3190 3647 D CameraHardware: CameraHardware::stopPreviewLocked: Uninit
12-22 13:49:12.271 3981 4066 W OpenGLRenderer: Incorrectly called buildLayer on View: ShortcutAndWidgetContainer, destroying layer...
12-22 13:49:12.271 3981 4066 W OpenGLRenderer: Incorrectly called buildLayer on View: ShortcutAndWidgetContainer, destroying layer...
12-22 13:49:12.282 3296 3315 W system_server: kill(-4867, 9) failed: No such process
12-22 13:49:12.292 3296 3476 D ConnectivityService: ConnectivityService NetworkRequestInfo binderDied(NetworkRequest [ LISTEN id=13, [ Capabilities: INTERNET&NOT_RESTRICTED&TRUSTED&FOREGROUND] ], android.os.BinderProxy@18dad8b)
12-22 13:49:12.292 3296 4803 D ConnectivityService: ConnectivityService NetworkRequestInfo binderDied(NetworkRequest [ TRACK_DEFAULT id=14, [ Capabilities: INTERNET&NOT_RESTRICTED&TRUSTED&NOT_VPN] ], android.os.BinderProxy@b1eb75a)
12-22 13:49:12.298 3296 3406 D ConnectivityService: releasing NetworkRequest [ TRACK_DEFAULT id=14, [ Capabilities: INTERNET&NOT_RESTRICTED&TRUSTED&NOT_VPN] ] (release request)
12-22 13:49:12.327 3296 3315 W system_server: kill(-4867, 9) failed: No such process
12-22 13:49:12.327 3296 3315 I system_server: Successfully killed process cgroup uid 10030 pid 4867 in 130ms
12-22 13:49:12.327 3296 3315 W system_server: kill(-4849, 9) failed: No such process
12-22 13:49:12.328 3296 3315 I system_server: Successfully killed process cgroup uid 1000 pid 4849 in 0ms
12-22 13:49:12.439 3190 3647 D CameraHardware: CameraHardware::stopPreviewLocked: StopStreaming
12-22 13:49:12.516 3190 3647 D CameraHardware: CameraHardware::stopPreviewLocked: Close
12-22 13:49:12.522 3190 3647 D CameraHardware: CameraHardware::stopPreviewLocked: OK
12-22 13:49:12.524 5595 5595 I DRV : 20201222134912: releasing camera
12-22 13:49:12.525 3190 3647 D CameraHardware: CameraHardware::disableMsgType: 16
12-22 13:49:12.525 3190 3647 D CameraHardware: CameraHardware::disableMsgType: 65535
12-22 13:49:12.525 3190 3647 D CameraHardware: CameraHardware::stopPreview
12-22 13:49:12.525 3190 3647 D CameraHardware: CameraHardware::stopPreviewLocked
12-22 13:49:12.525 3190 3647 D CameraHardware: CameraHardware::stopPreviewLocked: OK
12-22 13:49:12.526 3190 3647 D CameraHardware: CameraHardware::cancelPicture
12-22 13:49:12.526 3190 3647 I CamDev@1.0-impl: Closing camera 0
12-22 13:49:12.526 3190 3647 D CameraHardware: CameraHardware::closeCamera
12-22 13:49:12.526 3190 3647 D CameraHardware: CameraHardware::releaseCamera
12-22 13:49:12.529 3190 3647 I CameraService: disconnect: Disconnected client for camera 0 for PID 5595
12-22 13:49:12.530 5595 5595 I DRV : 20201222134912: videoTurnOn: false
12-22 13:49:12.532 5595 5595 I DRV : 20201222134912: sending broadcast: com.dailyroads.status.VIDEO_OFF
12-22 13:49:12.533 3190 3647 D NuPlayerDriver: reset(0xb2627460) at state 4
12-22 13:49:12.533 3190 3647 D NuPlayerDriver: updateMetrics(0xb2627460) from reset at state 4
12-22 13:49:12.534 3190 3647 D NuPlayerDriver: notifyListener_l(0xb2627460), (8, 0, 0, -1), loop setting(0, 0)
12-22 13:49:12.534 3190 5734 D NuPlayerDriver: notifyResetComplete(0xb2627460)
12-22 13:49:12.534 3190 3647 D NuPlayerDriver: updateMetrics(0xb2627460) from destructor at state 0
12-22 13:49:12.534 3190 3647 D NuPlayerDriver: reset(0xb2627850) at state 4
12-22 13:49:12.535 3190 3647 D NuPlayerDriver: updateMetrics(0xb2627850) from reset at state 4
12-22 13:49:12.535 3190 3647 D NuPlayerDriver: notifyListener_l(0xb2627850), (8, 0, 0, -1), loop setting(0, 0)
12-22 13:49:12.535 3190 5736 D NuPlayerDriver: notifyResetComplete(0xb2627850)
12-22 13:49:12.535 3190 3647 D NuPlayerDriver: updateMetrics(0xb2627850) from destructor at state 0
12-22 13:49:12.535 3190 3647 D NuPlayerDriver: reset(0xb2627700) at state 4
12-22 13:49:12.535 3190 3647 D NuPlayerDriver: updateMetrics(0xb2627700) from reset at state 4
12-22 13:49:12.535 3190 3647 D NuPlayerDriver: notifyListener_l(0xb2627700), (8, 0, 0, -1), loop setting(0, 0)
