12-22 13:51:43.149 3296 3313 E ActivityManager: 25% 3296/system_server: 21% user + 3.4% kernel / faults: 31068 minor 163 major
12-22 13:51:43.149 3296 3313 E ActivityManager: 14% 3190/mediaserver: 13% user + 0.7% kernel / faults: 5144 minor 1 major
12-22 13:51:43.149 3296 3313 E ActivityManager: 12% 3104/surfaceflinger: 7.2% user + 5.7% kernel / faults: 1013 minor
12-22 13:51:43.149 3296 3313 E ActivityManager: 8.8% 3761/com.google.android.gms.persistent: 6.9% user + 1.8% kernel / faults: 88218 minor 54 major
12-22 13:51:43.149 3296 3313 E ActivityManager: 6% 3182/media.codec: 1.5% user + 4.4% kernel / faults: 1281 minor
12-22 13:51:43.149 3296 3313 E ActivityManager: 1.6% 3458/com.android.systemui: 1.2% user + 0.3% kernel / faults: 15926 minor 27 major
12-22 13:51:43.149 3296 3313 E ActivityManager: 1.2% 1625/mmcqd/0: 0% user + 1.2% kernel
12-22 13:51:43.149 3296 3313 E ActivityManager: 1.1% 2992/logd: 0.3% user + 0.8% kernel / faults: 209 minor
12-22 13:51:43.149 3296 3313 E ActivityManager: 0.6% 3164/adbd: 0% user + 0.5% kernel / faults: 3948 minor
12-22 13:51:43.149 3296 3313 E ActivityManager: 0.6% 2993/servicemanager: 0.2% user + 0.4% kernel
12-22 13:51:43.149 3296 3313 E ActivityManager: 0.3% 3479/sdcard: 0% user + 0.3% kernel / faults: 38 minor
12-22 13:51:43.149 3296 3313 E ActivityManager: 0.3% 3547/sdcard: 0% user + 0.3% kernel / faults: 44 minor
12-22 13:51:43.149 3296 3313 E ActivityManager: 0.2% 3048/zygote: 0% user + 0.2% kernel / faults: 4795 minor
12-22 13:51:43.149 3296 3313 E ActivityManager: 0.2% 8/rcu_preempt: 0% user + 0.2% kernel
12-22 13:51:43.149 3296 3313 E ActivityManager: 0.2% 30/kworker/4:0: 0% user + 0.2% kernel
12-22 13:51:43.149 3296 3313 E ActivityManager: 0.2% 2990/jbd2/mmcblk0p3-: 0% user + 0.2% kernel
12-22 13:51:43.149 3296 3313 E ActivityManager: 0.2% 1423/kworker/u17:0: 0% user + 0.2% kernel
12-22 13:51:43.149 3296 3313 E ActivityManager: 0.2% 3183/audioserver: 0% user + 0.1% kernel / faults: 227 minor
12-22 13:51:43.149 3296 3313 E ActivityManager: 0.1% 3072/android.hardware.audio@2.0-service: 0% user + 0.1% kernel
12-22 13:51:43.149 3296 3313 E ActivityManager: 0.1% 3270/kworker/u16:3: 0% user + 0.1% kernel
12-22 13:51:43.149 3296 3313 E ActivityManager: 0.1% 1623/kworker/u16:2: 0% user + 0.1% kernel
12-22 13:51:43.149 3296 3313 E ActivityManager: 0.1% 3309/kworker/u16:4: 0% user + 0.1% kernel
12-22 13:51:43.149 3296 3313 E ActivityManager: 0.1% 3102/lmkd: 0% user + 0.1% kernel
12-22 13:51:43.149 3296 3313 E ActivityManager: 0.1% 6/kworker/u16:0: 0% user + 0.1% kernel
12-22 13:51:43.149 3296 3313 E ActivityManager: 0.1% 700/kworker/0:1: 0% user + 0.1% kernel
12-22 13:51:43.149 3296 3313 E ActivityManager: 0% 3003/kworker/4:2: 0% user + 0% kernel
12-22 13:51:43.149 3296 3313 E ActivityManager: 0% 1527/kworker/0:2: 0% user + 0% kernel
12-22 13:51:43.149 3296 3313 E ActivityManager: 0% 3295/kworker/2:2: 0% user + 0% kernel
12-22 13:51:43.149 3296 3313 E ActivityManager: 0% 3206/kworker/3:2: 0% user + 0% kernel
12-22 13:51:43.149 3296 3313 E ActivityManager: 0% 15/kworker/1:0: 0% user + 0% kernel
12-22 13:51:43.149 3296 3313 E ActivityManager: 0% 1677/mmcqd/1: 0% user + 0% kernel
12-22 13:51:43.149 3296 3313 E ActivityManager: 0% 3516/sdcard: 0% user + 0% kernel / faults: 23 minor
12-22 13:51:43.149 3296 3313 E ActivityManager: 0% 3185/installd: 0% user + 0% kernel
12-22 13:51:43.149 3296 3313 E ActivityManager: 0% 3494/webview_zygote32: 0% user + 0% kernel / faults: 3393 minor
12-22 13:51:43.149 3296 3313 E ActivityManager: 0% 3534/kworker/3:1H: 0% user + 0% kernel
12-22 13:51:43.149 3296 3313 E ActivityManager: 0% 1//init: 0% user + 0% kernel / faults: 132 minor
12-22 13:51:43.149 3296 3313 E ActivityManager: 0% 20/kworker/2:0: 0% user + 0% kernel
12-22 13:51:43.149 3296 3313 E ActivityManager: 0% 3188/media.extractor: 0% user + 0% kernel / faults: 85 minor
12-22 13:51:43.149 3296 3313 E ActivityManager: 0% 1822/thread_hotplug: 0% user + 0% kernel
12-22 13:51:43.149 3296 3313 E ActivityManager: 0% 50/kworker/u16:1: 0% user + 0% kernel
12-22 13:51:43.149 3296 3313 E ActivityManager: 0% 701/kworker/5:1: 0% user + 0% kernel
12-22 13:51:43.149 3296 3313 E ActivityManager: 0% 3046/netd: 0% user + 0% kernel / faults: 511 minor
12-22 13:51:43.149 3296 3313 E ActivityManager: 0% 551/kworker/4:1: 0% user + 0% kernel
12-22 13:51:43.149 3296 3313 E ActivityManager: 0% 702/kworker/3:1: 0% user + 0% kernel
12-22 13:51:43.149 3296 3313 E ActivityManager: 0% 554/kworker/6:1: 0% user + 0% kernel
12-22 13:51:43.149 3296 3313 E ActivityManager: 0% 704/kworker/1:1: 0% user + 0% kernel
12-22 13:51:43.149 3296 3313 E ActivityManager: 0% 1566/irq/128-1100000: 0% user + 0% kernel
12-22 13:51:43.149 3296 3313 E ActivityManager: 0% 3186/keystore: 0% user + 0% kernel / faults: 91 minor
12-22 13:51:43.149 3296 3313 E ActivityManager: 0% 583/ion_noncontig_h: 0% user + 0% kernel
12-22 13:51:43.149 3296 3313 E ActivityManager: 0% 3005/android.hardware.keymaster@3.0-service: 0% user + 0% kernel / faults: 118 minor
12-22 13:51:43.149 3296 3313 E ActivityManager: 0% 3310/kworker/1:2: 0% user + 0% kernel
12-22 13:51:43.149 3296 3313 E ActivityManager: 0% 3443/com.android.inputmethod.latin: 0% user + 0% kernel / faults: 135 minor
12-22 13:51:43.149 3296 3313 E ActivityManager: 0% 29/ksoftirqd/4: 0% user + 0% kernel
12-22 13:51:43.149 3296 3313 E ActivityManager: 0% 7/migration/0: 0% user + 0% kernel
12-22 13:51:43.149 3296 3313 E ActivityManager: 0% 2994/hwservicemanager: 0% user + 0% kernel / faults: 42 minor
12-22 13:51:43.149 3296 3313 E ActivityManager: 0% 13/migration/1: 0% user + 0% kernel
12-22 13:51:43.149 3296 3313 E ActivityManager: 0% 18/migration/2: 0% user + 0% kernel
12-22 13:51:43.149 3296 3313 E ActivityManager: 0% 34/ksoftirqd/5: 0% user + 0% kernel
12-22 13:51:43.149 3296 3313 E ActivityManager: 0% 39/ksoftirqd/6: 0% user + 0% kernel
12-22 13:51:43.149 3296 3313 E ActivityManager: 0% 691/kworker/7:1: 0% user + 0% kernel
12-22 13:51:43.149 3296 3313 E ActivityManager: 0% 3172/mdnsd: 0% user + 0% kernel / faults: 1 minor
12-22 13:51:43.149 3296 3313 E ActivityManager: 0% 3189/media.metrics: 0% user + 0% kernel / faults: 10 minor
12-22 13:51:43.149 3296 3313 E ActivityManager: 0% 3/ksoftirqd/0: 0% user + 0% kernel
12-22 13:51:43.149 3296 3313 E ActivityManager: 0% 23/migration/3: 0% user + 0% kernel
12-22 13:51:43.149 3296 3313 E ActivityManager: 0% 28/migration/4: 0% user + 0% kernel
12-22 13:51:43.149 3296 3313 E ActivityManager: 0% 38/migration/6: 0% user + 0% kernel
12-22 13:51:43.149 3296 3313 E ActivityManager: 0% 43/migration/7: 0% user + 0% kernel
12-22 13:51:43.149 3296 3313 E ActivityManager: 0% 44/ksoftirqd/7: 0% user + 0% kernel
12-22 13:51:43.149 3296 3313 E ActivityManager: 0% 1831/kworker/0:1H: 0% user + 0% ker
12-22 13:51:43.161 3296 3313 W ActivityManager: Activity stop timeout for ActivityRecord{9884e1a u0 com.dailyroads.v.pro/com.dailyroads.activities.Voyager t207}
12-22 13:51:43.177 3296 3313 I ActivityManager: Activity reported stop, but no longer stopping: ActivityRecord{9884e1a u0 com.dailyroads.v.pro/com.dailyroads.activities.Voyager t207}
12-22 13:51:43.177 3296 3313 W ActivityManager: Launch timeout has expired, giving up wake lock!
12-22 13:51:43.199 3296 3313 W BroadcastQueue: Background execution not allowed: receiving Intent { act=android.intent.action.DROPBOX_ENTRY_ADDED flg=0x10 (has extras) } to com.google.android.gms/.stats.service.DropBoxEntryAddedReceiver
12-22 13:51:43.215 3296 3313 W BroadcastQueue: Background execution not allowed: receiving Intent { act=android.intent.action.DROPBOX_ENTRY_ADDED flg=0x10 (has extras) } to com.google.android.gms/.chimera.GmsIntentOperationService$PersistentTrustedReceiver
12-22 13:51:43.199 3190 5953 I chatty : uid=1013(media) CameraPreviewTh expire 1 line
12-22 13:51:43.246 3190 5953 E CameraHardwareInterface: dataCallbackTimestamp: memory pool ID 37 not found
12-22 13:51:43.260 3761 4308 I zygote : Deoptimizing com.google.android.gms.phenotype.ExperimentTokens aqea.b(aqco) due to JIT inline cache
12-22 13:51:43.294 3190 5953 E CameraHardwareInterface: dataCallbackTimestamp: memory pool ID 37 not found
12-22 13:51:43.344 3190 5953 I chatty : uid=1013(media) CameraPreviewTh identical 1 line
12-22 13:51:43.391 3190 5953 E CameraHardwareInterface: dataCallbackTimestamp: memory pool ID 37 not found
12-22 13:51:43.400 3761 4017 I zygote : Deoptimizing int dcm.a(bvyg, dce, java.lang.Comparable) due to JIT inline cache
12-22 13:51:43.402 3296 3314 W Looper : Dispatch took 114ms on android.ui, h=Handler (android.view.Choreographer$FrameHandler) {783a244} cb=android.view.Choreographer$FrameDisplayEventReceiver@314ff2d msg=0
12-22 13:51:43.438 3190 5953 E CameraHardwareInterface: dataCallbackTimestamp: memory pool ID 37 not found
12-22 13:51:43.475 3761 3773 I zygote : Background concurrent copying GC freed 137573(7MB) AllocSpace objects, 23(596KB) LOS objects, 50% free, 8MB/16MB, paused 128us total 140.005ms
12-22 13:51:43.485 3190 5953 E CameraHardwareInterface: dataCallbackTimestamp: memory pool ID 37 not found
12-22 13:51:44.824 3190 5953 I chatty : uid=1013(media) CameraPreviewTh identical 29 lines
12-22 13:51:44.870 3190 5953 E CameraHardwareInterface: dataCallbackTimestamp: memory pool ID 37 not found
12-22 13:51:44.876 3190 5944 W CameraSource: Timed out waiting for incoming camera video frames: 0 us
12-22 13:51:44.921 3190 5953 E CameraHardwareInterface: dataCallbackTimestamp: memory pool ID 37 not found
12-22 13:51:44.963 3296 3314 W ActivityManager: Force finishing activity com.dailyroads.v.pro/com.dailyroads.activities.Voyager
12-22 13:51:44.965 3072 3869 D audio_hw_primary: found out /dev/snd/pcmC0D1p
12-22 13:51:44.974 3190 5953 E CameraHardwareInterface: dataCallbackTimestamp: memory pool ID 37 not found
12-22 13:51:45.013 3296 3314 I ActivityManager: Killing 5787:com.dailyroads.v.pro/u0a86 (adj 0): user request after error
12-22 13:51:45.016 3296 3315 W system_server: kill(-5787, 9) failed: No such process
12-22 13:51:45.020 3183 3249 D AudioFlinger: mixer(0xad083580) throttle end: throttle time(22)
12-22 13:51:45.023 3190 5953 E CameraHardwareInterface: dataCallbackTimestamp: memory pool ID 37 not found
12-22 13:51:45.047 3296 5614 D OpenGLRenderer: endAllActiveAnimators on 0x99d18180 (RippleDrawable) with handle 0x9947e0e0
12-22 13:51:45.057 3296 3315 W system_server: kill(-5787, 9) failed: No such process
12-22 13:51:45.079 3296 3314 W Looper : Dispatch took 116ms on android.ui, h=Handler (com.android.server.am.AppNotRespondingDialog$1) {9f3e6e5} cb=null msg=1
12-22 13:51:45.081 3190 5953 E CameraHardwareInterface: dataCallbackTimestamp: memory pool ID 37 not found
12-22 13:51:45.102 3296 3315 W system_server: kill(-5787, 9) failed: No such process
12-22 13:51:45.112 3296 5757 D GnssStatusListenerHelper: Remote Listener died: android.location.IGnssStatusListener$Stub$Proxy@75145ba
12-22 13:51:45.113 3190 3190 I CameraSource: Camera recording proxy died
12-22 13:51:45.122 3296 4845 W ActivityManager: Scheduling restart of crashed service com.dailyroads.v.pro/com.dailyroads.services.GpsService in 1000ms
12-22 13:51:45.131 3190 3190 D CameraHardware: CameraHardware::disableMsgType: 65535
12-22 13:51:45.131 3190 5953 E CameraHardwareInterface: dataCallbackTimestamp: memory pool ID 37 not found
12-22 13:51:45.131 3190 3190 D CameraHardware: CameraHardware::initHeapLocked
12-22 13:51:45.132 3190 3190 D CameraHardware: CameraHardware::initHeapLocked: preview size=640x480
12-22 13:51:45.132 3190 3190 D CameraHardware: CameraHardware::initHeapLocked: picture size=1280x720
12-22 13:51:45.132 3190 3190 D CameraHardware: CameraHardware::initHeapLocked: video size=640x480
12-22 13:51:45.132 3190 3190 D CameraHardware: CameraHardware::initHeapLocked: OK
12-22 13:51:45.132 3190 3190 D CameraHardware: CameraHardware::stopPreview
12-22 13:51:45.132 3190 3190 D CameraHardware: CameraHardware::stopPreviewLocked
12-22 13:51:45.132 3190 3190 D CameraHardware: CameraHardware::stopPreviewLocked: stopping PreviewThread
12-22 13:51:45.135 3296 3386 W InputDispatcher: channel '9bbe096 com.dailyroads.v.pro/com.dailyroads.activities.Voyager (server)' ~ Consumer closed input channel or an error occurred. events=0xd
12-22 13:51:45.135 3296 3386 E InputDispatcher: channel '9bbe096 com.dailyroads.v.pro/com.dailyroads.activities.Voyager (server)' ~ Channel is unrecoverably broken and will be disposed!
12-22 13:51:45.140 3296 4803 I WindowManager: WIN DEATH: Window{9bbe096 u0 com.dailyroads.v.pro/com.dailyroads.activities.Voyager}
12-22 13:51:45.141 3296 4803 W InputDispatcher: Attempted to unregister already unregistered input channel '9bbe096 com.dailyroads.v.pro/com.dailyroads.activities.Voyager (server)'
12-22 13:51:45.147 3296 3315 W system_server: kill(-5787, 9) failed: No such process
12-22 13:51:45.147 3296 3315 I system_server: Successfully killed process cgroup uid 10086 pid 5787 in 131ms
12-22 13:51:45.165 3190 3190 D CameraHardware: CameraHardware::stopPreviewLocked: Uninit
12-22 13:51:45.166 3190 3190 D CameraHardware: CameraHardware::stopPreviewLocked: StopStreaming
12-22 13:51:45.247 3190 3190 D CameraHardware: CameraHardware::stopPreviewLocked: Close
12-22 13:51:45.253 3190 3190 D CameraHardware: CameraHardware::stopPreviewLocked: OK
12-22 13:51:45.254 3190 3190 D CameraHardware: CameraHardware::cancelPicture
12-22 13:51:45.254 3190 3190 I CamDev@1.0-impl: Closing camera 0
12-22 13:51:45.254 3190 3190 D CameraHardware: CameraHardware::closeCamera
12-22 13:51:45.254 3190 3190 D CameraHardware: CameraHardware::releaseCamera
12-22 13:51:45.257 3190 3190 I CameraService: disconnect: Disconnected client for camera 0 for PID 5787
12-22 13:51:45.262 3296 3346 W AppOps : Finishing op nesting under-run: uid 1000 pkg android code 24 time=0 duration=0 nesting=0
12-22 13:51:45.264 3190 3190 D NuPlayerDriver: reset(0xb26278c0) at state 4
12-22 13:51:45.264 3190 3190 D NuPlayerDriver: updateMetrics(0xb26278c0) from reset at state 4
12-22 13:51:45.264 3190 3190 D NuPlayerDriver: notifyListener_l(0xb26278c0), (8, 0, 0, -1), loop setting(0, 0)
12-22 13:51:45.264 3190 5917 D NuPlayerDriver: notifyResetComplete(0xb26278c0)
12-22 13:51:45.265 3190 3190 D NuPlayerDriver: updateMetrics(0xb26278c0) from destructor at state 0
12-22 13:51:45.266 3190 3190 D NuPlayerDriver: reset(0xb0b59380) at state 6
12-22 13:51:45.266 3190 3190 D NuPlayerDriver: updateMetrics(0xb0b59380) from reset at state 6
12-22 13:51:45.267 3190 3190 D NuPlayerDriver: notifyListener_l(0xb0b59380), (8, 0, 0, -1), loop setting(0, 0)
12-22 13:51:45.278 3190 5919 D NuPlayerDriver: notifyResetComplete(0xb0b59380)
12-22 13:51:45.279 3190 3190 D NuPlayerDriver: updateMetrics(0xb0b59380) from destructor at state 0
12-22 13:51:45.282 3190 3190 D NuPlayerDriver: reset(0xb0b59930) at state 4
12-22 13:51:45.282 3190 3190 D NuPlayerDriver: updateMetrics(0xb0b59930) from reset at state 4
12-22 13:51:45.282 3190 3190 D NuPlayerDriver: notifyListener_l(0xb0b59930), (8, 0, 0, -1), loop setting(0, 0)
12-22 13:51:45.283 3190 5921 D NuPlayerDriver: notifyResetComplete(0xb0b59930)
12-22 13:51:45.283 3190 3190 D NuPlayerDriver: updateMetrics(0xb0b59930) from destructor at state 0
12-22 13:51:45.283 3190 3190 E CameraService: binderDied: Java client's binder died, removing it from the list of active clients
12-22 13:51:45.286 3296 3321 W ActivityManager: setHasOverlayUi called on unknown pid: 5787
12-22 13:51:45.289 3296 3314 W Looper : Dispatch took 165ms on android.ui, h=Handler (com.android.server.am.ActivityManagerService$UiHandler) {a18d634} cb=null msg=53
12-22 13:51:45.293 3296 5757 W ActivityManager: Unable to start service Intent { act=com.android.launcher3.WINDOW_OVERLAY dat=app://org.lineageos.trebuchet:10026?v=7&cv=9 pkg=com.google.android.googlequicksearchbox } U=0: not found
12-22 13:51:45.318 3296 5755 I GnssLocationProvider: WakeLock acquired by sendMessage(SET_REQUEST, 0, com.android.server.location.GnssLocationProvider$GpsRequest@8b58c6b)
12-22 13:51:45.333 3296 3312 I GnssLocationProvider: WakeLock released by handleMessage(SET_REQUEST, 0, com.android.server.location.GnssLocationProvider$GpsRequest@8b58c6b)
12-22 13:51:45.369 3296 5614 D vndksupport: Loading /vendor/lib/hw/gralloc.exynos5.so from current namespace instead of sphal namespace.
12-22 13:51:45.373 3296 5614 I system_server: android::hardware::configstore::V1_0::ISurfaceFlingerConfigs::hasWideColorDisplay retrieved: 0
12-22 13:51:45.373 3296 5614 I OpenGLRenderer: Initialized EGL, version 1.4
12-22 13:51:45.373 3296 5614 D OpenGLRenderer: Swap behavior 1
12-22 13:51:45.864 3981 4066 W OpenGLRenderer: Incorrectly called buildLayer on View: ShortcutAndWidgetContainer, destroying layer...
12-22 13:51:46.140 3296 3313 I ActivityManager: Start proc 6013:com.dailyroads.v.pro/u0a86 for service com.dailyroads.v.pro/com.dailyroads.services.GpsService
12-22 13:51:46.175 3296 6012 W ActivityManager: Stopping service due to app idle: u0a86 -1m51s561ms com.dailyroads.v.pro/com.dailyroads.services.GpsService
12-22 13:51:45.864 3981 4066 W OpenGLRenderer: Incorrectly called buildLayer on View: ShortcutAndWidgetContainer, destroying layer...
12-22 13:51:46.215 6013 6013 I MultiDex: VM with version 2.1.0 has multidex support
12-22 13:51:46.215 6013 6013 I MultiDex: Installing application
12-22 13:51:46.215 6013 6013 I MultiDex: VM has multidex support, MultiDex support library is disabled.
12-22 13:51:46.279 6013 6013 D NetworkSecurityConfig: No Network Security Config specified, using platform default
12-22 13:51:46.327 6013 6013 I FIAM.Headless: Starting InAppMessaging runtime with Instance ID dyc0VKHD1lY
12-22 13:51:46.340 6013 6013 W Settings: Setting airplane_mode_on has moved from android.provider.Settings.System to android.provider.Settings.Global, returning read-only value.
12-22 13:51:46.359 6013 6013 D FirebaseApp: com.google.firebase.auth.FirebaseAuth is not linked. Skipping initialization.
12-22 13:51:46.359 6013 6013 D FirebaseApp: com.google.firebase.crash.FirebaseCrash is not linked. Skipping initialization.
12-22 13:51:46.359 6013 6013 I FirebaseInitProvider: FirebaseApp initialization successful
12-22 13:51:46.400 6013 6013 I ActivityThread: handleStopService: token=android.os.BinderProxy@3b6bd9b not found.
12-22 13:51:46.403 6013 6029 I FA : App measurement is starting up, version: 14710
12-22 13:51:46.403 6013 6029 I FA : To enable debug logging run: adb shell setprop log.tag.FA VERBOSE
12-22 13:51:46.403 6013 6029 I FA : To enable faster debug mode event logging run:
12-22 13:51:46.403 6013 6029 I FA : adb shell setprop debug.firebase.analytics.app com.dailyroads.v.pro
12-22 13:51:46.415 3296 6012 W ActivityManager: Service done with onDestroy, but executeNesting=2: ServiceRecord{7cd7022 u0 com.dailyroads.v.pro/com.dailyroads.services.GpsService}
12-22 13:51:46.511 3761 4215 W GCoreFlp: No location to return for getLastLocation()
12-22 13:51:46.556 3761 4215 I chatty : uid=10013(com.google.android.gms) FlpThread identical 1 line
12-22 13:51:46.558 3761 4215 W GCoreFlp: No location to return for getLastLocation()
12-22 13:51:46.582 3296 4130 I GnssLocationProvider: WakeLock acquired by sendMessage(SET_REQUEST, 0, com.android.server.location.GnssLocationProvider$GpsRequest@a6592a4)
12-22 13:51:46.588 3296 3312 I GnssLocationProvider: WakeLock released by handleMessage(SET_REQUEST, 0, com.android.server.location.GnssLocationProvider$GpsRequest@a6592a4)
12-22 13:51:46.639 3296 3306 I zygote : Background concurrent copying GC freed 88873(4MB) AllocSpace objects, 28(3MB) LOS objects, 49% free, 9MB/19MB, paused 172us total 134.107ms
12-22 13:51:46.644 3296 3304 W WindowManager: cleaning up leaked reference: keyguard
12-22 13:51:47.876 3190 5944 W CameraSource: camera recording proxy is gone
12-22 13:51:47.876 3190 3695 D MPEG4Writer: Video track stopping. Stop source
12-22 13:51:47.876 3190 5954 E MPEG4Writer: The number of recorded samples is 0
12-22 13:51:47.876 3190 3695 D MPEG4Writer: Video track source stopping
12-22 13:51:47.876 3190 5954 E MPEG4Writer: Dumping Video track's last 10 frames timestamp and frame type
12-22 13:51:47.876 3190 5954 E MPEG4Writer:
12-22 13:51:47.886 3190 5935 I MediaCodecSource: encoder (video) stopping
12-22 13:51:47.886 3190 5935 I MediaCodecSource: encoder (video) already stopped
12-22 13:51:47.886 3190 3695 D MPEG4Writer: Video track source stopped
12-22 13:51:47.905 3190 5954 W MPEG4Writer: 0-duration samples found: 1
12-22 13:51:47.905 3190 5954 W MPEG4Writer: 0-duration samples found: 1
12-22 13:51:47.905 3190 5954 I MPEG4Writer: Received total/0-length (0/0) buffers and encoded 0 frames. - Video
12-22 13:51:47.906 3190 3695 D MPEG4Writer: Video track stopped. Stop source
12-22 13:51:47.906 3190 3695 D MPEG4Writer: Stopping writer thread
12-22 13:51:47.906 3190 5943 D MPEG4Writer: 0 chunks are written in the last batch
12-22 13:51:47.906 3190 3695 D MPEG4Writer: Writer thread stopped
12-22 13:51:47.907 3190 3695 D MPEG4Writer: Video track stopping. Stop source
12-22 13:51:47.908 3190 3695 D CameraSource: reset: E
12-22 13:51:47.908 3190 3695 D CameraSource: reset: X