12-22 13:46:59.946 3296 3313 V ActivityManager: Installing ContentProviderInfo{name=com.google.android.gms.auth.confirm className=com.google.android.gms.auth.account.be.accountstate.CredentialStateContentProvider}
12-22 13:46:59.946 3296 3313 V ActivityManager: Installing ContentProviderInfo{name=com.google.android.gms.auth.accounts className=com.google.android.gms.auth.account.be.legacy.AccountContentProvider}
12-22 13:46:59.946 3296 3313 V ActivityManager: Skipping ContentProviderInfo{name=com.google.android.gms.auth.proximity.multidevice.settings.provider className=com.google.android.gms.auth.proximity.multidevice.SettingsContentProvider}
12-22 13:46:59.946 3296 3313 V ActivityManager: Skipping ContentProviderInfo{name=com.google.android.gms.chromesync className=com.google.android.gms.chromesync.sync.SyncContentProvider}
12-22 13:46:59.946 3296 3313 V ActivityManager: Skipping ContentProviderInfo{name=com.google.android.gms.download className=com.google.android.gms.common.download.provider.DownloadsProvider}
12-22 13:46:59.946 3296 3313 V ActivityManager: Skipping ContentProviderInfo{name=com.google.android.gms.common.stats.net.contentprovider className=com.google.android.gms.common.stats.net.contentprovider.NetworkUsageContentProvider}
12-22 13:46:59.947 3296 3313 V ActivityManager: Skipping ContentProviderInfo{name=com.google.android.gms className=com.google.android.gms.app.search.GmsSearchIndexablesProvider}
12-22 13:46:59.947 3296 3313 V ActivityManager: Skipping ContentProviderInfo{name=com.google.android.gms.drive.sync className=com.google.android.gms.drive.metadata.sync.syncadapter.StubContentProvider}
12-22 13:46:59.947 3296 3313 V ActivityManager: Installing ContentProviderInfo{name=com.google.android.gms.fitness className=com.google.android.gms.fitness.sync.FitnessContentProvider}
12-22 13:46:59.951 3296 3313 V ActivityManager: Installing ContentProviderInfo{name=com.google.android.gms.fonts className=com.google.android.gms.fonts.provider.FontsProvider}
12-22 13:46:59.951 3296 3313 V ActivityManager: Skipping ContentProviderInfo{name=com.google.android.gms.games.background className=com.google.android.gms.games.chimera.GamesContentProviderProxy}
12-22 13:46:59.951 3296 3313 V ActivityManager: Skipping ContentProviderInfo{name=com.google.android.gms.games className=com.google.android.gms.games.provider.NotificationStubContentProvider}
12-22 13:46:59.952 3296 3313 V ActivityManager: Skipping ContentProviderInfo{name=com.google.android.gms.icing.indexapi className=com.google.android.gms.icing.indexapi.IndexApiContentProvider}
12-22 13:46:59.952 3296 3313 V ActivityManager: Skipping ContentProviderInfo{name=com.google.android.gms.icing.proxy.apps className=com.google.android.gms.icing.proxy.AppsContentProvider}
12-22 13:46:59.952 3296 3313 V ActivityManager: Skipping ContentProviderInfo{name=com.google.android.gms.icing.proxy className=com.google.android.gms.icing.proxy.InternalIcingCorporaProvider}
12-22 13:46:59.952 3296 3313 V ActivityManager: Installing ContentProviderInfo{name=com.google.android.gms.instantapps.provider.api className=com.google.android.gms.instantapps.routing.InstantAppsContentProvider}
12-22 13:46:59.952 3296 3313 V ActivityManager: Installing ContentProviderInfo{name=com.google.android.gms.location.preferences className=com.google.android.gms.location.preferences.LocationPreferencesContentProvider}
12-22 13:46:59.952 3296 3313 V ActivityManager: Installing ContentProviderInfo{name=com.google.android.location.internal className=com.google.android.location.internal.LocationContentProvider}
12-22 13:46:59.957 3296 3313 V ActivityManager: Installing ContentProviderInfo{name=com.google.android.location.reporting className=com.google.android.location.reporting.service.utils.ReportingContentProvider}
12-22 13:46:59.957 3296 3313 V ActivityManager: Skipping ContentProviderInfo{name=com.google.android.gms.matchstick.dataprovider className=com.google.android.gms.matchstick.data.DatabaseProvider}
12-22 13:46:59.957 3296 3313 V ActivityManager: Skipping ContentProviderInfo{name=com.google.android.gms.lighter.data className=com.google.android.gms.matchstick.data.LighterContentProvider}
12-22 13:46:59.957 3296 3313 V ActivityManager: Skipping ContentProviderInfo{name=com.google.android.gms.nearby.fastpair className=com.google.android.gms.nearby.discovery.fastpair.slice.FastPairSliceProvider}
12-22 13:46:59.957 3296 3313 V ActivityManager: Skipping ContentProviderInfo{name=com.google.android.gms.nearby.sharing className=com.google.android.gms.nearby.sharing.SharingSliceProvider}
12-22 13:46:59.957 3296 3313 V ActivityManager: Skipping ContentProviderInfo{name=com.google.android.gms.update.phone className=com.google.android.gms.update.OtaSuggestionSummaryProvider}
12-22 13:46:59.957 3296 3313 V ActivityManager: Skipping ContentProviderInfo{name=com.google.android.gms.people className=com.google.android.gms.people.service.PeopleContentProvider}
12-22 13:46:59.958 3296 3313 V ActivityManager: Skipping ContentProviderInfo{name=com.google.android.gms.people.gal.provider className=com.google.android.gms.people.service.galprovider.PeopleGalProvider}
12-22 13:46:59.958 3296 3313 V ActivityManager: Skipping ContentProviderInfo{name=com.google.android.gms.plus;com.google.android.gms.plus.action className=com.google.android.gms.plus.provider.PlusProvider}
12-22 13:46:59.958 3296 3313 V ActivityManager: Skipping ContentProviderInfo{name=com.google.android.gms.reminders className=com.google.android.gms.reminders.provider.RemindersProvider}
12-22 13:46:59.958 3296 3313 V ActivityManager: Installing ContentProviderInfo{name=com.google.android.gms.security.provider className=com.google.android.gms.security.provider.SecurityProvider}
12-22 13:46:59.958 3296 3313 V ActivityManager: Skipping ContentProviderInfo{name=com.google.android.gms.subscribedfeeds className=com.google.android.gms.subscribedfeeds.GmsSubscribedFeedsProvider}
12-22 13:46:59.958 3296 3313 V ActivityManager: Skipping ContentProviderInfo{name=com.google.android.gms.thunderbird.config className=com.google.android.gms.thunderbird.config.EmergencyConfigContentProvider}
12-22 13:46:59.958 3296 3313 V ActivityManager: Skipping ContentProviderInfo{name=com.google.android.gms.thunderbird.settings className=com.google.android.gms.thunderbird.settings.ThunderbirdSettingsContentProvider}
12-22 13:46:59.958 3296 3313 V ActivityManager: Installing ContentProviderInfo{name=com.google.android.gms.trustagent.framework.model.be.provider className=com.google.android.gms.trustagent.framework.model.be.ModelContentProvider}
12-22 13:46:59.958 3296 3313 V ActivityManager: Skipping ContentProviderInfo{name=com.google.android.gms.wallet className=com.google.android.gms.wallet.setupwizard.PaymentsSetupWizardSuggestionStateProvider}
12-22 13:46:59.961 3296 3313 V ActivityManager: Skipping ContentProviderInfo{name=com.google.android.gms.chimera.container.sharedmoduleprovider className=com.google.android.gms.chimera.container.SharedModuleProvider}
12-22 13:46:59.961 3296 3313 V ActivityManager: Installing ContentProviderInfo{name=com.google.android.gms.lifecycle-process className=androidx.lifecycle.ProcessLifecycleOwnerInitializer}
12-22 13:46:59.973 3296 3313 I ActivityManager: User 0 state changed from RUNNING_UNLOCKING to RUNNING_UNLOCKED
12-22 13:46:59.975 3296 3313 I ActivityManager: Sending BOOT_COMPLETE user #0
12-22 13:46:59.992 3296 3319 I AppWidgetServiceImpl: Async processing of onUserUnlocked u0 took 200 ms
12-22 13:47:00.019 3539 3539 D FallbackHome: User unlocked and real home found; let's go!
12-22 13:47:00.024 3296 3296 V NotificationListeners: enabling notification listener for 0: ComponentInfo{org.lineageos.trebuchet/com.android.launcher3.notification.NotificationListener}
12-22 13:47:00.056 3296 3296 V NotificationListeners: binding: Intent { act=android.service.notification.NotificationListenerService cmp=org.lineageos.trebuchet/com.android.launcher3.notification.NotificationListener (has extras) }
12-22 13:47:00.066 3296 3307 I ActivityManager: START u0 {act=android.intent.action.MAIN cat=[android.intent.category.HOME] flg=0x10000100 cmp=org.lineageos.trebuchet/com.android.launcher3.searchlauncher.SearchLauncher} from uid 0
12-22 13:47:00.129 3296 3307 I ActivityManager: Start proc 3981:org.lineageos.trebuchet/u0a26 for activity org.lineageos.trebuchet/com.android.launcher3.searchlauncher.SearchLauncher
12-22 13:47:00.144 3458 3463 I zygote : Do partial code cache collection, code=125KB, data=82KB
12-22 13:47:00.147 3458 3463 I zygote : After code cache collection, code=122KB, data=81KB
12-22 13:47:00.147 3458 3463 I zygote : Increasing code cache capacity to 512KB
12-22 13:47:00.151 3296 3296 I AccountManagerService: User 0 is unlocked - opening CE database
12-22 13:47:00.183 3761 3766 I chatty : uid=10013(com.google.android.gms) Jit thread pool expire 12 lines
12-22 13:47:00.265 3296 3828 W ActivityManager: Slow operation: 96ms so far, now at attachApplicationLocked: after mServices.attachApplicationLocked
12-22 13:47:00.297 3296 3312 I ActivityManager: Start proc 3999:com.android.printspooler/u0a72 for service com.android.printspooler/.model.PrintSpoolerService
12-22 13:47:00.381 3981 4019 D vndksupport: Loading /vendor/lib/egl/libGLES_mali.so from current namespace instead of sphal namespace.
12-22 13:47:00.408 3926 3926 D MediaScannerReceiver: action: android.intent.action.MEDIA_MOUNTED path: /storage/0000-3333
12-22 13:47:00.421 3296 3979 W BroadcastQueue: Background execution not allowed: receiving Intent { act=android.intent.action.DROPBOX_ENTRY_ADDED flg=0x10 (has extras) } to com.google.android.gms/.stats.service.DropBoxEntryAddedReceiver
12-22 13:47:00.423 3296 3313 W BroadcastQueue: Background execution not allowed: receiving Intent { act=android.intent.action.DROPBOX_ENTRY_ADDED flg=0x10 (has extras) } to com.google.android.gms/.chimera.GmsIntentOperationService$PersistentTrustedReceiver
12-22 13:47:00.429 3296 3828 W WallpaperManagerService: Cannot extract colors because wallpaper could not be read.
12-22 13:47:00.431 3981 3981 V Launcher: LauncherAppState initiated
12-22 13:47:00.445 3296 3296 W Binder : Outgoing transactions from this process must be FLAG_ONEWAY
12-22 13:47:00.445 3296 3296 W Binder : java.lang.Throwable
12-22 13:47:00.445 3296 3296 W Binder : at android.os.BinderProxy.transact(Binder.java:754)
12-22 13:47:00.445 3296 3296 W Binder : at com.android.internal.backup.IBackupTransport$Stub$Proxy.name(IBackupTransport.java:369)
12-22 13:47:00.445 3296 3296 W Binder : at com.android.server.backup.TransportManager$TransportConnection.onServiceConnected(TransportManager.java:339)
12-22 13:47:00.445 3296 3296 W Binder : at android.app.LoadedApk$ServiceDispatcher.doConnected(LoadedApk.java:1652)
12-22 13:47:00.445 3296 3296 W Binder : at android.app.LoadedApk$ServiceDispatcher$RunConnection.run(LoadedApk.java:1681)
12-22 13:47:00.445 3296 3296 W Binder : at android.os.Handler.handleCallback(Handler.java:790)
12-22 13:47:00.445 3296 3296 W Binder : at android.os.Handler.dispatchMessage(Handler.java:99)
12-22 13:47:00.445 3296 3296 W Binder : at android.os.Looper.loop(Looper.java:164)
12-22 13:47:00.445 3296 3296 W Binder : at com.android.server.SystemServer.run(SystemServer.java:432)
12-22 13:47:00.445 3296 3296 W Binder : at com.android.server.SystemServer.main(SystemServer.java:274)
12-22 13:47:00.445 3296 3296 W Binder : at java.lang.reflect.Method.invoke(Native Method)
12-22 13:47:00.445 3296 3296 W Binder : at com.android.internal.os.RuntimeInit$MethodAndArgsCaller.run(RuntimeInit.java:438)
12-22 13:47:00.445 3296 3296 W Binder : at com.android.internal.os.ZygoteInit.main(ZygoteInit.java:787)
12-22 13:47:00.447 3981 4019 D libEGL : loaded /vendor/lib/egl/libGLES_mali.so
12-22 13:47:00.457 3296 3296 D BackupTransportManager: Bound to transport: com.google.android.gms/.backup.component.D2dTransportService
12-22 13:47:00.570 3296 3312 I ActivityManager: Start proc 4046:com.android.keychain/1000 for service com.android.keychain/.KeyChainService
12-22 13:47:00.586 3458 3458 D StatusBar: disable
12-22 13:47:00.629 3926 3926 D MediaScannerReceiver: action: android.intent.action.MEDIA_MOUNTED path: /storage/95C8-A70E
12-22 13:47:00.642 3458 3458 W View : requestLayout() improperly called by com.android.internal.widget.NotificationExpandButton{4c9937c VFED..C.. ......ID 158,19-174,36 #1020232 android:id/expand_button} during layout: running second layout pass
12-22 13:47:00.643 3458 3458 W View : requestLayout() improperly called by com.android.internal.widget.NotificationExpandButton{db1bf4c VFED..C.. ......ID 158,19-174,36 #1020232 android:id/expand_button} during layout: running second layout pass
12-22 13:47:00.643 3458 3458 W View : requestLayout() improperly called by com.android.internal.widget.NotificationExpandButton{97eb875 VFED..C.. ......ID 158,19-174,36 #1020232 android:id/expand_button} during layout: running second layout pass
12-22 13:47:00.654 3296 3296 W Binder : Outgoing transactions from this process must be FLAG_ONEWAY
12-22 13:47:00.654 3296 3296 W Binder : java.lang.Throwable
12-22 13:47:00.654 3296 3296 W Binder : at android.os.BinderProxy.transact(Binder.java:754)
12-22 13:47:00.654 3296 3296 W Binder : at com.android.internal.backup.IBackupTransport$Stub$Proxy.name(IBackupTransport.java:369)
12-22 13:47:00.654 3296 3296 W Binder : at com.android.server.backup.TransportManager$TransportConnection.onServiceConnected(TransportManager.java:339)
12-22 13:47:00.654 3296 3296 W Binder : at android.app.LoadedApk$ServiceDispatcher.doConnected(LoadedApk.java:1652)
12-22 13:47:00.654 3296 3296 W Binder : at android.app.LoadedApk$ServiceDispatcher$RunConnection.run(LoadedApk.java:1681)
12-22 13:47:00.654 3296 3296 W Binder : at android.os.Handler.handleCallback(Handler.java:790)
12-22 13:47:00.654 3296 3296 W Binder : at android.os.Handler.dispatchMessage(Handler.java:99)
12-22 13:47:00.654 3296 3296 W Binder : at android.os.Looper.loop(Looper.java:164)
12-22 13:47:00.654 3296 3296 W Binder : at com.android.server.SystemServer.run(SystemServer.java:432)
12-22 13:47:00.654 3296 3296 W Binder : at com.android.server.SystemServer.main(SystemServer.java:274)
12-22 13:47:00.654 3296 3296 W Binder : at java.lang.reflect.Method.invoke(Native Method)
12-22 13:47:00.654 3296 3296 W Binder : at com.android.internal.os.RuntimeInit$MethodAndArgsCaller.run(RuntimeInit.java:438)
12-22 13:47:00.654 3296 3296 W Binder : at com.android.internal.os.ZygoteInit.main(ZygoteInit.java:787)
12-22 13:47:00.662 3296 3296 D BackupTransportManager: Bound to transport: com.google.android.gms/.backup.BackupTransportService
12-22 13:47:00.664 3458 3458 I zygote : Deoptimizing void com.android.systemui.statusbar.stack.ViewState.applyToView(android.view.View) due to JIT inline cache
12-22 13:47:00.668 3458 3458 I zygote : Deoptimizing void com.android.settingslib.graph.BatteryMeterDrawableBase.draw(android.graphics.Canvas) due to JIT inline cache
12-22 13:47:00.723 3981 4036 D LoaderTask: loadWorkspace: loading default favorites
12-22 13:47:00.757 3296 3979 W ActivityManager: Unable to start service Intent { act=com.android.launcher3.WINDOW_OVERLAY dat=app://org.lineageos.trebuchet:10026?v=7&cv=9 pkg=com.google.android.googlequicksearchbox } U=0: not found
12-22 13:47:00.772 3296 3979 W ActivityManager: Unable to start service Intent { act=com.android.launcher3.WINDOW_OVERLAY dat=app://org.lineageos.trebuchet:10026?v=7&cv=9 pkg=com.google.android.googlequicksearchbox } U=0: not found
12-22 13:47:00.804 3981 4066 D OpenGLRenderer: HWUI GL Pipeline
12-22 13:47:00.840 3926 3926 D MediaScannerReceiver: action: android.intent.action.MEDIA_MOUNTED path: /storage/emulated/0
12-22 13:47:00.850 3296 3306 I zygote : Background concurrent copying GC freed 63226(5MB) AllocSpace objects, 89(2MB) LOS objects, 50% free, 8MB/17MB, paused 269us total 178.864ms
12-22 13:47:00.865 3296 3592 D AutofillManagerServiceImpl: Reset component for user 0
12-22 13:47:00.892 3296 3976 I ActivityManager: Start proc 4071:org.lineageos.lockclock/u0a66 for broadcast org.lineageos.lockclock/.ClockWidgetProvider
12-22 13:47:00.925 3981 4066 I : PLATFORM VERSION : JB-MR-2
12-22 13:47:00.926 3981 4066 D vndksupport: Loading /vendor/lib/hw/gralloc.exynos5.so from current namespace instead of sphal namespace.
12-22 13:47:00.931 3981 3981 W View : requestLayout() improperly called by com.android.launcher3.graphics.GradientView{48aa670 V.ED..... ......I. 0,0-0,0 #7f0b00be app:id/gradient_bg} during layout: running second layout pass
12-22 13:47:00.937 3981 4066 I org.lineageos.trebuchet: android::hardware::configstore::V1_0::ISurfaceFlingerConfigs::hasWideColorDisplay retrieved: 0
12-22 13:47:00.937 3981 4066 I OpenGLRenderer: Initialized EGL, version 1.4
12-22 13:47:00.937 3981 4066 D OpenGLRenderer: Swap behavior 1
12-22 13:47:00.964 3981 4066 D vndksupport: Loading /vendor/lib/hw/android.hardware.graphics.mapper@2.0-impl.so from current namespace instead of sphal namespace.
12-22 13:47:00.965 3981 4066 D vndksupport: Loading /vendor/lib/hw/gralloc.exynos5.so from current namespace instead of sphal namespace.
12-22 13:47:00.970 3296 3296 I FusedLocation: engine stopped (com.android.location.fused)
12-22 13:47:01.028 3296 3321 I ActivityManager: Displayed org.lineageos.trebuchet/com.android.launcher3.searchlauncher.SearchLauncher: +897ms
12-22 13:47:01.140 3981 3981 W System : ClassLoader referenced unknown path:
12-22 13:47:01.227 3296 3592 I ActivityManager: Start proc 4114:org.lineageos.lineageparts/1000 for broadcast org.lineageos.lineageparts/.BootReceiver
12-22 13:47:01.238 3911 4108 I chatty : uid=10013(com.google.android.gms) expire 1 line
12-22 13:47:01.299 3911 4107 I chatty : uid=10013(com.google.android.gms) expire 6 lines
12-22 13:47:01.313 4071 4071 D WeatherUpdateService: onCreate
12-22 13:47:01.319 4071 4071 D WeatherUpdateService: Service started, but shouldn't update ... stopping
12-22 13:47:01.340 4071 4071 D WeatherUpdateService: onDestroy
12-22 13:47:01.397 3911 3916 I chatty : uid=10013(com.google.android.gms) Jit thread pool expire 11 lines
12-22 13:47:01.422 3296 4130 I ActivityManager: Start proc 4138:com.google.process.gapps/u0a13 for content provider com.google.android.gsf/.settings.GoogleSettingsProvider
12-22 13:47:01.471 3443 3443 I LatinIME: Timeout waiting for dictionary load
12-22 13:47:01.504 3926 4028 D MediaProvider: object removed 1506
12-22 13:47:01.509 3926 4028 D MediaProvider: object removed 1507
12-22 13:47:01.509 3926 4028 D MediaProvider: object removed 1508
12-22 13:47:01.517 3458 3458 W ResourceType: ResTable_typeSpec entry count inconsistent: given 1688, previously 1714
12-22 13:47:01.517 3458 3458 W ResourceType: ResTable_typeSpec entry count inconsistent: given 1260, previously 1262
12-22 13:47:01.526 3296 3296 D FileUtils: Deleted old file /data/system/syncmanager-log/synclog-2013-01-01.log
12-22 13:47:01.537 4138 4138 I chatty : uid=10013(com.google.android.gms) com.google.process.gapps expire 1 line
12-22 13:47:01.600 3911 4107 W PackageParser: Unknown element under : queries at /data/user_de/0/com.google.android.gms/app_chimera/m/00000010/AdsDynamite.apk Binary XML file line #5
12-22 13:47:01.620 3458 3458 W ResourceType: ResTable_typeSpec entry count inconsistent: given 2648, previously 2651
12-22 13:47:01.621 3458 3458 W ResourceType: ResTable_typeSpec entry count inconsistent: given 2731, previously 2736
12-22 13:47:01.688 3296 3312 W Binder : Outgoing transactions from this process must be FLAG_ONEWAY
12-22 13:47:01.688 3296 3312 W Binder : java.lang.Throwable
12-22 13:47:01.688 3296 3312 W Binder : at android.os.BinderProxy.transact(Binder.java:754)
12-22 13:47:01.688 3296 3312 W Binder : at com.android.internal.location.ILocationProvider$Stub$Proxy.getProperties(ILocationProvider.java:232)
12-22 13:47:01.688 3296 3312 W Binder : at com.android.server.location.LocationProviderProxy$1.run(LocationProviderProxy.java:119)
12-22 13:47:01.688 3296 3312 W Binder : at android.os.Handler.handleCallback(Handler.java:790)
12-22 13:47:01.688 3296 3312 W Binder : at android.os.Handler.dispatchMessage(Handler.java:99)
12-22 13:47:01.688 3296 3312 W Binder : at android.os.Looper.loop(Looper.java:164)
12-22 13:47:01.688 3296 3312 W Binder : at android.os.HandlerThread.run(HandlerThread.java:65)
12-22 13:47:01.693 3458 3458 W ResourceType: ResTable_typeSpec entry count inconsistent: given 921, previously 966
12-22 13:47:01.694 3458 3458 W ResourceType: ResTable_typeSpec entry count inconsistent: given 266, previously 311
12-22 13:47:01.695 3296 3312 W Binder : Outgoing transactions from this process must be FLAG_ONEWAY
12-22 13:47:01.695 3296 3312 W Binder : java.lang.Throwable
12-22 13:47:01.695 3296 3312 W Binder : at android.os.BinderProxy.transact(Binder.java:754)
12-22 13:47:01.695 3296 3312 W Binder : at com.android.internal.location.ILocationProvider$Stub$Proxy.getProperties(ILocationProvider.java:232)
12-22 13:47:01.695 3296 3312 W Binder : at com.android.server.location.LocationProviderProxy$1.run(LocationProviderProxy.java:119)
12-22 13:47:01.695 3296 3312 W Binder : at android.os.Handler.handleCallback(Handler.java:790)
12-22 13:47:01.695 3296 3312 W Binder : at android.os.Handler.dispatchMessage(Handler.java:99)
12-22 13:47:01.695 3296 3312 W Binder : at android.os.Looper.loop(Looper.java:164)
12-22 13:47:01.695 3296 3312 W Binder : at android.os.HandlerThread.run(HandlerThread.java:65)
12-22 13:47:01.718 3911 4107 W PackageParser: Unknown element under : queries at /data/user_de/0/com.google.android.gms/app_chimera/m/0000001a/dl-AdsFdrDynamite.integ_204204100000000.apk Binary XML file line #5
12-22 13:47:01.747 3296 3978 D ContextHubService: Added callback, total callbacks 1
12-22 13:47:01.771 3296 4130 D ContextHubService: System supports 0 hubs
12-22 13:47:01.845 3981 3981 I zygote : Deoptimizing void com.android.launcher3.BubbleTextView.(android.content.Context, android.util.AttributeSet, int) due to JIT inline cache
12-22 13:47:01.915 3911 4190 I chatty : uid=10013(com.google.android.gms) highpool[0] expire 45 lines
12-22 13:47:01.955 3296 4195 I RecoverySystem: No recovery log file
12-22 13:47:01.973 3296 4195 I BootReceiver: Copying audit failures to DropBox
12-22 13:47:01.973 3296 4195 I BootReceiver: Checking for fsck errors
12-22 13:47:01.974 3296 4195 I BootReceiver: fs_stat, partition:mmcblk0p2 stat:0x9
12-22 13:47:01.974 3296 4195 I BootReceiver: fs_stat, partition:mmcblk0p4 stat:0x1
12-22 13:47:01.974 3296 4195 I BootReceiver: fs_stat, partition:mmcblk0p3 stat:0x3
12-22 13:47:01.994 3296 3979 I ActivityManager: Start proc 4196:com.dailyroads.v.pro/u0a86 for broadcast com.dailyroads.v.pro/.BootReceiver
12-22 13:47:02.028 3981 4036 W ResourceType: ResTable_typeSpec entry count inconsistent: given 921, previously 966
12-22 13:47:02.029 3981 4036 W ResourceType: ResTable_typeSpec entry count inconsistent: given 266, previously 311
12-22 13:47:02.031 3911 4190 W PackageParser: Unknown element under : queries at /data/user_de/0/com.google.android.gms/app_chimera/m/00000010/AdsDynamite.apk Binary XML file line #5
12-22 13:47:02.032 3981 4036 W ResourceType: For resource 0x7f1103c0, entry index(960) is beyond type entryCount(921)
12-22 13:47:02.036 3981 4036 W ResourceType: For resource 0x7f1103bd, entry index(957) is beyond type entryCount(921)
12-22 13:47:02.068 3296 3976 I WifiService: getConnectionInfo uid=10013
12-22 13:47:02.098 3911 4190 W PackageParser: Unknown element under : queries at /data/user_de/0/com.google.android.gms/app_chimera/m/0000001a/dl-AdsFdrDynamite.integ_204204100000000.apk Binary XML file line #5
12-22 13:47:02.118 4196 4196 I MultiDex: VM with version 2.1.0 has multidex support
12-22 13:47:02.118 4196 4196 I MultiDex: Installing application
12-22 13:47:02.118 4196 4196 I MultiDex: VM has multidex support, MultiDex support library is disabled.
12-22 13:47:02.213 4196 4196 D NetworkSecurityConfig: No Network Security Config specified, using platform default
12-22 13:47:02.269 3911 4185 I chatty : uid=10013(com.google.android.gms) expire 1 line
12-22 13:47:02.279 4196 4196 I FIAM.Headless: Starting InAppMessaging runtime with Instance ID dyc0VKHD1lY
12-22 13:47:02.294 4196 4196 W Settings: Setting airplane_mode_on has moved from android.provider.Settings.System to android.provider.Settings.Global, returning read-only value.
12-22 13:47:02.310 4196 4196 D FirebaseApp: com.google.firebase.auth.FirebaseAuth is not linked. Skipping initialization.
12-22 13:47:02.311 4196 4196 D FirebaseApp: com.google.firebase.crash.FirebaseCrash is not linked. Skipping initialization.
12-22 13:47:02.311 4196 4196 I FirebaseInitProvider: FirebaseApp initialization successful
12-22 13:47:02.349 3911 4190 W PackageParser: Unknown element under : queries at /data/user_de/0/com.google.android.gms/app_chimera/m/00000010/AdsDynamite.apk Binary XML file line #5
12-22 13:47:02.408 3911 4190 W PackageParser: Unknown element under : queries at /data/user_de/0/com.google.android.gms/app_chimera/m/00000019/dl-AdsFdrDynamite.integ_204102000000000.apk Binary XML file line #5
12-22 13:47:02.421 3296 3306 I zygote : Background concurrent copying GC freed 43404(3MB) AllocSpace objects, 28(1340KB) LOS objects, 50% free, 8MB/17MB, paused 228us total 119.421ms
12-22 13:47:02.428 3296 3592 I ActivityManager: Start proc 4250:com.happyconz.blackbox/u0a83 for broadcast com.happyconz.blackbox/.recode.service.BootCompleteReceiver
12-22 13:47:02.455 3911 4190 W PackageParser: Unknown element under : queries at /data/user_de/0/com.google.android.gms/app_chimera/m/0000001a/dl-AdsFdrDynamite.integ_204204100000000.apk Binary XML file line #5
12-22 13:47:02.471 3296 4130 I WifiService: getWifiEnabledState uid=10013
12-22 13:47:02.476 3296 4130 I WifiService: isScanAlwaysAvailable uid=10013
12-22 13:47:02.486 3911 4267 I chatty : uid=10013(com.google.android.gms) lowpool[2] expire 1 line
12-22 13:47:02.541 3911 4234 I chatty : uid=10013(com.google.android.gms) lowpool[0] expire 3 lines
12-22 13:47:02.560 4196 4219 I FA : App measurement is starting up, version: 14710
12-22 13:47:02.560 4196 4219 I FA : To enable debug logging run: adb shell setprop log.tag.FA VERBOSE
12-22 13:47:02.560 4196 4219 I FA : To enable faster debug mode event logging run:
12-22 13:47:02.560 4196 4219 I FA : adb shell setprop debug.firebase.analytics.app com.dailyroads.v.pro
12-22 13:47:02.563 3761 3872 I chatty : uid=10013 com.google.android.gms.persistent expire 2 lines
12-22 13:47:02.639 4250 4250 I MultiDex: VM with version 2.1.0 has multidex support
12-22 13:47:02.639 4250 4250 I MultiDex: Installing application
12-22 13:47:02.639 4250 4250 I MultiDex: VM has multidex support, MultiDex support library is disabled.
12-22 13:47:02.661 3761 3771 I chatty : uid=10013(com.google.android.gms) FinalizerDaemon expire 1 line
12-22 13:47:02.717 4250 4285 W ResourceType: ResTable_typeSpec entry count inconsistent: given 67, previously 69
12-22 13:47:02.717 4250 4285 W ResourceType: ResTable_typeSpec entry count inconsistent: given 5399, previously 5400
12-22 13:47:02.742 4250 4285 V FA : Deferring to Google Analytics for Firebase for event data collection. https://goo.gl/J1sWQy
12-22 13:47:02.767 4250 4250 D FirebaseApp: com.google.firebase.auth.FirebaseAuth is not linked. Skipping initialization.
12-22 13:47:02.767 4250 4250 D FirebaseApp: com.google.firebase.crash.FirebaseCrash is not linked. Skipping initialization.
12-22 13:47:02.768 4250 4250 I FirebaseInitProvider: FirebaseApp initialization successful
12-22 13:47:02.779 4250 4285 W zygote : Unsupported class loader
12-22 13:47:02.795 4250 4285 W zygote : Skipping duplicate class check due to unsupported classloader
12-22 13:47:02.797 4250 4285 I DynamiteModule: Considering local module com.google.android.gms.ads.dynamite:0 and remote module com.google.android.gms.ads.dynamite:204204100
12-22 13:47:02.797 4250 4285 I DynamiteModule: Selected remote version of com.google.android.gms.ads.dynamite, version >= 204204100
12-22 13:47:02.798 4250 4285 V DynamiteModule: Dynamite loader version >= 2, using loadModule2NoCrashUtils
12-22 13:47:02.832 4250 4285 W zygote : Unsupported class loader
12-22 13:47:02.849 4250 4285 W zygote : Skipping duplicate class check due to unsupported classloader
12-22 13:47:02.860 3911 4190 W PackageParser: Unknown element under : queries at /data/user_de/0/com.google.android.gms/app_chimera/m/00000010/AdsDynamite.apk Binary XML file line #5
12-22 13:47:02.867 3911 4293 I chatty : uid=10013(com.google.android.gms) expire 3 lines
12-22 13:47:02.881 4250 4250 I DynamiteModule: Considering local module com.google.android.gms.ads.dynamite:0 and remote module com.google.android.gms.ads.dynamite:204204100
12-22 13:47:02.881 4250 4250 I DynamiteModule: Selected remote version of com.google.android.gms.ads.dynamite, version >= 204204100
12-22 13:47:02.886 4250 4250 D DynamitePackage: Instantiated singleton DynamitePackage.
12-22 13:47:02.886 4250 4250 D DynamitePackage: Instantiating com.google.android.gms.ads.ChimeraMobileAdsSettingManagerCreatorImpl
12-22 13:47:02.932 3911 4190 W PackageParser: Unknown element under : queries at /data/user_de/0/com.google.android.gms/app_chimera/m/0000001a/dl-AdsFdrDynamite.integ_204204100000000.apk Binary XML file line #5
12-22 13:47:03.021 3911 4188 I chatty : uid=10013(com.google.android.gms) expire 15 lines
12-22 13:47:03.110 4250 4295 I FA : App measurement is starting up, version: 15300
12-22 13:47:03.110 4250 4295 I FA : To enable debug logging run: adb shell setprop log.tag.FA VERBOSE
12-22 13:47:03.110 4250 4295 I FA : To enable faster debug mode event logging run:
12-22 13:47:03.110 4250 4295 I FA : adb shell setprop debug.firebase.analytics.app com.happyconz.blackbox
12-22 13:47:03.140 3761 4299 I chatty : uid=10013(com.google.android.gms) GCMWriter expire 5 lines
12-22 13:47:03.262 4250 4303 D NetworkSecurityConfig: No Network Security Config specified, using platform default
12-22 13:47:03.283 4250 4250 I Ads : Updating ad debug logging enablement.
12-22 13:47:03.460 4250 4250 I WebViewFactory: Loading com.android.webview version 86.0.4240.198 (code 424019800)
12-22 13:47:03.620 3761 4313 I chatty : uid=10013(com.google.android.gms) GoogleLocationS expire 3 lines
12-22 13:47:03.656 3761 3773 I chatty : uid=10013(com.google.android.gms) HeapTaskDaemon expire 2 lines
12-22 13:47:03.697 4250 4322 I cr_VariationsUtils: Failed reading seed file "/data/user/0/com.happyconz.blackbox/app_webview/variations_seed_new"
12-22 13:47:03.755 4250 4250 I cr_LibraryLoader: Loaded native library version number "86.0.4240.198"
12-22 13:47:03.763 4250 4250 I cr_CachingUmaRecorder: Flushed 5 samples from 5 histograms.
12-22 13:47:03.777 4071 4071 D WeatherUpdateService: onCreate
12-22 13:47:03.782 4071 4071 D WeatherUpdateService: Service started, but shouldn't update ... stopping
12-22 13:47:03.803 4250 4250 I cr_VariationsUtils: Loaded seed with age 11471s
12-22 13:47:03.807 4071 4071 D WeatherUpdateService: onDestroy
12-22 13:47:03.837 3296 3979 I Zygote : Process: zygote socket webview_zygote opened, supported ABIS: armeabi-v7a,armeabi
12-22 13:47:03.838 3296 3979 D WebViewZygote: Preloading package /system/app/webview/webview.apk /system/app/webview/lib/arm:/system/app/webview/webview.apk!/lib/armeabi-v7a
12-22 13:47:03.849 3296 3979 I Zygote : Process: zygote socket webview_zygote opened, supported ABIS: armeabi-v7a,armeabi
12-22 13:47:03.849 3494 3494 I WebViewZygoteInit: Beginning package preload
12-22 13:47:03.907 3494 3494 I WebViewZygoteInit: Package preload done
12-22 13:47:03.980 4329 4329 E /system/bin/webview_zygote32: Failed to make and chown /acct/uid_99000: Permission denied
12-22 13:47:03.980 4329 4329 E Zygote : createProcessGroup(99000, 0) failed: Permission denied
12-22 13:47:03.981 3296 3979 W ActivityManager: Slow operation: 156ms so far, now at startProcess: returned from zygote!
12-22 13:47:03.982 3296 3979 W ActivityManager: Slow operation: 156ms so far, now at startProcess: done updating battery stats
12-22 13:47:03.982 3296 3979 W ActivityManager: Slow operation: 157ms so far, now at startProcess: building log message
12-22 13:47:03.982 3296 3979 I ActivityManager: Start proc 4329:com.android.webview:sandboxed_process0/u0i0 for webview_service com.happyconz.blackbox/org.chromium.content.app.SandboxedProcessService0
12-22 13:47:03.982 3296 3979 W ActivityManager: Slow operation: 157ms so far, now at startProcess: starting to update pids map
12-22 13:47:03.983 3296 3979 W ActivityManager: Slow operation: 157ms so far, now at startProcess: done updating pids map
12-22 13:47:03.983 3296 3979 W ActivityManager: Slow operation: 160ms so far, now at startProcess: done starting proc!
12-22 13:47:03.985 3296 4191 W zygote : Long monitor contention with owner Binder:3296_9 (3979) at int com.android.server.am.ActivityManagerService.bindService(android.app.IApplicationThread, android.os.IBinder, android.content.Intent, java.lang.String, android.app.IServiceConnection, int, java.lang.String, int)(ActivityManagerService.java:18524) waiters=4 in int com.android.server.am.ActivityManagerService.broadcastIntent(android.app.IApplicationThread, android.content.Intent, java.lang.String, android.content.IIntentReceiver, int, java.lang.String, android.os.Bundle, java.lang.String[], int, android.os.Bundle, boolean, boolean, int) for 151ms
12-22 13:47:04.084 4347 4347 E asset : setgid: Operation not permitted
12-22 13:47:04.197 4329 4329 I cr_ChildProcessService: Creating new ChildProcessService pid=4329
12-22 13:47:04.249 3296 3306 I zygote : Background concurrent copying GC freed 16869(1092KB) AllocSpace objects, 6(312KB) LOS objects, 49% free, 8MB/17MB, paused 273us total 204.493ms
12-22 13:47:04.265 3761 4308 I chatty : uid=10013(com.google.android.gms) lowpool[3] expire 1 line
12-22 13:47:04.275 3761 4365 I chatty : uid=10013 com.google.android.gms.persistent expire 1 line
12-22 13:47:04.288 3761 3761 I chatty : uid=10013 com.google.android.gms.persistent expire 16 lines
12-22 13:47:04.389 3296 3307 I WifiService: getWifiEnabledState uid=10013
12-22 13:47:04.408 4250 4371 D vndksupport: Loading /vendor/lib/egl/libGLES_mali.so from current namespace instead of sphal namespace.
12-22 13:47:04.408 3911 4370 I chatty : uid=10013(com.google.android.gms) lowpool[3] expire 2 lines
12-22 13:47:04.425 4250 4353 E BluetoothAdapter: Bluetooth binder is null
12-22 13:47:04.436 4329 4359 I cr_LibraryLoader: Loaded native library version number "86.0.4240.198"
12-22 13:47:04.443 4329 4359 I cr_CachingUmaRecorder: Flushed 1 samples from 1 histograms.
12-22 13:47:04.447 4250 4371 D libEGL : loaded /vendor/lib/egl/libGLES_mali.so
12-22 13:47:04.478 4250 4250 I Crashlytics: Initializing Crashlytics 1.1.13.29
12-22 13:47:04.584 4250 4371 I : PLATFORM VERSION : JB-MR-2
12-22 13:47:04.584 4250 4371 D vndksupport: Loading /vendor/lib/hw/gralloc.exynos5.so from current namespace instead of sphal namespace.
12-22 13:47:04.593 4250 4371 I com.happyconz.blackbox: android::hardware::configstore::V1_0::ISurfaceFlingerConfigs::hasWideColorDisplay retrieved: 0
12-22 13:47:04.617 3926 4028 V MediaProvider: pruneThumbnails
12-22 13:47:04.622 3926 4028 V MediaProvider: /pruneDeadThumbnailFiles...
12-22 13:47:04.828 3296 3308 I ActivityManager: Start proc 4406:com.spotify.music/u0a27 for broadcast com.spotify.music/.features.preloadnotification.PreloadNotificationReceiver
12-22 13:47:04.940 4250 4250 I Choreographer: Skipped 30 frames! The application may be doing too much work on its main thread.
12-22 13:47:04.951 4250 4309 W Ads : Update ad debug logging enablement as false
12-22 13:47:04.992 4406 4406 W ResourceType: ResTable_typeSpec entry count inconsistent: given 1688, previously 1714
12-22 13:47:04.992 4406 4406 W ResourceType: ResTable_typeSpec entry count inconsistent: given 1260, previously 1262
12-22 13:47:05.267 3911 4194 I chatty : uid=10013(com.google.android.gms) GoogleApiHandle expire 6 lines
12-22 13:47:05.312 3296 4191 I WifiService: startScan uid=10013
12-22 13:47:05.353 4406 4434 W zygote : Unsupported class loader
12-22 13:47:05.356 4406 4434 W zygote : Skipping duplicate class check due to unsupported classloader
12-22 13:47:05.383 3296 3592 I WifiService: getWifiEnabledState uid=10013
12-22 13:47:05.384 3296 3592 I WifiService: getWifiEnabledState uid=10013
12-22 13:47:05.385 3296 3592 I WifiService: isScanAlwaysAvailable uid=10013
12-22 13:47:05.467 4406 4447 D libcrashlytics: Initializing libcrashlytics version 2.0.5
12-22 13:47:05.468 4406 4447 D libcrashlytics: Initializing native crash handling successful.
12-22 13:47:05.525 4406 4459 D NetworkSecurityConfig: Using Network Security Config from resource network_security_config debugBuild: false
12-22 13:47:05.555 4406 4443 I FA : App measurement initialized, version: 31049
12-22 13:47:05.555 4406 4443 I FA : To enable debug logging run: adb shell setprop log.tag.FA VERBOSE
12-22 13:47:05.555 4406 4443 I FA : To enable faster debug mode event logging run:
12-22 13:47:05.555 4406 4443 I FA : adb shell setprop debug.firebase.analytics.app com.spotify.music
12-22 13:47:05.972 4406 4406 W Java7Support: Unable to load JDK7 types (annotations, java.nio.file.Path): no Java7 support added
12-22 13:47:06.144 3926 4028 V MediaProvider: pruneThumbnails
12-22 13:47:06.147 3926 4028 V MediaProvider: /pruneDeadThumbnailFiles...
12-22 13:47:06.314 4406 4411 I zygote : Do partial code cache collection, code=28KB, data=21KB
12-22 13:47:06.315 4406 4411 I zygote : After code cache collection, code=27KB, data=21KB
12-22 13:47:06.315 4406 4411 I zygote : Increasing code cache capacity to 128KB
12-22 13:47:06.589 3296 3828 I ActivityManager: Start proc 4496:com.android.calendar/u0a41 for broadcast com.android.calendar/.alerts.AlertReceiver
12-22 13:47:06.765 4496 4496 D ExtensionsFactory: No custom extensions.
12-22 13:47:06.768 4406 4483 W ResourceType: No package identifier when getting value for resource number 0x00000000
12-22 13:47:06.775 4496 4496 D AlertReceiver: onReceive: a=android.intent.action.BOOT_COMPLETED Intent { act=android.intent.action.BOOT_COMPLETED flg=0x9000010 cmp=com.android.calendar/.alerts.AlertReceiver (has extras) }
12-22 13:47:06.787 4406 4524 W ResourceType: ResTable_typeSpec entry count inconsistent: given 67, previously 69
12-22 13:47:06.787 4406 4524 W ResourceType: ResTable_typeSpec entry count inconsistent: given 5399, previously 5400
12-22 13:47:06.816 3296 3979 I ActivityManager: Start proc 4528:com.android.contacts/u0a11 for broadcast com.android.contacts/.interactions.OnBootOrUpgradeReceiver
12-22 13:47:06.902 4496 4526 D AlertService: 0 Action = android.intent.action.BOOT_COMPLETED
12-22 13:47:06.916 4496 4526 D AlertService: Scheduling next alarm with AlarmScheduler. sEventReminderReceived: null
12-22 13:47:06.944 3296 3978 I ActivityManager: Start proc 4545:com.android.providers.calendar/u0a3 for content provider com.android.providers.calendar/.CalendarProvider2
12-22 13:47:07.003 3296 3308 I ActivityManager: Start proc 4561:android.process.acore/u0a0 for content provider com.android.providers.contacts/.ContactsProvider2
12-22 13:47:07.064 3711 3711 I AlarmClock: AlarmInitReceiver android.intent.action.BOOT_COMPLETED
12-22 13:47:07.103 3711 3754 I AlarmClock: Fixing alarm instances
12-22 13:47:07.126 4545 4545 I CalendarProvider2: Created com.android.providers.calendar.CalendarAlarmManager@70516ea(com.android.providers.calendar.CalendarProvider2@d223ddb)
12-22 13:47:07.132 3711 3754 V AlarmClock: AlarmInitReceiver finished
12-22 13:47:07.136 3296 3978 D AccountManagerService: Visibility was not initialized
12-22 13:47:07.168 3296 3979 I ActivityManager: Start proc 4578:com.android.email/u0a46 for broadcast com.android.email/.service.EmailBroadcastReceiver
12-22 13:47:07.217 4496 4526 D AlarmScheduler: Query result count for events starting within 1 week: 8
12-22 13:47:07.249 4561 4561 I ContactsPerf: VoicemailContentProvider.onCreate start
12-22 13:47:07.257 4561 4561 I ContactsPerf: VoicemailContentProvider.onCreate finish
12-22 13:47:07.274 4496 4526 D AlarmScheduler: Scheduling alarm for EVENT_REMINDER_APP broadcast for event 161 at 1608645001000 (Tue, Dec 22, 2020 02:50pm)
12-22 13:47:07.296 4561 4593 D ContactsDatabaseHelper: WAL enabled for contacts2.db: true
12-22 13:47:07.357 3296 3308 W Binder : Outgoing transactions from this process must be FLAG_ONEWAY
12-22 13:47:07.357 3296 3308 W Binder : java.lang.Throwable
12-22 13:47:07.357 3296 3308 W Binder : at android.os.BinderProxy.transact(Binder.java:754)
12-22 13:47:07.357 3296 3308 W Binder : at android.content.ContentProviderProxy.getType(ContentProviderNative.java:451)
12-22 13:47:07.357 3296 3308 W Binder : at com.android.server.am.ActivityManagerService.getProviderMimeType(ActivityManagerService.java:12359)
12-22 13:47:07.357 3296 3308 W Binder : at android.app.IActivityManager$Stub.onTransact(IActivityManager.java:1801)
12-22 13:47:07.357 3296 3308 W Binder : at com.android.server.am.ActivityManagerService.onTransact(ActivityManagerService.java:2990)
12-22 13:47:07.357 3296 3308 W Binder : at android.os.Binder.execTransact(Binder.java:697)
12-22 13:47:07.373 4561 4593 I ContactLocale: AddressBook Labels [[en_GB]]: […, A, B, C, D, E, F, G, H, I, J, K, L, M, N, O, P, Q, R, S, T, U, V, W, X, Y, Z, Α, Β, Γ, Δ, Ε, Ζ, Η, Θ, Ι, Κ, Λ, Μ, Ν, Ξ, Ο, Π, Ρ, Σ, Τ, Υ, Φ, Χ, Ψ, Ω, …, А, Б, В, Г, Д, Ђ, Е, Є, Ж, З, И, І, Й, Ј, К, Л, Љ, М, Н, Њ, О, П, Р, С, Т, Ћ, У, Ф, Х, Ц, Ч, Џ, Ш, Щ, Ю, Я, …, א, ב, ג, ד, ה, ו, ז, ח, ט, י, כ, ל, מ, נ, ס, ע, פ, צ, ק, ר, ש, ת, …, ا, ب, ت, ث, ج, ح, خ, د, ذ, ر, ز, س, ش, ص, ض, ط, ظ, ع, غ, ف, ق, ك, ل, م, ن, ه, و, ي, …, ก, ข, ฃ, ค, ฅ, ฆ, ง, จ, ฉ, ช, ซ, ฌ, ญ, ฎ, ฏ, ฐ, ฑ, ฒ, ณ, ด, ต, ถ, ท, ธ, น, บ, ป, ผ, ฝ, พ, ฟ, ภ, ม, ย, ร, ฤ, ล, ฦ, ว, ศ, ษ, ส, ห, ฬ, อ, ฮ, …, ㄱ, ㄴ, ㄷ, ㄹ, ㅁ, ㅂ, ㅅ, ㅇ, ㅈ, ㅊ, ㅋ, ㅌ, ㅍ, ㅎ, …, あ, か, さ, た, な, は, ま, や, ら, わ, #, …]
12-22 13:47:07.402 3296 3306 I zygote : Background concurrent copying GC freed 17409(1135KB) AllocSpace objects, 5(168KB) LOS objects, 49% free, 9MB/18MB, paused 216us total 172.360ms
12-22 13:47:07.404 4561 4593 D ContactsDatabaseHelper: WAL enabled for profile.db: false
12-22 13:47:07.432 3296 3592 I ActivityManager: Start proc 4599:com.android.exchange/u0a82 for service com.android.exchange/.service.EasService
12-22 13:47:07.441 4578 4604 D ActivityThread: Loading provider com.android.email.provider;com.android.email.notifier: com.android.email.provider.EmailProvider
12-22 13:47:07.449 4578 4605 D ActivityThread: Loading provider com.android.email.provider;com.android.email.notifier: com.android.email.provider.EmailProvider
12-22 13:47:07.453 4578 4612 D ActivityThread: Loading provider com.android.email.provider;com.android.email.notifier: com.android.email.provider.EmailProvider
12-22 13:47:07.497 3296 3478 W ActivityManager: Unable to start service Intent { cmp=com.android.email/.service.AttachmentService } U=0: not found
12-22 13:47:07.515 3296 3979 W ActivityManager: Unable to start service Intent { cmp=com.android.email/.service.AttachmentService } U=0: not found
12-22 13:47:07.521 4578 4620 I Email : Observing account changes for notifications
12-22 13:47:07.525 3296 3308 W ActivityManager: Unable to start service Intent { cmp=com.android.email/.service.AttachmentService } U=0: not found
12-22 13:47:07.566 3443 3443 I SystemBroadcastReceiver: Boot has been completed
12-22 13:47:07.566 3296 4191 W ActivityManager: Unable to start service Intent { cmp=com.android.email/.service.AttachmentService } U=0: not found
12-22 13:47:07.566 3443 3443 I SystemBroadcastReceiver: toggleAppIcon() : FLAG_SYSTEM = true
12-22 13:47:07.626 3296 4191 I ActivityManager: Start proc 4624:com.android.managedprovisioning/u0a18 for broadcast com.android.managedprovisioning/.preprovisioning.BootReminder
12-22 13:47:07.704 4599 4599 I Exchange: EasService.onCreate
12-22 13:47:07.722 4599 4639 I Exchange: RestartPingTask
12-22 13:47:07.805 4599 4599 I Exchange: RestartPingsTask did not start any pings.
12-22 13:47:07.806 4599 4599 I Exchange: PSS stopIfIdle
12-22 13:47:07.806 4599 4599 I Exchange: PSS has no active accounts; stopping service.
12-22 13:47:07.834 3296 3979 I ActivityManager: Start proc 4643:com.android.packageinstaller/u0a19 for broadcast com.android.packageinstaller/.TemporaryFileManager
12-22 13:47:07.855 4578 4578 E ActivityThread: Service com.android.email.service.EmailBroadcastProcessorService has leaked ServiceConnection com.android.emailcommon.service.ServiceProxy$ProxyConnection@db9d8f9 that was originally bound here
12-22 13:47:07.855 4578 4578 E ActivityThread: android.app.ServiceConnectionLeaked: Service com.android.email.service.EmailBroadcastProcessorService has leaked ServiceConnection com.android.emailcommon.service.ServiceProxy$ProxyConnection@db9d8f9 that was originally bound here
12-22 13:47:07.855 4578 4578 E ActivityThread: at android.app.LoadedApk$ServiceDispatcher.(LoadedApk.java:1532)
12-22 13:47:07.855 4578 4578 E ActivityThread: at android.app.LoadedApk.getServiceDispatcher(LoadedApk.java:1424)
12-22 13:47:07.855 4578 4578 E ActivityThread: at android.app.ContextImpl.bindServiceCommon(ContextImpl.java:1605)
12-22 13:47:07.855 4578 4578 E ActivityThread: at android.app.ContextImpl.bindService(ContextImpl.java:1557)
12-22 13:47:07.855 4578 4578 E ActivityThread: at android.content.ContextWrapper.bindService(ContextWrapper.java:684)
12-22 13:47:07.855 4578 4578 E ActivityThread: at com.android.emailcommon.service.ServiceProxy.setTask(ServiceProxy.java:189)
12-22 13:47:07.855 4578 4578 E ActivityThread: at com.android.emailcommon.service.ServiceProxy.test(ServiceProxy.java:234)
12-22 13:47:07.855 4578 4578 E ActivityThread: at com.android.email.service.EmailServiceUtils.isServiceAvailable(EmailServiceUtils.java:160)
12-22 13:47:07.855 4578 4578 E ActivityThread: at com.android.email.provider.AccountReconciler.reconcileAccountsInternal(AccountReconciler.java:171)
12-22 13:47:07.855 4578 4578 E ActivityThread: at com.android.email.provider.AccountReconciler.reconcileAccounts(AccountReconciler.java:115)
12-22 13:47:07.855 4578 4578 E ActivityThread: at com.android.email.service.EmailBroadcastProcessorService.reconcileAndStartServices(EmailBroadcastProcessorService.java:309)
12-22 13:47:07.855 4578 4578 E ActivityThread: at com.android.email.service.EmailBroadcastProcessorService.onBootCompleted(EmailBroadcastProcessorService.java:295)
12-22 13:47:07.855 4578 4578 E ActivityThread: at com.android.email.service.EmailBroadcastProcessorService.onHandleIntent(EmailBroadcastProcessorService.java:130)
12-22 13:47:07.855 4578 4578 E ActivityThread: at android.app.IntentService$ServiceHandler.handleMessage(IntentService.java:76)
12-22 13:47:07.855 4578 4578 E ActivityThread: at android.os.Handler.dispatchMessage(Handler.java:106)
12-22 13:47:07.855 4578 4578 E ActivityThread: at android.os.Looper.loop(Looper.java:164)
12-22 13:47:07.855 4578 4578 E ActivityThread: at android.os.HandlerThread.run(HandlerThread.java:65)
12-22 13:47:07.928 3926 4028 V MediaProvider: pruneThumbnails
12-22 13:47:07.933 3926 4028 V MediaProvider: /pruneDeadThumbnailFiles...
12-22 13:47:07.972 4578 4614 E EmailServiceProxy: RuntimeException when trying to unbind from service
12-22 13:47:07.972 4578 4614 E EmailServiceProxy: java.lang.IllegalArgumentException: Service not registered: com.android.emailcommon.service.ServiceProxy$ProxyConnection@db9d8f9
12-22 13:47:07.972 4578 4614 E EmailServiceProxy: at android.app.LoadedApk.forgetServiceDispatcher(LoadedApk.java:1484)
12-22 13:47:07.972 4578 4614 E EmailServiceProxy: at android.app.ContextImpl.unbindService(ContextImpl.java:1638)
12-22 13:47:07.972 4578 4614 E EmailServiceProxy: at android.content.ContextWrapper.unbindService(ContextWrapper.java:703)
12-22 13:47:07.972 4578 4614 E EmailServiceProxy: at com.android.emailcommon.service.ServiceProxy$ProxyConnection$1.doInBackground(ServiceProxy.java:126)
12-22 13:47:07.972 4578 4614 E EmailServiceProxy: at com.android.emailcommon.service.ServiceProxy$ProxyConnection$1.doInBackground(ServiceProxy.java:114)
12-22 13:47:07.972 4578 4614 E EmailServiceProxy: at android.os.AsyncTask$2.call(AsyncTask.java:333)
12-22 13:47:07.972 4578 4614 E EmailServiceProxy: at java.util.concurrent.FutureTask.run(FutureTask.java:266)
12-22 13:47:07.972 4578 4614 E EmailServiceProxy: at android.os.AsyncTask$SerialExecutor$1.run(AsyncTask.java:245)
12-22 13:47:07.972 4578 4614 E EmailServiceProxy: at java.util.concurrent.ThreadPoolExecutor.runWorker(ThreadPoolExecutor.java:1162)
12-22 13:47:07.972 4578 4614 E EmailServiceProxy: at java.util.concurrent.ThreadPoolExecutor$Worker.run(ThreadPoolExecutor.java:636)
12-22 13:47:07.972 4578 4614 E EmailServiceProxy: at java.lang.Thread.run(Thread.java:764)
12-22 13:47:08.003 4599 4599 I Exchange: onDestroy
12-22 13:47:08.304 3296 3592 I ActivityManager: Start proc 4660:com.android.vending/u0a20 for broadcast com.android.vending/com.google.android.finsky.boothandler.BootCompletedReceiver
12-22 13:47:08.554 4660 4660 I Finsky : [2] gkn.az(5): Process created at version: 23.1.30-21 [0] [PR] 346929339
12-22 13:47:08.633 3926 4659 W MediaScanner: Error opening directory '/oem/media/', skipping: No such file or directory.
12-22 13:47:08.656 3926 4659 V MediaProvider: pruneThumbnails
12-22 13:47:08.659 3926 4659 V MediaProvider: /pruneDeadThumbnailFiles...
12-22 13:47:08.924 4660 4681 I Finsky : [137] aafq.a(2): Started reading experiment flags from file [0tGUNCGIkbk4o6-fQ335kUYSKwVj4lusnHT-A5Dsy08].
12-22 13:47:08.932 4660 4681 I Finsky : [137] aafq.a(18): Finished reading experiment flags from file [0tGUNCGIkbk4o6-fQ335kUYSKwVj4lusnHT-A5Dsy08].
12-22 13:47:08.967 4660 4684 I Finsky : [139] aafq.a(2): Started reading experiment flags from file [-xv2pqWpJYbVFE2Q7cf-BRFsAySLtr4dgFJDZmoiRdE].
12-22 13:47:08.980 4660 4684 I Finsky : [139] aafq.a(18): Finished reading experiment flags from file [-xv2pqWpJYbVFE2Q7cf-BRFsAySLtr4dgFJDZmoiRdE].
